
--
-- Table structure for table `civicrm_price_field`
--

CREATE TABLE `civicrm_price_field` (
  `id` int(10) unsigned NOT NULL AUTO_INCREMENT COMMENT 'Price Field',
  `price_set_id` int(10) unsigned NOT NULL COMMENT 'FK to civicrm_price_set',
  `name` varchar(255) COLLATE utf8_unicode_ci NOT NULL COMMENT 'Variable name/programmatic handle for this field.',
  `label` varchar(255) COLLATE utf8_unicode_ci NOT NULL COMMENT 'Text for form field label (also friendly name for administering this field).',
  `html_type` varchar(12) COLLATE utf8_unicode_ci NOT NULL,
  `is_enter_qty` tinyint(4) DEFAULT '0' COMMENT 'Enter a quantity for this field?',
  `help_pre` text COLLATE utf8_unicode_ci COMMENT 'Description and/or help text to display before this field.',
  `help_post` text COLLATE utf8_unicode_ci COMMENT 'Description and/or help text to display after this field.',
  `weight` int(11) DEFAULT '1' COMMENT 'Order in which the fields should appear',
  `is_display_amounts` tinyint(4) DEFAULT '1' COMMENT 'Should the price be displayed next to the label for each option?',
  `options_per_line` int(10) unsigned DEFAULT '1' COMMENT 'number of options per line for checkbox and radio',
  `is_active` tinyint(4) DEFAULT '1' COMMENT 'Is this price field active',
  `is_required` tinyint(4) DEFAULT '1' COMMENT 'Is this price field required (value must be > 1)',
  `active_on` datetime DEFAULT NULL COMMENT 'If non-zero, do not show this field before the date specified',
  `expire_on` datetime DEFAULT NULL COMMENT 'If non-zero, do not show this field after the date specified',
  `javascript` varchar(255) COLLATE utf8_unicode_ci DEFAULT NULL COMMENT 'Optional scripting attributes for field',
  `visibility_id` int(10) unsigned DEFAULT '1' COMMENT 'Implicit FK to civicrm_option_group with name = ''visibility''',
  PRIMARY KEY (`id`),
  KEY `index_name` (`name`),
  KEY `FK_civicrm_price_field_price_set_id` (`price_set_id`),
  CONSTRAINT `FK_civicrm_price_field_price_set_id` FOREIGN KEY (`price_set_id`) REFERENCES `civicrm_price_set` (`id`)
) ENGINE=InnoDB AUTO_INCREMENT=10 DEFAULT CHARSET=utf8 COLLATE=utf8_unicode_ci;

--
-- Dumping data for table `civicrm_price_field`
--

INSERT INTO `civicrm_price_field` VALUES (1,1,'contribution_amount','Contribution Amount','Text',0,NULL,NULL,1,1,1,1,1,NULL,NULL,NULL,1),(2,2,'3','Membership Amount','Radio',0,NULL,NULL,1,0,1,1,0,NULL,NULL,NULL,1),(3,3,'membership_amount','Membership','Radio',0,NULL,NULL,1,1,1,1,1,NULL,NULL,NULL,1),(4,4,'membership_amount','Membership','Radio',0,NULL,NULL,1,1,1,1,1,NULL,NULL,NULL,1),(5,5,'membership_amount','Membership','Radio',0,NULL,NULL,1,1,1,1,0,NULL,NULL,NULL,1),(6,6,'membership_amount','Membership','Radio',0,NULL,NULL,1,1,1,1,1,NULL,NULL,NULL,1),(7,7,'membership_amount','Membership','Radio',0,NULL,NULL,1,1,1,1,1,NULL,NULL,NULL,1),(8,8,'membership_amount','Membership','Radio',0,NULL,NULL,1,1,1,1,1,NULL,NULL,NULL,1),(9,9,'membership_amount','Membership','Radio',0,NULL,NULL,1,1,1,1,1,NULL,NULL,NULL,1);

--
-- Table structure for table `civicrm_price_field_value`
--

CREATE TABLE `civicrm_price_field_value` (
  `id` int(10) unsigned NOT NULL AUTO_INCREMENT COMMENT 'Price Field Value',
  `price_field_id` int(10) unsigned NOT NULL COMMENT 'FK to civicrm_price_field',
  `name` varchar(255) COLLATE utf8_unicode_ci DEFAULT NULL COMMENT 'Price field option name',
  `label` varchar(255) COLLATE utf8_unicode_ci DEFAULT NULL COMMENT 'Price field option label',
  `description` text COLLATE utf8_unicode_ci COMMENT '>Price field option description.',
  `help_pre` text COLLATE utf8_unicode_ci COMMENT 'Price field option pre help text.',
  `help_post` text COLLATE utf8_unicode_ci COMMENT 'Price field option post field help.',
  `amount` decimal(18,9) NOT NULL COMMENT 'Price field option amount',
  `count` int(10) unsigned DEFAULT NULL COMMENT 'Number of participants per field option',
  `max_value` int(10) unsigned DEFAULT NULL COMMENT 'Max number of participants per field options',
  `weight` int(11) DEFAULT '1' COMMENT 'Order in which the field options should appear',
  `membership_type_id` int(10) unsigned DEFAULT NULL COMMENT 'FK to Membership Type',
  `membership_num_terms` int(10) unsigned DEFAULT NULL COMMENT 'Number of terms for this membership',
  `is_default` tinyint(4) DEFAULT '0' COMMENT 'Is this default price field option',
  `is_active` tinyint(4) DEFAULT '1' COMMENT 'Is this price field value active',
  `financial_type_id` int(10) unsigned DEFAULT NULL COMMENT 'FK to Financial Type.',
  `non_deductible_amount` decimal(20,2) NOT NULL DEFAULT '0.00' COMMENT 'Portion of total amount which is NOT tax deductible.',
  `visibility_id` int(10) unsigned DEFAULT '1' COMMENT 'Implicit FK to civicrm_option_group with name = ''visibility''',
  PRIMARY KEY (`id`),
  KEY `FK_civicrm_price_field_value_price_field_id` (`price_field_id`),
  KEY `FK_civicrm_price_field_value_membership_type_id` (`membership_type_id`),
  KEY `FK_civicrm_price_field_value_financial_type_id` (`financial_type_id`),
  CONSTRAINT `FK_civicrm_price_field_value_financial_type_id` FOREIGN KEY (`financial_type_id`) REFERENCES `civicrm_financial_type` (`id`) ON DELETE SET NULL,
  CONSTRAINT `FK_civicrm_price_field_value_membership_type_id` FOREIGN KEY (`membership_type_id`) REFERENCES `civicrm_membership_type` (`id`) ON DELETE SET NULL,
  CONSTRAINT `FK_civicrm_price_field_value_price_field_id` FOREIGN KEY (`price_field_id`) REFERENCES `civicrm_price_field` (`id`)
) ENGINE=InnoDB AUTO_INCREMENT=22 DEFAULT CHARSET=utf8 COLLATE=utf8_unicode_ci;

--
-- Dumping data for table `civicrm_price_field_value`
--

INSERT INTO `civicrm_price_field_value` VALUES (1,1,'contribution_amount','Contribution Amount',NULL,NULL,NULL,1.000000000,NULL,NULL,1,NULL,NULL,0,1,1,0.00,1),(2,2,'Student_for_trial_','Student(for trial)','Available to full-time students under 25.',NULL,NULL,0.000000000,NULL,NULL,1,1,1,0,1,2,0.00,1),(3,2,'Individual Member','Individual Member','A standard branch membership for one person.',NULL,NULL,50.000000000,NULL,NULL,1,2,NULL,0,1,2,0.00,1),(4,2,'Institution','Institution','For groups and organizations.',NULL,NULL,50.000000000,NULL,NULL,1,3,NULL,0,1,2,0.00,1),(5,2,'Family','Family','Family members at the same residential address',NULL,NULL,65.000000000,NULL,NULL,1,4,NULL,0,1,2,0.00,1),(6,2,'Secondary','Secondary','Available to persons who are primary members of another branch.',NULL,NULL,10.000000000,NULL,NULL,1,5,NULL,0,1,2,0.00,1),(7,3,'Student_for_trial_','Student(for trial)','Available to full-time students under 25.',NULL,NULL,0.000000000,NULL,NULL,1,1,1,0,1,2,0.00,1),(8,3,'Individual_Member','Individual Member','A standard branch membership for one person.',NULL,NULL,50.000000000,NULL,NULL,2,2,1,0,1,2,0.00,1),(9,3,'Institution','Institution','For groups and organizations.',NULL,NULL,50.000000000,NULL,NULL,3,3,1,0,1,2,0.00,1),(10,3,'Family','Family','Family members at the same residential address',NULL,NULL,65.000000000,NULL,NULL,4,4,1,0,1,2,0.00,1),(11,3,'Secondary','Secondary','Available to persons who are primary members of another branch.',NULL,NULL,10.000000000,NULL,NULL,5,5,1,0,1,2,0.00,1),(12,4,'Student_for_trial_','Student(for trial)','Available to full-time students under 25.',NULL,NULL,0.000000000,NULL,NULL,1,1,1,0,1,2,0.00,1),(13,5,'Student_for_trial_','Student(for trial)','Available to full-time students under 25.',NULL,NULL,0.000000000,NULL,NULL,1,1,1,1,1,2,0.00,1),(14,6,'Student_for_trial_','Student(for trial)','Available to full-time students under 25.',NULL,NULL,0.000000000,NULL,NULL,1,1,1,0,0,2,0.00,1),(15,7,'Student_for_trial_','Student(for trial)','Available to full-time students under 25.',NULL,NULL,0.000000000,NULL,NULL,1,1,1,0,0,2,0.00,1),(16,8,'Student_for_trial_','Student(for trial)','Available to full-time students under 25.',NULL,NULL,0.000000000,NULL,NULL,1,1,1,0,0,2,0.00,1),(17,9,'Student_for_trial_','Student(for trial)','Available to full-time students under 25.',NULL,NULL,0.000000000,NULL,NULL,1,1,1,0,0,2,0.00,1),(18,6,'Individual_Member','Individual Member','A standard branch membership for one person.',NULL,NULL,50.000000000,NULL,NULL,2,2,1,1,1,2,0.00,1),(19,7,'Institution','Institution','For groups and organizations.',NULL,NULL,50.000000000,NULL,NULL,3,3,1,1,1,2,0.00,1),(20,8,'Family','Family','Family members at the same residential address',NULL,NULL,65.000000000,NULL,NULL,4,4,1,1,1,2,0.00,1),(21,9,'Secondary','Secondary','Available to persons who are primary members of another branch.',NULL,NULL,10.000000000,NULL,NULL,5,5,1,1,1,2,0.00,1);

--
-- Table structure for table `civicrm_price_set`
--

CREATE TABLE `civicrm_price_set` (
  `id` int(10) unsigned NOT NULL AUTO_INCREMENT COMMENT 'Price Set',
  `domain_id` int(10) unsigned DEFAULT NULL COMMENT 'Which Domain is this price-set for',
  `name` varchar(255) COLLATE utf8_unicode_ci NOT NULL COMMENT 'Variable name/programmatic handle for this set of price fields.',
  `title` varchar(255) COLLATE utf8_unicode_ci NOT NULL COMMENT 'Displayed title for the Price Set.',
  `is_active` tinyint(4) DEFAULT '1' COMMENT 'Is this price set active',
  `help_pre` text COLLATE utf8_unicode_ci COMMENT 'Description and/or help text to display before fields in form.',
  `help_post` text COLLATE utf8_unicode_ci COMMENT 'Description and/or help text to display after fields in form.',
  `javascript` varchar(64) COLLATE utf8_unicode_ci DEFAULT NULL COMMENT 'Optional Javascript script function(s) included on the form with this price_set. Can be used for conditional',
  `extends` varchar(255) COLLATE utf8_unicode_ci NOT NULL COMMENT 'What components are using this price set?',
  `financial_type_id` int(10) unsigned DEFAULT NULL COMMENT 'FK to Financial Type(for membership price sets only).',
  `is_quick_config` tinyint(4) DEFAULT '0' COMMENT 'Is set if edited on Contribution or Event Page rather than through Manage Price Sets',
  `is_reserved` tinyint(4) DEFAULT '0' COMMENT 'Is this a predefined system price set  (i.e. it can not be deleted, edited)?',
  `min_amount` int(10) unsigned DEFAULT '0' COMMENT 'Minimum Amount required for this set.',
  PRIMARY KEY (`id`),
  UNIQUE KEY `UI_name` (`name`),
  KEY `FK_civicrm_price_set_domain_id` (`domain_id`),
  KEY `FK_civicrm_price_set_financial_type_id` (`financial_type_id`),
  CONSTRAINT `FK_civicrm_price_set_domain_id` FOREIGN KEY (`domain_id`) REFERENCES `civicrm_domain` (`id`),
  CONSTRAINT `FK_civicrm_price_set_financial_type_id` FOREIGN KEY (`financial_type_id`) REFERENCES `civicrm_financial_type` (`id`) ON DELETE SET NULL
) ENGINE=InnoDB AUTO_INCREMENT=10 DEFAULT CHARSET=utf8 COLLATE=utf8_unicode_ci;

--
-- Dumping data for table `civicrm_price_set`
--

INSERT INTO `civicrm_price_set` VALUES (1,NULL,'default_contribution_amount','Contribution Amount',1,NULL,NULL,NULL,'2',NULL,1,1,0),(2,NULL,'default_membership_type_amount','Membership Amount',1,NULL,NULL,NULL,'3',2,1,1,0),(3,NULL,'membership_signup','Membership signup',1,NULL,NULL,NULL,'3',2,1,0,0),(4,NULL,'membership_signup_2','Membership signup',1,NULL,NULL,NULL,'3',2,1,0,0),(5,NULL,'membership_signup_1735953','Membership signup',1,NULL,NULL,NULL,'3',2,1,0,0),(6,NULL,'membership_signup_17price_set_6','Membership signup [Copy id 6]',1,NULL,NULL,NULL,'3',2,1,0,0),(7,NULL,'membership_signup_17price_set_7','Membership signup [Copy id 7]',1,NULL,NULL,NULL,'3',2,1,0,0),(8,NULL,'membership_signup_17price_set_8','Membership signup [Copy id 8]',1,NULL,NULL,NULL,'3',2,1,0,0),(9,NULL,'membership_signup_17price_set_9','Membership signup [Copy id 9]',1,NULL,NULL,NULL,'3',2,1,0,0);

--
-- Table structure for table `civicrm_price_set_entity`
--

CREATE TABLE `civicrm_price_set_entity` (
  `id` int(10) unsigned NOT NULL AUTO_INCREMENT COMMENT 'Price Set Entity',
  `entity_table` varchar(64) COLLATE utf8_unicode_ci NOT NULL COMMENT 'Table which uses this price set',
  `entity_id` int(10) unsigned NOT NULL COMMENT 'Item in table',
  `price_set_id` int(10) unsigned NOT NULL COMMENT 'price set being used',
  PRIMARY KEY (`id`),
  UNIQUE KEY `UI_entity` (`entity_table`,`entity_id`),
  KEY `FK_civicrm_price_set_entity_price_set_id` (`price_set_id`),
  CONSTRAINT `FK_civicrm_price_set_entity_price_set_id` FOREIGN KEY (`price_set_id`) REFERENCES `civicrm_price_set` (`id`)
) ENGINE=InnoDB AUTO_INCREMENT=7 DEFAULT CHARSET=utf8 COLLATE=utf8_unicode_ci;

--
-- Dumping data for table `civicrm_price_set_entity`
--

INSERT INTO `civicrm_price_set_entity` VALUES (1,'civicrm_contribution_page',1,3),(2,'civicrm_contribution_page',2,5),(3,'civicrm_contribution_page',3,6),(4,'civicrm_contribution_page',4,7),(5,'civicrm_contribution_page',5,8),(6,'civicrm_contribution_page',6,9);

--
-- Table structure for table `civicrm_print_label`
--

CREATE TABLE `civicrm_print_label` (
  `id` int(10) unsigned NOT NULL AUTO_INCREMENT,
  `title` varchar(255) COLLATE utf8_unicode_ci DEFAULT NULL COMMENT 'User title for for this label layout',
  `name` varchar(255) COLLATE utf8_unicode_ci DEFAULT NULL COMMENT 'variable name/programmatic handle for this field.',
  `description` text COLLATE utf8_unicode_ci COMMENT 'Description of this label layout',
  `label_format_name` varchar(255) COLLATE utf8_unicode_ci DEFAULT NULL COMMENT 'This refers to name column of civicrm_option_value row in name_badge option group',
  `label_type_id` int(10) unsigned DEFAULT NULL COMMENT 'Implicit FK to civicrm_option_value row in NEW label_type option group',
  `data` longtext COLLATE utf8_unicode_ci COMMENT 'contains json encode configurations options',
  `is_default` tinyint(4) DEFAULT '1' COMMENT 'Is this default?',
  `is_active` tinyint(4) DEFAULT '1' COMMENT 'Is this option active?',
  `is_reserved` tinyint(4) DEFAULT '1' COMMENT 'Is this reserved label?',
  `created_id` int(10) unsigned DEFAULT NULL COMMENT 'FK to civicrm_contact, who created this label layout',
  PRIMARY KEY (`id`),
  KEY `FK_civicrm_print_label_created_id` (`created_id`),
  CONSTRAINT `FK_civicrm_print_label_created_id` FOREIGN KEY (`created_id`) REFERENCES `civicrm_contact` (`id`) ON DELETE SET NULL
) ENGINE=InnoDB AUTO_INCREMENT=2 DEFAULT CHARSET=utf8 COLLATE=utf8_unicode_ci;

--
-- Dumping data for table `civicrm_print_label`
--

INSERT INTO `civicrm_print_label` VALUES (1,'Annual Conference Hanging Badge (Avery 5395)','Annual_Conference_Hanging_Badge','For our annual conference','Avery 5395',1,'{\"title\":\"Annual Conference Hanging Badge (Avery 5395)\",\"label_format_name\":\"Avery 5395\",\"description\":\"For our annual conference\",\"token\":{\"1\":\"{event.title}\",\"2\":\"{contact.display_name}\",\"3\":\"{contact.current_employer}\",\"4\":\"{event.start_date}\"},\"font_name\":{\"1\":\"dejavusans\",\"2\":\"dejavusans\",\"3\":\"dejavusans\",\"4\":\"dejavusans\"},\"font_size\":{\"1\":\"9\",\"2\":\"20\",\"3\":\"15\",\"4\":\"9\"},\"font_style\":{\"1\":\"\",\"2\":\"\",\"3\":\"\",\"4\":\"\"},\"text_alignment\":{\"1\":\"L\",\"2\":\"C\",\"3\":\"C\",\"4\":\"R\"},\"barcode_type\":\"barcode\",\"barcode_alignment\":\"R\",\"image_1\":\"\",\"image_2\":\"\",\"is_default\":\"1\",\"is_active\":\"1\",\"is_reserved\":\"1\",\"_qf_default\":\"Layout:next\",\"_qf_Layout_refresh\":\"Save and Preview\"}',1,1,1,NULL);

--
-- Table structure for table `civicrm_product`
--

CREATE TABLE `civicrm_product` (
  `id` int(10) unsigned NOT NULL AUTO_INCREMENT,
  `name` varchar(255) COLLATE utf8_unicode_ci NOT NULL COMMENT 'Required product/premium name',
  `description` text COLLATE utf8_unicode_ci COMMENT 'Optional description of the product/premium.',
  `sku` varchar(50) COLLATE utf8_unicode_ci DEFAULT NULL COMMENT 'Optional product sku or code.',
  `options` text COLLATE utf8_unicode_ci COMMENT 'Store comma-delimited list of color, size, etc. options for the product.',
  `image` varchar(255) COLLATE utf8_unicode_ci DEFAULT NULL COMMENT 'Full or relative URL to uploaded image - fullsize.',
  `thumbnail` varchar(255) COLLATE utf8_unicode_ci DEFAULT NULL COMMENT 'Full or relative URL to image thumbnail.',
  `price` decimal(20,2) DEFAULT NULL COMMENT 'Sell price or market value for premiums. For tax-deductible contributions, this will be stored as non_deductible_amount in the contribution record.',
  `currency` varchar(3) COLLATE utf8_unicode_ci DEFAULT NULL COMMENT '3 character string, value from config setting or input via user.',
  `financial_type_id` int(10) unsigned DEFAULT NULL COMMENT 'FK to Financial Type.',
  `min_contribution` decimal(20,2) DEFAULT NULL COMMENT 'Minimum contribution required to be eligible to select this premium.',
  `cost` decimal(20,2) DEFAULT NULL COMMENT 'Actual cost of this product. Useful to determine net return from sale or using this as an incentive.',
  `is_active` tinyint(4) NOT NULL COMMENT 'Disabling premium removes it from the premiums_premium join table below.',
  `period_type` varchar(8) COLLATE utf8_unicode_ci DEFAULT 'rolling' COMMENT 'Rolling means we set start/end based on current day, fixed means we set start/end for current year or month\n      (e.g. 1 year + fixed -> we would set start/end for 1/1/06 thru 12/31/06 for any premium chosen in 2006) ',
  `fixed_period_start_day` int(11) DEFAULT '101' COMMENT 'Month and day (MMDD) that fixed period type subscription or membership starts.',
  `duration_unit` varchar(8) COLLATE utf8_unicode_ci DEFAULT 'year',
  `duration_interval` int(11) DEFAULT NULL COMMENT 'Number of units for total duration of subscription, service, membership (e.g. 12 Months).',
  `frequency_unit` varchar(8) COLLATE utf8_unicode_ci DEFAULT 'month' COMMENT 'Frequency unit and interval allow option to store actual delivery frequency for a subscription or service.',
  `frequency_interval` int(11) DEFAULT NULL COMMENT 'Number of units for delivery frequency of subscription, service, membership (e.g. every 3 Months).',
  PRIMARY KEY (`id`),
  KEY `FK_civicrm_product_financial_type_id` (`financial_type_id`),
  CONSTRAINT `FK_civicrm_product_financial_type_id` FOREIGN KEY (`financial_type_id`) REFERENCES `civicrm_financial_type` (`id`) ON DELETE SET NULL
) ENGINE=InnoDB DEFAULT CHARSET=utf8 COLLATE=utf8_unicode_ci;

--
-- Dumping data for table `civicrm_product`
--


--
-- Table structure for table `civicrm_queue_item`
--

CREATE TABLE `civicrm_queue_item` (
  `id` int(10) unsigned NOT NULL AUTO_INCREMENT,
  `queue_name` varchar(64) COLLATE utf8_unicode_ci NOT NULL COMMENT 'Name of the queue which includes this item',
  `weight` int(11) NOT NULL,
  `submit_time` datetime NOT NULL COMMENT 'date on which this item was submitted to the queue',
  `release_time` datetime DEFAULT NULL COMMENT 'date on which this job becomes available; null if ASAP',
  `data` text COLLATE utf8_unicode_ci COMMENT 'Serialized queue data',
  PRIMARY KEY (`id`),
  KEY `index_queueids` (`queue_name`,`weight`,`id`)
) ENGINE=InnoDB DEFAULT CHARSET=utf8 COLLATE=utf8_unicode_ci;

--
-- Dumping data for table `civicrm_queue_item`
--


--
-- Table structure for table `civicrm_recurring_entity`
--

CREATE TABLE `civicrm_recurring_entity` (
  `id` int(10) unsigned NOT NULL AUTO_INCREMENT,
  `parent_id` int(10) unsigned NOT NULL COMMENT 'Recurring Entity Parent ID',
  `entity_id` int(10) unsigned DEFAULT NULL COMMENT 'Recurring Entity Child ID',
  `entity_table` varchar(64) COLLATE utf8_unicode_ci NOT NULL COMMENT 'Physical tablename for entity, e.g. civicrm_event',
  `mode` tinyint(4) NOT NULL DEFAULT '1' COMMENT '1-this entity, 2-this and the following entities, 3-all the entities',
  PRIMARY KEY (`id`)
) ENGINE=InnoDB DEFAULT CHARSET=utf8 COLLATE=utf8_unicode_ci;

--
-- Dumping data for table `civicrm_recurring_entity`
--


--
-- Table structure for table `civicrm_relationship`
--

CREATE TABLE `civicrm_relationship` (
  `id` int(10) unsigned NOT NULL AUTO_INCREMENT COMMENT 'Relationship ID',
  `contact_id_a` int(10) unsigned NOT NULL COMMENT 'id of the first contact',
  `contact_id_b` int(10) unsigned NOT NULL COMMENT 'id of the second contact',
  `relationship_type_id` int(10) unsigned NOT NULL COMMENT 'id of the relationship',
  `start_date` date DEFAULT NULL COMMENT 'date when the relationship started',
  `end_date` date DEFAULT NULL COMMENT 'date when the relationship ended',
  `is_active` tinyint(4) DEFAULT '1' COMMENT 'is the relationship active ?',
  `description` varchar(255) COLLATE utf8_unicode_ci DEFAULT NULL COMMENT 'Optional verbose description for the relationship.',
  `is_permission_a_b` tinyint(4) DEFAULT '0' COMMENT 'is contact a has permission to view / edit contact and\n      related data for contact b ?\n    ',
  `is_permission_b_a` tinyint(4) DEFAULT '0' COMMENT 'is contact b has permission to view / edit contact and\n      related data for contact a ?\n    ',
  `case_id` int(10) unsigned DEFAULT NULL COMMENT 'FK to civicrm_case',
  PRIMARY KEY (`id`),
  KEY `FK_civicrm_relationship_contact_id_a` (`contact_id_a`),
  KEY `FK_civicrm_relationship_contact_id_b` (`contact_id_b`),
  KEY `FK_civicrm_relationship_relationship_type_id` (`relationship_type_id`),
  KEY `FK_civicrm_relationship_case_id` (`case_id`),
  CONSTRAINT `FK_civicrm_relationship_case_id` FOREIGN KEY (`case_id`) REFERENCES `civicrm_case` (`id`) ON DELETE CASCADE,
  CONSTRAINT `FK_civicrm_relationship_contact_id_a` FOREIGN KEY (`contact_id_a`) REFERENCES `civicrm_contact` (`id`) ON DELETE CASCADE,
  CONSTRAINT `FK_civicrm_relationship_contact_id_b` FOREIGN KEY (`contact_id_b`) REFERENCES `civicrm_contact` (`id`) ON DELETE CASCADE,
  CONSTRAINT `FK_civicrm_relationship_relationship_type_id` FOREIGN KEY (`relationship_type_id`) REFERENCES `civicrm_relationship_type` (`id`) ON DELETE CASCADE
) ENGINE=InnoDB DEFAULT CHARSET=utf8 COLLATE=utf8_unicode_ci;

--
-- Dumping data for table `civicrm_relationship`
--


--
-- Table structure for table `civicrm_relationship_type`
--

CREATE TABLE `civicrm_relationship_type` (
  `id` int(10) unsigned NOT NULL AUTO_INCREMENT COMMENT 'Primary key',
  `name_a_b` varchar(64) COLLATE utf8_unicode_ci DEFAULT NULL COMMENT 'name for relationship of contact_a to contact_b.',
  `label_a_b` varchar(64) COLLATE utf8_unicode_ci DEFAULT NULL COMMENT 'label for relationship of contact_a to contact_b.',
  `name_b_a` varchar(64) COLLATE utf8_unicode_ci DEFAULT NULL COMMENT 'Optional name for relationship of contact_b to contact_a.',
  `label_b_a` varchar(64) COLLATE utf8_unicode_ci DEFAULT NULL COMMENT 'Optional label for relationship of contact_b to contact_a.',
  `description` varchar(255) COLLATE utf8_unicode_ci DEFAULT NULL COMMENT 'Optional verbose description of the relationship type.',
  `contact_type_a` varchar(12) COLLATE utf8_unicode_ci DEFAULT NULL COMMENT 'If defined, contact_a in a relationship of this type must be a specific contact_type.',
  `contact_type_b` varchar(12) COLLATE utf8_unicode_ci DEFAULT NULL COMMENT 'If defined, contact_b in a relationship of this type must be a specific contact_type.',
  `contact_sub_type_a` varchar(64) COLLATE utf8_unicode_ci DEFAULT NULL COMMENT 'If defined, contact_sub_type_a in a relationship of this type must be a specific contact_sub_type.\n    ',
  `contact_sub_type_b` varchar(64) COLLATE utf8_unicode_ci DEFAULT NULL COMMENT 'If defined, contact_sub_type_b in a relationship of this type must be a specific contact_sub_type.\n    ',
  `is_reserved` tinyint(4) DEFAULT NULL COMMENT 'Is this relationship type a predefined system type (can not be changed or de-activated)?',
  `is_active` tinyint(4) DEFAULT '1' COMMENT 'Is this relationship type currently active (i.e. can be used when creating or editing relationships)?\n    ',
  PRIMARY KEY (`id`),
  UNIQUE KEY `UI_name_a_b` (`name_a_b`),
  UNIQUE KEY `UI_name_b_a` (`name_b_a`)
) ENGINE=InnoDB AUTO_INCREMENT=11 DEFAULT CHARSET=utf8 COLLATE=utf8_unicode_ci;

--
-- Dumping data for table `civicrm_relationship_type`
--

INSERT INTO `civicrm_relationship_type` VALUES (1,'Child of','Child of','Parent of','Parent of','Parent/child relationship.','Individual','Individual',NULL,NULL,0,1),(2,'Spouse of','Spouse of','Spouse of','Spouse of','Spousal relationship.','Individual','Individual',NULL,NULL,0,1),(3,'Partner of','Partner of','Partner of','Partner of','Partner relationship.','Individual','Individual',NULL,NULL,0,1),(4,'Sibling of','Sibling of','Sibling of','Sibling of','Sibling relationship.','Individual','Individual',NULL,NULL,0,1),(5,'Employee of','Employee of','Employer of','Employer of','Employment relationship.','Individual','Organization',NULL,NULL,1,1),(6,'Volunteer for','Volunteer for','Volunteer is','Volunteer is','Volunteer relationship.','Individual','Organization',NULL,NULL,0,1),(7,'Head of Household for','Head of Household for','Head of Household is','Head of Household is','Head of household.','Individual','Household',NULL,NULL,1,1),(8,'Household Member of','Household Member of','Household Member is','Household Member is','Household membership.','Individual','Household',NULL,NULL,1,1),(9,'Case Coordinator is','Case Coordinator is','Case Coordinator','Case Coordinator','Case Coordinator','Individual','Individual',NULL,NULL,0,1),(10,'Supervised by','Supervised by','Supervisor','Supervisor','Immediate workplace supervisor','Individual','Individual',NULL,NULL,0,1);

--
-- Table structure for table `civicrm_report_instance`
--

CREATE TABLE `civicrm_report_instance` (
  `id` int(10) unsigned NOT NULL AUTO_INCREMENT COMMENT 'Report Instance ID',
  `domain_id` int(10) unsigned NOT NULL COMMENT 'Which Domain is this instance for',
  `title` varchar(255) COLLATE utf8_unicode_ci DEFAULT NULL COMMENT 'Report Instance Title.',
  `report_id` varchar(512) COLLATE utf8_unicode_ci NOT NULL COMMENT 'FK to civicrm_option_value for the report template',
  `name` varchar(255) COLLATE utf8_unicode_ci DEFAULT NULL COMMENT 'when combined with report_id/template uniquely identifies the instance',
  `args` varchar(255) COLLATE utf8_unicode_ci DEFAULT NULL COMMENT 'arguments that are passed in the url when invoking the instance',
  `description` varchar(255) COLLATE utf8_unicode_ci DEFAULT NULL COMMENT 'Report Instance description.',
  `permission` varchar(255) COLLATE utf8_unicode_ci DEFAULT NULL COMMENT 'permission required to be able to run this instance',
  `grouprole` varchar(1024) COLLATE utf8_unicode_ci DEFAULT NULL COMMENT 'role required to be able to run this instance',
  `form_values` text COLLATE utf8_unicode_ci COMMENT 'Submitted form values for this report',
  `is_active` tinyint(4) DEFAULT NULL COMMENT 'Is this entry active?',
  `created_id` int(10) unsigned DEFAULT NULL COMMENT 'FK to contact table.',
  `owner_id` int(10) unsigned DEFAULT NULL COMMENT 'FK to contact table.',
  `email_subject` varchar(255) COLLATE utf8_unicode_ci DEFAULT NULL COMMENT 'Subject of email',
  `email_to` text COLLATE utf8_unicode_ci COMMENT 'comma-separated list of email addresses to send the report to',
  `email_cc` text COLLATE utf8_unicode_ci COMMENT 'comma-separated list of email addresses to send the report to',
  `header` text COLLATE utf8_unicode_ci COMMENT 'comma-separated list of email addresses to send the report to',
  `footer` text COLLATE utf8_unicode_ci COMMENT 'comma-separated list of email addresses to send the report to',
  `navigation_id` int(10) unsigned DEFAULT NULL COMMENT 'FK to navigation ID',
  `drilldown_id` int(10) unsigned DEFAULT NULL COMMENT 'FK to instance ID drilldown to',
  `is_reserved` tinyint(4) DEFAULT '0',
  PRIMARY KEY (`id`),
  KEY `FK_civicrm_report_instance_domain_id` (`domain_id`),
  KEY `FK_civicrm_report_instance_created_id` (`created_id`),
  KEY `FK_civicrm_report_instance_owner_id` (`owner_id`),
  KEY `FK_civicrm_report_instance_navigation_id` (`navigation_id`),
  KEY `FK_civicrm_report_instance_drilldown_id` (`drilldown_id`),
  CONSTRAINT `FK_civicrm_report_instance_created_id` FOREIGN KEY (`created_id`) REFERENCES `civicrm_contact` (`id`) ON DELETE SET NULL,
  CONSTRAINT `FK_civicrm_report_instance_domain_id` FOREIGN KEY (`domain_id`) REFERENCES `civicrm_domain` (`id`),
  CONSTRAINT `FK_civicrm_report_instance_drilldown_id` FOREIGN KEY (`drilldown_id`) REFERENCES `civicrm_report_instance` (`id`) ON DELETE SET NULL,
  CONSTRAINT `FK_civicrm_report_instance_navigation_id` FOREIGN KEY (`navigation_id`) REFERENCES `civicrm_navigation` (`id`) ON DELETE SET NULL,
  CONSTRAINT `FK_civicrm_report_instance_owner_id` FOREIGN KEY (`owner_id`) REFERENCES `civicrm_contact` (`id`) ON DELETE SET NULL
) ENGINE=InnoDB AUTO_INCREMENT=38 DEFAULT CHARSET=utf8 COLLATE=utf8_unicode_ci;

--
-- Dumping data for table `civicrm_report_instance`
--

INSERT INTO `civicrm_report_instance` VALUES (1,1,'Constituent Summary','contact/summary',NULL,NULL,'Provides a list of address and telephone information for constituent records in your system.','view all contacts',NULL,'a:31:{s:6:\"fields\";a:4:{s:9:\"sort_name\";s:1:\"1\";s:14:\"street_address\";s:1:\"1\";s:4:\"city\";s:1:\"1\";s:10:\"country_id\";s:1:\"1\";}s:12:\"sort_name_op\";s:3:\"has\";s:15:\"sort_name_value\";s:0:\"\";s:9:\"source_op\";s:3:\"has\";s:12:\"source_value\";s:0:\"\";s:6:\"id_min\";s:0:\"\";s:6:\"id_max\";s:0:\"\";s:5:\"id_op\";s:3:\"lte\";s:8:\"id_value\";s:0:\"\";s:13:\"country_id_op\";s:2:\"in\";s:16:\"country_id_value\";a:0:{}s:20:\"state_province_id_op\";s:2:\"in\";s:23:\"state_province_id_value\";a:0:{}s:6:\"gid_op\";s:2:\"in\";s:9:\"gid_value\";a:0:{}s:8:\"tagid_op\";s:2:\"in\";s:11:\"tagid_value\";a:0:{}s:11:\"custom_1_op\";s:2:\"in\";s:14:\"custom_1_value\";a:0:{}s:11:\"custom_2_op\";s:2:\"in\";s:14:\"custom_2_value\";a:0:{}s:17:\"custom_3_relative\";s:1:\"0\";s:13:\"custom_3_from\";s:0:\"\";s:11:\"custom_3_to\";s:0:\"\";s:11:\"description\";s:92:\"Provides a list of address and telephone information for constituent records in your system.\";s:13:\"email_subject\";s:0:\"\";s:8:\"email_to\";s:0:\"\";s:8:\"email_cc\";s:0:\"\";s:10:\"permission\";s:17:\"view all contacts\";s:6:\"groups\";s:0:\"\";s:9:\"domain_id\";i:1;}',NULL,NULL,NULL,NULL,NULL,NULL,NULL,NULL,NULL,NULL,0),(2,1,'Constituent Detail','contact/detail',NULL,NULL,'Provides contact-related information on contributions, memberships, events and activities.','view all contacts',NULL,'a:25:{s:6:\"fields\";a:30:{s:9:\"sort_name\";s:1:\"1\";s:10:\"country_id\";s:1:\"1\";s:15:\"contribution_id\";s:1:\"1\";s:12:\"total_amount\";s:1:\"1\";s:17:\"financial_type_id\";s:1:\"1\";s:12:\"receive_date\";s:1:\"1\";s:22:\"contribution_status_id\";s:1:\"1\";s:13:\"membership_id\";s:1:\"1\";s:18:\"membership_type_id\";s:1:\"1\";s:21:\"membership_start_date\";s:1:\"1\";s:19:\"membership_end_date\";s:1:\"1\";s:20:\"membership_status_id\";s:1:\"1\";s:14:\"participant_id\";s:1:\"1\";s:8:\"event_id\";s:1:\"1\";s:21:\"participant_status_id\";s:1:\"1\";s:7:\"role_id\";s:1:\"1\";s:25:\"participant_register_date\";s:1:\"1\";s:9:\"fee_level\";s:1:\"1\";s:10:\"fee_amount\";s:1:\"1\";s:15:\"relationship_id\";s:1:\"1\";s:20:\"relationship_type_id\";s:1:\"1\";s:12:\"contact_id_b\";s:1:\"1\";s:2:\"id\";s:1:\"1\";s:16:\"activity_type_id\";s:1:\"1\";s:7:\"subject\";s:1:\"1\";s:17:\"source_contact_id\";s:1:\"1\";s:18:\"activity_date_time\";s:1:\"1\";s:18:\"activity_status_id\";s:1:\"1\";s:17:\"target_contact_id\";s:1:\"1\";s:19:\"assignee_contact_id\";s:1:\"1\";}s:6:\"id_min\";s:0:\"\";s:6:\"id_max\";s:0:\"\";s:5:\"id_op\";s:3:\"lte\";s:8:\"id_value\";s:0:\"\";s:12:\"sort_name_op\";s:3:\"has\";s:15:\"sort_name_value\";s:0:\"\";s:6:\"gid_op\";s:2:\"in\";s:9:\"gid_value\";a:0:{}s:8:\"tagid_op\";s:2:\"in\";s:11:\"tagid_value\";a:0:{}s:11:\"custom_1_op\";s:2:\"in\";s:14:\"custom_1_value\";a:0:{}s:11:\"custom_2_op\";s:2:\"in\";s:14:\"custom_2_value\";a:0:{}s:17:\"custom_3_relative\";s:1:\"0\";s:13:\"custom_3_from\";s:0:\"\";s:11:\"custom_3_to\";s:0:\"\";s:11:\"description\";s:90:\"Provides contact-related information on contributions, memberships, events and activities.\";s:13:\"email_subject\";s:0:\"\";s:8:\"email_to\";s:0:\"\";s:8:\"email_cc\";s:0:\"\";s:10:\"permission\";s:17:\"view all contacts\";s:6:\"groups\";s:0:\"\";s:9:\"domain_id\";i:1;}',NULL,NULL,NULL,NULL,NULL,NULL,NULL,NULL,NULL,NULL,0),(3,1,'Activity Details','activity',NULL,NULL,'Provides a list of constituent activity including activity statistics for one/all contacts during a given date range(required)','view all contacts',NULL,'a:26:{s:6:\"fields\";a:6:{s:16:\"contact_assignee\";s:1:\"1\";s:14:\"contact_target\";s:1:\"1\";s:16:\"activity_type_id\";s:1:\"1\";s:16:\"activity_subject\";s:1:\"1\";s:18:\"activity_date_time\";s:1:\"1\";s:9:\"status_id\";s:1:\"1\";}s:17:\"contact_source_op\";s:3:\"has\";s:20:\"contact_source_value\";s:0:\"\";s:19:\"contact_assignee_op\";s:3:\"has\";s:22:\"contact_assignee_value\";s:0:\"\";s:17:\"contact_target_op\";s:3:\"has\";s:20:\"contact_target_value\";s:0:\"\";s:15:\"current_user_op\";s:2:\"eq\";s:18:\"current_user_value\";s:1:\"0\";s:27:\"activity_date_time_relative\";s:10:\"this.month\";s:23:\"activity_date_time_from\";s:0:\"\";s:21:\"activity_date_time_to\";s:0:\"\";s:19:\"activity_subject_op\";s:3:\"has\";s:22:\"activity_subject_value\";s:0:\"\";s:19:\"activity_type_id_op\";s:2:\"in\";s:22:\"activity_type_id_value\";a:0:{}s:12:\"status_id_op\";s:2:\"in\";s:15:\"status_id_value\";a:0:{}s:11:\"description\";s:126:\"Provides a list of constituent activity including activity statistics for one/all contacts during a given date range(required)\";s:13:\"email_subject\";s:0:\"\";s:8:\"email_to\";s:0:\"\";s:8:\"email_cc\";s:0:\"\";s:10:\"permission\";s:17:\"view all contacts\";s:6:\"groups\";s:0:\"\";s:9:\"group_bys\";N;s:9:\"domain_id\";i:1;}',NULL,NULL,NULL,NULL,NULL,NULL,NULL,NULL,NULL,NULL,0),(4,1,'Current Employers','contact/currentEmployer',NULL,NULL,'Provides detail list of employer employee relationships along with employment details.','view all contacts',NULL,'a:33:{s:6:\"fields\";a:5:{s:17:\"organization_name\";s:1:\"1\";s:9:\"sort_name\";s:1:\"1\";s:9:\"job_title\";s:1:\"1\";s:10:\"start_date\";s:1:\"1\";s:5:\"email\";s:1:\"1\";}s:20:\"organization_name_op\";s:3:\"has\";s:23:\"organization_name_value\";s:0:\"\";s:12:\"sort_name_op\";s:3:\"has\";s:15:\"sort_name_value\";s:0:\"\";s:6:\"id_min\";s:0:\"\";s:6:\"id_max\";s:0:\"\";s:5:\"id_op\";s:3:\"lte\";s:8:\"id_value\";s:0:\"\";s:19:\"start_date_relative\";s:1:\"0\";s:15:\"start_date_from\";s:0:\"\";s:13:\"start_date_to\";s:0:\"\";s:13:\"country_id_op\";s:2:\"in\";s:16:\"country_id_value\";a:0:{}s:20:\"state_province_id_op\";s:2:\"in\";s:23:\"state_province_id_value\";a:0:{}s:6:\"gid_op\";s:2:\"in\";s:9:\"gid_value\";a:0:{}s:8:\"tagid_op\";s:2:\"in\";s:11:\"tagid_value\";a:0:{}s:11:\"custom_1_op\";s:2:\"in\";s:14:\"custom_1_value\";a:0:{}s:11:\"custom_2_op\";s:2:\"in\";s:14:\"custom_2_value\";a:0:{}s:17:\"custom_3_relative\";s:1:\"0\";s:13:\"custom_3_from\";s:0:\"\";s:11:\"custom_3_to\";s:0:\"\";s:11:\"description\";s:98:\"Provides detail list of employer employee relationships along with employment details Ex Join Date\";s:13:\"email_subject\";s:0:\"\";s:8:\"email_to\";s:0:\"\";s:8:\"email_cc\";s:0:\"\";s:10:\"permission\";s:17:\"view all contacts\";s:9:\"domain_id\";i:1;}',NULL,NULL,NULL,NULL,NULL,NULL,NULL,NULL,NULL,NULL,0),(5,1,'Relationships','contact/relationship',NULL,NULL,'Gives relationship details between two contacts','view all contacts',NULL,'a:28:{s:6:\"fields\";a:4:{s:11:\"sort_name_a\";s:1:\"1\";s:11:\"sort_name_b\";s:1:\"1\";s:9:\"label_a_b\";s:1:\"1\";s:9:\"label_b_a\";s:1:\"1\";}s:14:\"sort_name_a_op\";s:3:\"has\";s:17:\"sort_name_a_value\";s:0:\"\";s:14:\"sort_name_b_op\";s:3:\"has\";s:17:\"sort_name_b_value\";s:0:\"\";s:17:\"contact_type_a_op\";s:2:\"in\";s:20:\"contact_type_a_value\";a:0:{}s:17:\"contact_type_b_op\";s:2:\"in\";s:20:\"contact_type_b_value\";a:0:{}s:12:\"is_active_op\";s:2:\"eq\";s:15:\"is_active_value\";s:0:\"\";s:23:\"relationship_type_id_op\";s:2:\"eq\";s:26:\"relationship_type_id_value\";s:0:\"\";s:13:\"country_id_op\";s:2:\"in\";s:16:\"country_id_value\";a:0:{}s:20:\"state_province_id_op\";s:2:\"in\";s:23:\"state_province_id_value\";a:0:{}s:6:\"gid_op\";s:2:\"in\";s:9:\"gid_value\";a:0:{}s:8:\"tagid_op\";s:2:\"in\";s:11:\"tagid_value\";a:0:{}s:11:\"description\";s:19:\"Relationship Report\";s:13:\"email_subject\";s:0:\"\";s:8:\"email_to\";s:0:\"\";s:8:\"email_cc\";s:0:\"\";s:10:\"permission\";s:17:\"view all contacts\";s:6:\"groups\";s:0:\"\";s:9:\"domain_id\";i:1;}',NULL,NULL,NULL,NULL,NULL,NULL,NULL,NULL,NULL,NULL,0),(6,1,'Activity Summary','activitySummary',NULL,NULL,'Shows activity statistics by type / date','view all contacts',NULL,'a:26:{s:6:\"fields\";a:4:{s:16:\"activity_type_id\";s:1:\"1\";s:9:\"status_id\";s:1:\"1\";s:8:\"duration\";s:1:\"1\";s:2:\"id\";s:1:\"1\";}s:12:\"sort_name_op\";s:3:\"has\";s:15:\"sort_name_value\";s:0:\"\";s:27:\"activity_date_time_relative\";s:0:\"\";s:23:\"activity_date_time_from\";s:0:\"\";s:21:\"activity_date_time_to\";s:0:\"\";s:19:\"activity_type_id_op\";s:2:\"in\";s:22:\"activity_type_id_value\";a:0:{}s:12:\"status_id_op\";s:2:\"in\";s:15:\"status_id_value\";a:0:{}s:14:\"priority_id_op\";s:2:\"in\";s:17:\"priority_id_value\";a:0:{}s:6:\"gid_op\";s:2:\"in\";s:9:\"gid_value\";a:0:{}s:9:\"group_bys\";a:2:{s:16:\"activity_type_id\";s:1:\"1\";s:9:\"status_id\";s:1:\"1\";}s:14:\"group_bys_freq\";a:1:{s:18:\"activity_date_time\";s:5:\"MONTH\";}s:9:\"order_bys\";a:1:{i:1;a:2:{s:6:\"column\";s:16:\"activity_type_id\";s:5:\"order\";s:3:\"ASC\";}}s:11:\"description\";s:40:\"Shows activity statistics by type / date\";s:13:\"email_subject\";s:0:\"\";s:8:\"email_to\";s:0:\"\";s:8:\"email_cc\";s:0:\"\";s:9:\"row_count\";s:0:\"\";s:10:\"permission\";s:17:\"view all contacts\";s:9:\"parent_id\";s:0:\"\";s:6:\"groups\";s:0:\"\";s:11:\"instance_id\";N;}',NULL,NULL,NULL,NULL,NULL,NULL,NULL,NULL,NULL,NULL,0),(7,1,'Contribution Summary','contribute/summary',NULL,NULL,'Groups and totals contributions by criteria including contact, time period, contribution type, contributor location, etc.','access CiviContribute',NULL,'a:42:{s:6:\"fields\";a:1:{s:12:\"total_amount\";s:1:\"1\";}s:13:\"country_id_op\";s:2:\"in\";s:16:\"country_id_value\";a:0:{}s:20:\"state_province_id_op\";s:2:\"in\";s:23:\"state_province_id_value\";a:0:{}s:21:\"receive_date_relative\";s:1:\"0\";s:17:\"receive_date_from\";s:0:\"\";s:15:\"receive_date_to\";s:0:\"\";s:25:\"contribution_status_id_op\";s:2:\"in\";s:28:\"contribution_status_id_value\";a:1:{i:0;s:1:\"1\";}s:20:\"financial_type_id_op\";s:2:\"in\";s:23:\"financial_type_id_value\";a:0:{}s:16:\"total_amount_min\";s:0:\"\";s:16:\"total_amount_max\";s:0:\"\";s:15:\"total_amount_op\";s:3:\"lte\";s:18:\"total_amount_value\";s:0:\"\";s:13:\"total_sum_min\";s:0:\"\";s:13:\"total_sum_max\";s:0:\"\";s:12:\"total_sum_op\";s:3:\"lte\";s:15:\"total_sum_value\";s:0:\"\";s:15:\"total_count_min\";s:0:\"\";s:15:\"total_count_max\";s:0:\"\";s:14:\"total_count_op\";s:3:\"lte\";s:17:\"total_count_value\";s:0:\"\";s:13:\"total_avg_min\";s:0:\"\";s:13:\"total_avg_max\";s:0:\"\";s:12:\"total_avg_op\";s:3:\"lte\";s:15:\"total_avg_value\";s:0:\"\";s:6:\"gid_op\";s:2:\"in\";s:9:\"gid_value\";a:0:{}s:8:\"tagid_op\";s:2:\"in\";s:11:\"tagid_value\";a:0:{}s:9:\"group_bys\";a:1:{s:12:\"receive_date\";s:1:\"1\";}s:14:\"group_bys_freq\";a:1:{s:12:\"receive_date\";s:5:\"MONTH\";}s:11:\"description\";s:80:\"Shows contribution statistics by month / week / year .. country / state .. type.\";s:13:\"email_subject\";s:0:\"\";s:8:\"email_to\";s:0:\"\";s:8:\"email_cc\";s:0:\"\";s:10:\"permission\";s:21:\"access CiviContribute\";s:6:\"groups\";s:0:\"\";s:6:\"charts\";s:0:\"\";s:9:\"domain_id\";i:1;}',NULL,NULL,NULL,NULL,NULL,NULL,NULL,NULL,NULL,NULL,0),(8,1,'Contribution Details','contribute/detail',NULL,NULL,'Lists specific contributions by criteria including contact, time period, contribution type, contributor location, etc. Contribution summary report points to this report for contribution details.','access CiviContribute',NULL,'a:56:{s:6:\"fields\";a:7:{s:9:\"sort_name\";s:1:\"1\";s:5:\"email\";s:1:\"1\";s:5:\"phone\";s:1:\"1\";s:17:\"financial_type_id\";s:1:\"1\";s:12:\"receive_date\";s:1:\"1\";s:12:\"total_amount\";s:1:\"1\";s:10:\"country_id\";s:1:\"1\";}s:12:\"sort_name_op\";s:3:\"has\";s:15:\"sort_name_value\";s:0:\"\";s:6:\"id_min\";s:0:\"\";s:6:\"id_max\";s:0:\"\";s:5:\"id_op\";s:3:\"lte\";s:8:\"id_value\";s:0:\"\";s:21:\"receive_date_relative\";s:0:\"\";s:17:\"receive_date_from\";s:0:\"\";s:15:\"receive_date_to\";s:0:\"\";s:20:\"financial_type_id_op\";s:2:\"in\";s:23:\"financial_type_id_value\";a:0:{}s:24:\"payment_instrument_id_op\";s:2:\"in\";s:27:\"payment_instrument_id_value\";a:0:{}s:25:\"contribution_status_id_op\";s:2:\"in\";s:28:\"contribution_status_id_value\";a:1:{i:0;s:1:\"1\";}s:16:\"total_amount_min\";s:0:\"\";s:16:\"total_amount_max\";s:0:\"\";s:15:\"total_amount_op\";s:3:\"lte\";s:18:\"total_amount_value\";s:0:\"\";s:6:\"gid_op\";s:2:\"in\";s:9:\"gid_value\";a:0:{}s:13:\"ordinality_op\";s:2:\"in\";s:16:\"ordinality_value\";a:0:{}s:7:\"note_op\";s:3:\"has\";s:10:\"note_value\";s:0:\"\";s:17:\"street_number_min\";s:0:\"\";s:17:\"street_number_max\";s:0:\"\";s:16:\"street_number_op\";s:3:\"lte\";s:19:\"street_number_value\";s:0:\"\";s:14:\"street_name_op\";s:3:\"has\";s:17:\"street_name_value\";s:0:\"\";s:15:\"postal_code_min\";s:0:\"\";s:15:\"postal_code_max\";s:0:\"\";s:14:\"postal_code_op\";s:3:\"lte\";s:17:\"postal_code_value\";s:0:\"\";s:7:\"city_op\";s:3:\"has\";s:10:\"city_value\";s:0:\"\";s:12:\"county_id_op\";s:2:\"in\";s:15:\"county_id_value\";a:0:{}s:20:\"state_province_id_op\";s:2:\"in\";s:23:\"state_province_id_value\";a:0:{}s:13:\"country_id_op\";s:2:\"in\";s:16:\"country_id_value\";a:0:{}s:8:\"tagid_op\";s:2:\"in\";s:11:\"tagid_value\";a:0:{}s:9:\"order_bys\";a:1:{i:1;a:2:{s:6:\"column\";s:9:\"sort_name\";s:5:\"order\";s:3:\"ASC\";}}s:11:\"description\";s:194:\"Lists specific contributions by criteria including contact, time period, contribution type, contributor location, etc. Contribution summary report points to this report for contribution details.\";s:13:\"email_subject\";s:0:\"\";s:8:\"email_to\";s:0:\"\";s:8:\"email_cc\";s:0:\"\";s:10:\"permission\";s:21:\"access CiviContribute\";s:9:\"parent_id\";s:0:\"\";s:6:\"groups\";s:0:\"\";s:9:\"domain_id\";i:1;s:11:\"is_reserved\";b:0;}',NULL,NULL,NULL,NULL,NULL,NULL,NULL,NULL,NULL,NULL,0),(9,1,'Repeat Contributions','contribute/repeat',NULL,NULL,'Given two date ranges, shows contacts who contributed in both the date ranges with the amount contributed in each and the percentage increase / decrease.','access CiviContribute',NULL,'a:29:{s:6:\"fields\";a:3:{s:9:\"sort_name\";s:1:\"1\";s:13:\"total_amount1\";s:1:\"1\";s:13:\"total_amount2\";s:1:\"1\";}s:22:\"receive_date1_relative\";s:13:\"previous.year\";s:18:\"receive_date1_from\";s:0:\"\";s:16:\"receive_date1_to\";s:0:\"\";s:22:\"receive_date2_relative\";s:9:\"this.year\";s:18:\"receive_date2_from\";s:0:\"\";s:16:\"receive_date2_to\";s:0:\"\";s:17:\"total_amount1_min\";s:0:\"\";s:17:\"total_amount1_max\";s:0:\"\";s:16:\"total_amount1_op\";s:3:\"lte\";s:19:\"total_amount1_value\";s:0:\"\";s:17:\"total_amount2_min\";s:0:\"\";s:17:\"total_amount2_max\";s:0:\"\";s:16:\"total_amount2_op\";s:3:\"lte\";s:19:\"total_amount2_value\";s:0:\"\";s:25:\"contribution_status_id_op\";s:2:\"in\";s:28:\"contribution_status_id_value\";a:1:{i:0;s:1:\"1\";}s:6:\"gid_op\";s:2:\"in\";s:9:\"gid_value\";a:0:{}s:8:\"tagid_op\";s:2:\"in\";s:11:\"tagid_value\";a:0:{}s:9:\"group_bys\";a:1:{s:2:\"id\";s:1:\"1\";}s:11:\"description\";s:140:\"Given two date ranges, shows contacts (and their contributions) who contributed in both the date ranges with percentage increase / decrease.\";s:13:\"email_subject\";s:0:\"\";s:8:\"email_to\";s:0:\"\";s:8:\"email_cc\";s:0:\"\";s:10:\"permission\";s:21:\"access CiviContribute\";s:6:\"groups\";s:0:\"\";s:9:\"domain_id\";i:1;}',NULL,NULL,NULL,NULL,NULL,NULL,NULL,NULL,NULL,NULL,0),(10,1,'SYBUNT (some year but not this year)','contribute/sybunt',NULL,NULL,'Some year(s) but not this year. Provides a list of constituents who donated at some time in the history of your organization but did not donate during the time period you specify.','access CiviContribute',NULL,'a:18:{s:6:\"fields\";a:3:{s:9:\"sort_name\";s:1:\"1\";s:5:\"email\";s:1:\"1\";s:5:\"phone\";s:1:\"1\";}s:12:\"sort_name_op\";s:3:\"has\";s:15:\"sort_name_value\";s:0:\"\";s:6:\"yid_op\";s:2:\"eq\";s:9:\"yid_value\";s:4:\"2011\";s:25:\"contribution_status_id_op\";s:2:\"in\";s:28:\"contribution_status_id_value\";a:1:{i:0;s:1:\"1\";}s:6:\"gid_op\";s:2:\"in\";s:9:\"gid_value\";a:0:{}s:8:\"tagid_op\";s:2:\"in\";s:11:\"tagid_value\";a:0:{}s:11:\"description\";s:179:\"Some year(s) but not this year. Provides a list of constituents who donated at some time in the history of your organization but did not donate during the time period you specify.\";s:13:\"email_subject\";s:0:\"\";s:8:\"email_to\";s:0:\"\";s:8:\"email_cc\";s:0:\"\";s:10:\"permission\";s:21:\"access CiviContribute\";s:6:\"charts\";s:0:\"\";s:9:\"domain_id\";i:1;}',NULL,NULL,NULL,NULL,NULL,NULL,NULL,NULL,NULL,NULL,0),(11,1,'LYBUNT (last year but not this year)','contribute/lybunt',NULL,NULL,'Last year but not this year. Provides a list of constituents who donated last year but did not donate during the time period you specify as the current year.','access CiviContribute',NULL,'a:19:{s:6:\"fields\";a:3:{s:9:\"sort_name\";s:1:\"1\";s:5:\"email\";s:1:\"1\";s:5:\"phone\";s:1:\"1\";}s:12:\"sort_name_op\";s:3:\"has\";s:15:\"sort_name_value\";s:0:\"\";s:6:\"yid_op\";s:2:\"eq\";s:9:\"yid_value\";s:4:\"2011\";s:25:\"contribution_status_id_op\";s:2:\"in\";s:28:\"contribution_status_id_value\";a:1:{i:0;s:1:\"1\";}s:6:\"gid_op\";s:2:\"in\";s:9:\"gid_value\";a:0:{}s:8:\"tagid_op\";s:2:\"in\";s:11:\"tagid_value\";a:0:{}s:11:\"description\";s:157:\"Last year but not this year. Provides a list of constituents who donated last year but did not donate during the time period you specify as the current year.\";s:13:\"email_subject\";s:0:\"\";s:8:\"email_to\";s:0:\"\";s:8:\"email_cc\";s:0:\"\";s:10:\"permission\";s:21:\"access CiviContribute\";s:6:\"groups\";s:0:\"\";s:6:\"charts\";s:0:\"\";s:9:\"domain_id\";i:1;}',NULL,NULL,NULL,NULL,NULL,NULL,NULL,NULL,NULL,NULL,0),(12,1,'Contributions by Organization','contribute/organizationSummary',NULL,NULL,'Displays a detailed list of contributions grouped by organization, which includes contributions made by employees for the organisation.','access CiviContribute',NULL,'a:20:{s:6:\"fields\";a:5:{s:17:\"organization_name\";s:1:\"1\";s:9:\"sort_name\";s:1:\"1\";s:12:\"total_amount\";s:1:\"1\";s:22:\"contribution_status_id\";s:1:\"1\";s:12:\"receive_date\";s:1:\"1\";}s:20:\"organization_name_op\";s:3:\"has\";s:23:\"organization_name_value\";s:0:\"\";s:23:\"relationship_type_id_op\";s:2:\"eq\";s:26:\"relationship_type_id_value\";s:5:\"4_b_a\";s:21:\"receive_date_relative\";s:1:\"0\";s:17:\"receive_date_from\";s:0:\"\";s:15:\"receive_date_to\";s:0:\"\";s:16:\"total_amount_min\";s:0:\"\";s:16:\"total_amount_max\";s:0:\"\";s:15:\"total_amount_op\";s:3:\"lte\";s:18:\"total_amount_value\";s:0:\"\";s:25:\"contribution_status_id_op\";s:2:\"in\";s:28:\"contribution_status_id_value\";a:1:{i:0;s:1:\"1\";}s:11:\"description\";s:193:\"Displays a detailed contribution report for Organization relationships with contributors, as to if contribution done was  from an employee of some organization or from that Organization itself.\";s:13:\"email_subject\";s:0:\"\";s:8:\"email_to\";s:0:\"\";s:8:\"email_cc\";s:0:\"\";s:10:\"permission\";s:21:\"access CiviContribute\";s:9:\"domain_id\";i:1;}',NULL,NULL,NULL,NULL,NULL,NULL,NULL,NULL,NULL,NULL,0),(13,1,'Contributions by Household','contribute/householdSummary',NULL,NULL,'Displays a detailed list of contributions grouped by household which includes contributions made by members of the household.','access CiviContribute',NULL,'a:21:{s:6:\"fields\";a:5:{s:14:\"household_name\";s:1:\"1\";s:9:\"sort_name\";s:1:\"1\";s:12:\"total_amount\";s:1:\"1\";s:22:\"contribution_status_id\";s:1:\"1\";s:12:\"receive_date\";s:1:\"1\";}s:17:\"household_name_op\";s:3:\"has\";s:20:\"household_name_value\";s:0:\"\";s:23:\"relationship_type_id_op\";s:2:\"eq\";s:26:\"relationship_type_id_value\";s:5:\"6_b_a\";s:21:\"receive_date_relative\";s:1:\"0\";s:17:\"receive_date_from\";s:0:\"\";s:15:\"receive_date_to\";s:0:\"\";s:16:\"total_amount_min\";s:0:\"\";s:16:\"total_amount_max\";s:0:\"\";s:15:\"total_amount_op\";s:3:\"lte\";s:18:\"total_amount_value\";s:0:\"\";s:25:\"contribution_status_id_op\";s:2:\"in\";s:28:\"contribution_status_id_value\";a:1:{i:0;s:1:\"1\";}s:11:\"description\";s:213:\"Provides a detailed report for Contributions made by contributors(Or Household itself) who are having a relationship with household (For ex a Contributor is Head of Household for some household or is a member of.)\";s:13:\"email_subject\";s:0:\"\";s:8:\"email_to\";s:0:\"\";s:8:\"email_cc\";s:0:\"\";s:10:\"permission\";s:21:\"access CiviContribute\";s:6:\"groups\";s:0:\"\";s:9:\"domain_id\";i:1;}',NULL,NULL,NULL,NULL,NULL,NULL,NULL,NULL,NULL,NULL,0),(14,1,'Top Donors','contribute/topDonor',NULL,NULL,'Provides a list of the top donors during a time period you define. You can include as many donors as you want (for example, top 100 of your donors).','access CiviContribute',NULL,'a:20:{s:6:\"fields\";a:2:{s:12:\"display_name\";s:1:\"1\";s:12:\"total_amount\";s:1:\"1\";}s:21:\"receive_date_relative\";s:9:\"this.year\";s:17:\"receive_date_from\";s:0:\"\";s:15:\"receive_date_to\";s:0:\"\";s:15:\"total_range_min\";s:0:\"\";s:15:\"total_range_max\";s:0:\"\";s:14:\"total_range_op\";s:2:\"eq\";s:17:\"total_range_value\";s:0:\"\";s:20:\"financial_type_id_op\";s:2:\"in\";s:23:\"financial_type_id_value\";a:0:{}s:25:\"contribution_status_id_op\";s:2:\"in\";s:28:\"contribution_status_id_value\";a:1:{i:0;s:1:\"1\";}s:6:\"gid_op\";s:2:\"in\";s:9:\"gid_value\";a:0:{}s:11:\"description\";s:148:\"Provides a list of the top donors during a time period you define. You can include as many donors as you want (for example, top 100 of your donors).\";s:13:\"email_subject\";s:0:\"\";s:8:\"email_to\";s:0:\"\";s:8:\"email_cc\";s:0:\"\";s:10:\"permission\";s:21:\"access CiviContribute\";s:6:\"groups\";s:0:\"\";}',NULL,NULL,NULL,NULL,NULL,NULL,NULL,NULL,NULL,NULL,0),(15,1,'Soft Credits','contribute/softcredit',NULL,NULL,'Shows contributions made by contacts that have been soft-credited to other contacts.','access CiviContribute',NULL,'a:23:{s:6:\"fields\";a:5:{s:21:\"display_name_creditor\";s:1:\"1\";s:24:\"display_name_constituent\";s:1:\"1\";s:14:\"email_creditor\";s:1:\"1\";s:14:\"phone_creditor\";s:1:\"1\";s:6:\"amount\";s:1:\"1\";}s:5:\"id_op\";s:2:\"in\";s:8:\"id_value\";a:0:{}s:21:\"receive_date_relative\";s:1:\"0\";s:17:\"receive_date_from\";s:0:\"\";s:15:\"receive_date_to\";s:0:\"\";s:25:\"contribution_status_id_op\";s:2:\"in\";s:28:\"contribution_status_id_value\";a:1:{i:0;s:1:\"1\";}s:10:\"amount_min\";s:0:\"\";s:10:\"amount_max\";s:0:\"\";s:9:\"amount_op\";s:3:\"lte\";s:12:\"amount_value\";s:0:\"\";s:6:\"gid_op\";s:2:\"in\";s:9:\"gid_value\";a:0:{}s:8:\"tagid_op\";s:2:\"in\";s:11:\"tagid_value\";a:0:{}s:11:\"description\";s:20:\"Soft Credit details.\";s:13:\"email_subject\";s:0:\"\";s:8:\"email_to\";s:0:\"\";s:8:\"email_cc\";s:0:\"\";s:10:\"permission\";s:21:\"access CiviContribute\";s:6:\"groups\";s:0:\"\";s:9:\"domain_id\";i:1;}',NULL,NULL,NULL,NULL,NULL,NULL,NULL,NULL,NULL,NULL,0),(16,1,'Contribution Aggregate by Relationship','contribute/history',NULL,NULL,'List contact\'s donation history, grouped by year, along with contributions attributed to any of the contact\'s related contacts.','access CiviContribute',NULL,'a:41:{s:6:\"fields\";a:7:{s:9:\"sort_name\";s:1:\"1\";s:20:\"relationship_type_id\";s:1:\"1\";s:17:\"civicrm_upto_2009\";s:1:\"1\";i:2010;s:1:\"1\";i:2011;s:1:\"1\";i:2012;s:1:\"1\";i:2013;s:1:\"1\";}s:12:\"sort_name_op\";s:3:\"has\";s:15:\"sort_name_value\";s:0:\"\";s:6:\"id_min\";s:0:\"\";s:6:\"id_max\";s:0:\"\";s:5:\"id_op\";s:3:\"lte\";s:8:\"id_value\";s:0:\"\";s:23:\"relationship_type_id_op\";s:2:\"in\";s:26:\"relationship_type_id_value\";a:0:{}s:12:\"this_year_op\";s:2:\"eq\";s:15:\"this_year_value\";s:0:\"\";s:13:\"other_year_op\";s:2:\"eq\";s:16:\"other_year_value\";s:0:\"\";s:21:\"receive_date_relative\";s:0:\"\";s:17:\"receive_date_from\";s:0:\"\";s:15:\"receive_date_to\";s:0:\"\";s:25:\"contribution_status_id_op\";s:2:\"in\";s:28:\"contribution_status_id_value\";a:1:{i:0;s:1:\"1\";}s:20:\"financial_type_id_op\";s:2:\"in\";s:23:\"financial_type_id_value\";a:0:{}s:16:\"total_amount_min\";s:0:\"\";s:16:\"total_amount_max\";s:0:\"\";s:15:\"total_amount_op\";s:3:\"lte\";s:18:\"total_amount_value\";s:0:\"\";s:13:\"total_sum_min\";s:0:\"\";s:13:\"total_sum_max\";s:0:\"\";s:12:\"total_sum_op\";s:3:\"lte\";s:15:\"total_sum_value\";s:0:\"\";s:6:\"gid_op\";s:2:\"in\";s:9:\"gid_value\";a:0:{}s:8:\"tagid_op\";s:2:\"in\";s:11:\"tagid_value\";a:0:{}s:11:\"description\";s:127:\"List contact\'s donation history, grouped by year, along with contributions attributed to any of the contact\'s related contacts.\";s:13:\"email_subject\";s:0:\"\";s:8:\"email_to\";s:0:\"\";s:8:\"email_cc\";s:0:\"\";s:10:\"permission\";s:21:\"access CiviContribute\";s:9:\"parent_id\";s:0:\"\";s:6:\"groups\";s:0:\"\";s:9:\"domain_id\";i:1;s:11:\"is_reserved\";b:0;}',NULL,NULL,NULL,NULL,NULL,NULL,NULL,NULL,NULL,NULL,0),(17,1,'Personal Campaign Page Summary','contribute/pcp',NULL,NULL,'Summarizes amount raised and number of contributors for each Personal Campaign Page.','access CiviContribute',NULL,'a:22:{s:6:\"fields\";a:8:{s:9:\"sort_name\";s:1:\"1\";s:10:\"page_title\";s:1:\"1\";s:5:\"title\";s:1:\"1\";s:11:\"goal_amount\";s:1:\"1\";s:8:\"amount_1\";s:1:\"1\";s:8:\"amount_2\";s:1:\"1\";s:7:\"soft_id\";s:1:\"1\";s:12:\"receive_date\";s:1:\"1\";}s:12:\"sort_name_op\";s:3:\"has\";s:15:\"sort_name_value\";s:0:\"\";s:6:\"id_min\";s:0:\"\";s:6:\"id_max\";s:0:\"\";s:5:\"id_op\";s:3:\"lte\";s:8:\"id_value\";s:0:\"\";s:13:\"page_title_op\";s:3:\"has\";s:16:\"page_title_value\";s:0:\"\";s:8:\"title_op\";s:3:\"has\";s:11:\"title_value\";s:0:\"\";s:12:\"amount_2_min\";s:0:\"\";s:12:\"amount_2_max\";s:0:\"\";s:11:\"amount_2_op\";s:3:\"lte\";s:14:\"amount_2_value\";s:0:\"\";s:11:\"description\";s:35:\"Shows Personal Campaign Page Report\";s:13:\"email_subject\";s:0:\"\";s:8:\"email_to\";s:0:\"\";s:8:\"email_cc\";s:0:\"\";s:10:\"permission\";s:21:\"access CiviContribute\";s:6:\"groups\";s:0:\"\";s:9:\"domain_id\";i:1;}',NULL,NULL,NULL,NULL,NULL,NULL,NULL,NULL,NULL,NULL,0),(18,1,'Pledge Detail','pledge/detail',NULL,NULL,'List of pledges including amount pledged, pledge status, next payment date, balance due, total amount paid etc.','access CiviPledge',NULL,'a:27:{s:6:\"fields\";a:4:{s:9:\"sort_name\";s:1:\"1\";s:10:\"country_id\";s:1:\"1\";s:6:\"amount\";s:1:\"1\";s:9:\"status_id\";s:1:\"1\";}s:12:\"sort_name_op\";s:3:\"has\";s:15:\"sort_name_value\";s:0:\"\";s:6:\"id_min\";s:0:\"\";s:6:\"id_max\";s:0:\"\";s:5:\"id_op\";s:3:\"lte\";s:8:\"id_value\";s:0:\"\";s:27:\"pledge_create_date_relative\";s:1:\"0\";s:23:\"pledge_create_date_from\";s:0:\"\";s:21:\"pledge_create_date_to\";s:0:\"\";s:17:\"pledge_amount_min\";s:0:\"\";s:17:\"pledge_amount_max\";s:0:\"\";s:16:\"pledge_amount_op\";s:3:\"lte\";s:19:\"pledge_amount_value\";s:0:\"\";s:6:\"sid_op\";s:2:\"in\";s:9:\"sid_value\";a:0:{}s:6:\"gid_op\";s:2:\"in\";s:9:\"gid_value\";a:0:{}s:8:\"tagid_op\";s:2:\"in\";s:11:\"tagid_value\";a:0:{}s:11:\"description\";s:13:\"Pledge Report\";s:13:\"email_subject\";s:0:\"\";s:8:\"email_to\";s:0:\"\";s:8:\"email_cc\";s:0:\"\";s:10:\"permission\";s:17:\"access CiviPledge\";s:6:\"groups\";s:0:\"\";s:9:\"domain_id\";i:1;}',NULL,NULL,NULL,NULL,NULL,NULL,NULL,NULL,NULL,NULL,0),(19,1,'Pledged But not Paid','pledge/pbnp',NULL,NULL,'Pledged but not Paid Report','access CiviPledge',NULL,'a:17:{s:6:\"fields\";a:5:{s:9:\"sort_name\";s:1:\"1\";s:18:\"pledge_create_date\";s:1:\"1\";s:6:\"amount\";s:1:\"1\";s:14:\"scheduled_date\";s:1:\"1\";s:10:\"country_id\";s:1:\"1\";}s:27:\"pledge_create_date_relative\";s:1:\"0\";s:23:\"pledge_create_date_from\";s:0:\"\";s:21:\"pledge_create_date_to\";s:0:\"\";s:20:\"financial_type_id_op\";s:2:\"in\";s:23:\"financial_type_id_value\";a:0:{}s:6:\"gid_op\";s:2:\"in\";s:9:\"gid_value\";a:0:{}s:8:\"tagid_op\";s:2:\"in\";s:11:\"tagid_value\";a:0:{}s:11:\"description\";s:27:\"Pledged but not Paid Report\";s:13:\"email_subject\";s:0:\"\";s:8:\"email_to\";s:0:\"\";s:8:\"email_cc\";s:0:\"\";s:10:\"permission\";s:17:\"access CiviPledge\";s:6:\"groups\";s:0:\"\";s:9:\"domain_id\";i:1;}',NULL,NULL,NULL,NULL,NULL,NULL,NULL,NULL,NULL,NULL,0),(20,1,'Bookkeeping Transactions','contribute/bookkeeping',NULL,NULL,'Provides transaction details for all contributions and payments, including Transaction #, Invoice ID, Payment Instrument and Check #.','access CiviContribute',NULL,'a:40:{s:6:\"fields\";a:12:{s:9:\"sort_name\";s:1:\"1\";s:21:\"debit_accounting_code\";s:1:\"1\";s:22:\"credit_accounting_code\";s:1:\"1\";s:17:\"financial_type_id\";s:1:\"1\";s:12:\"receive_date\";s:1:\"1\";s:22:\"contribution_status_id\";s:1:\"1\";s:2:\"id\";s:1:\"1\";s:12:\"check_number\";s:1:\"1\";s:21:\"payment_instrument_id\";s:1:\"1\";s:9:\"trxn_date\";s:1:\"1\";s:7:\"trxn_id\";s:1:\"1\";s:6:\"amount\";s:1:\"1\";}s:12:\"sort_name_op\";s:3:\"has\";s:15:\"sort_name_value\";s:0:\"\";s:6:\"id_min\";s:0:\"\";s:6:\"id_max\";s:0:\"\";s:5:\"id_op\";s:3:\"lte\";s:8:\"id_value\";s:0:\"\";s:24:\"debit_accounting_code_op\";s:2:\"in\";s:27:\"debit_accounting_code_value\";a:0:{}s:25:\"credit_accounting_code_op\";s:2:\"in\";s:28:\"credit_accounting_code_value\";a:0:{}s:13:\"debit_name_op\";s:2:\"in\";s:16:\"debit_name_value\";a:0:{}s:14:\"credit_name_op\";s:2:\"in\";s:17:\"credit_name_value\";a:0:{}s:20:\"financial_type_id_op\";s:2:\"in\";s:23:\"financial_type_id_value\";a:0:{}s:21:\"receive_date_relative\";s:1:\"0\";s:17:\"receive_date_from\";s:0:\"\";s:15:\"receive_date_to\";s:0:\"\";s:25:\"contribution_status_id_op\";s:2:\"in\";s:28:\"contribution_status_id_value\";a:1:{i:0;s:1:\"1\";}s:24:\"payment_instrument_id_op\";s:2:\"in\";s:27:\"payment_instrument_id_value\";a:0:{}s:18:\"trxn_date_relative\";s:1:\"0\";s:14:\"trxn_date_from\";s:0:\"\";s:12:\"trxn_date_to\";s:0:\"\";s:10:\"amount_min\";s:0:\"\";s:10:\"amount_max\";s:0:\"\";s:9:\"amount_op\";s:3:\"lte\";s:12:\"amount_value\";s:0:\"\";s:11:\"description\";s:133:\"Provides transaction details for all contributions and payments, including Transaction #, Invoice ID, Payment Instrument and Check #.\";s:13:\"email_subject\";s:0:\"\";s:8:\"email_to\";s:0:\"\";s:8:\"email_cc\";s:0:\"\";s:10:\"permission\";s:21:\"access CiviContribute\";s:9:\"parent_id\";s:0:\"\";s:6:\"groups\";s:0:\"\";s:9:\"domain_id\";i:1;s:11:\"is_reserved\";b:0;}',NULL,NULL,NULL,NULL,NULL,NULL,NULL,NULL,NULL,NULL,0),(21,1,'Recurring Contributions','contribute/recur',NULL,NULL,'Provides information about the status of recurring contributions','access CiviContribute',NULL,'a:39:{s:6:\"fields\";a:7:{s:9:\"sort_name\";s:1:\"1\";s:6:\"amount\";s:1:\"1\";s:22:\"contribution_status_id\";s:1:\"1\";s:18:\"frequency_interval\";s:1:\"1\";s:14:\"frequency_unit\";s:1:\"1\";s:12:\"installments\";s:1:\"1\";s:8:\"end_date\";s:1:\"1\";}s:25:\"contribution_status_id_op\";s:2:\"in\";s:28:\"contribution_status_id_value\";a:1:{i:0;s:1:\"5\";}s:11:\"currency_op\";s:2:\"in\";s:14:\"currency_value\";a:0:{}s:20:\"financial_type_id_op\";s:2:\"in\";s:23:\"financial_type_id_value\";a:0:{}s:17:\"frequency_unit_op\";s:2:\"in\";s:20:\"frequency_unit_value\";a:0:{}s:22:\"frequency_interval_min\";s:0:\"\";s:22:\"frequency_interval_max\";s:0:\"\";s:21:\"frequency_interval_op\";s:3:\"lte\";s:24:\"frequency_interval_value\";s:0:\"\";s:16:\"installments_min\";s:0:\"\";s:16:\"installments_max\";s:0:\"\";s:15:\"installments_op\";s:3:\"lte\";s:18:\"installments_value\";s:0:\"\";s:19:\"start_date_relative\";s:0:\"\";s:15:\"start_date_from\";s:0:\"\";s:13:\"start_date_to\";s:0:\"\";s:37:\"next_sched_contribution_date_relative\";s:0:\"\";s:33:\"next_sched_contribution_date_from\";s:0:\"\";s:31:\"next_sched_contribution_date_to\";s:0:\"\";s:17:\"end_date_relative\";s:0:\"\";s:13:\"end_date_from\";s:0:\"\";s:11:\"end_date_to\";s:0:\"\";s:28:\"calculated_end_date_relative\";s:0:\"\";s:24:\"calculated_end_date_from\";s:0:\"\";s:22:\"calculated_end_date_to\";s:0:\"\";s:9:\"order_bys\";a:1:{i:1;a:1:{s:6:\"column\";s:1:\"-\";}}s:11:\"description\";s:41:\"Shows all pending recurring contributions\";s:13:\"email_subject\";s:0:\"\";s:8:\"email_to\";s:0:\"\";s:8:\"email_cc\";s:0:\"\";s:9:\"row_count\";s:0:\"\";s:14:\"addToDashboard\";s:1:\"1\";s:10:\"permission\";s:21:\"access CiviContribute\";s:9:\"parent_id\";s:0:\"\";s:11:\"instance_id\";N;}',NULL,NULL,NULL,NULL,NULL,NULL,NULL,NULL,NULL,NULL,0),(22,1,'Membership Summary','member/summary',NULL,NULL,'Provides a summary of memberships by type and join date.','access CiviMember',NULL,'a:18:{s:6:\"fields\";a:2:{s:18:\"membership_type_id\";s:1:\"1\";s:12:\"total_amount\";s:1:\"1\";}s:18:\"join_date_relative\";s:1:\"0\";s:14:\"join_date_from\";s:0:\"\";s:12:\"join_date_to\";s:0:\"\";s:21:\"membership_type_id_op\";s:2:\"in\";s:24:\"membership_type_id_value\";a:0:{}s:12:\"status_id_op\";s:2:\"in\";s:15:\"status_id_value\";a:0:{}s:25:\"contribution_status_id_op\";s:2:\"in\";s:28:\"contribution_status_id_value\";a:0:{}s:9:\"group_bys\";a:2:{s:9:\"join_date\";s:1:\"1\";s:18:\"membership_type_id\";s:1:\"1\";}s:14:\"group_bys_freq\";a:1:{s:9:\"join_date\";s:5:\"MONTH\";}s:11:\"description\";s:56:\"Provides a summary of memberships by type and join date.\";s:13:\"email_subject\";s:0:\"\";s:8:\"email_to\";s:0:\"\";s:8:\"email_cc\";s:0:\"\";s:10:\"permission\";s:17:\"access CiviMember\";s:9:\"domain_id\";i:1;}',NULL,NULL,NULL,NULL,NULL,NULL,NULL,NULL,NULL,NULL,0),(23,1,'Membership Details','member/detail',NULL,NULL,'Provides a list of members along with their membership status and membership details (Join Date, Start Date, End Date). Can also display contributions (payments) associated with each membership.','access CiviMember',NULL,'a:28:{s:6:\"fields\";a:5:{s:9:\"sort_name\";s:1:\"1\";s:18:\"membership_type_id\";s:1:\"1\";s:21:\"membership_start_date\";s:1:\"1\";s:19:\"membership_end_date\";s:1:\"1\";s:4:\"name\";s:1:\"1\";}s:12:\"sort_name_op\";s:3:\"has\";s:15:\"sort_name_value\";s:0:\"\";s:6:\"id_min\";s:0:\"\";s:6:\"id_max\";s:0:\"\";s:5:\"id_op\";s:3:\"lte\";s:8:\"id_value\";s:0:\"\";s:18:\"join_date_relative\";s:1:\"0\";s:14:\"join_date_from\";s:0:\"\";s:12:\"join_date_to\";s:0:\"\";s:23:\"owner_membership_id_min\";s:0:\"\";s:23:\"owner_membership_id_max\";s:0:\"\";s:22:\"owner_membership_id_op\";s:3:\"lte\";s:25:\"owner_membership_id_value\";s:0:\"\";s:6:\"tid_op\";s:2:\"in\";s:9:\"tid_value\";a:0:{}s:6:\"sid_op\";s:2:\"in\";s:9:\"sid_value\";a:0:{}s:6:\"gid_op\";s:2:\"in\";s:9:\"gid_value\";a:0:{}s:8:\"tagid_op\";s:2:\"in\";s:11:\"tagid_value\";a:0:{}s:11:\"description\";s:119:\"Provides a list of members along with their membership status and membership details (Join Date, Start Date, End Date).\";s:13:\"email_subject\";s:0:\"\";s:8:\"email_to\";s:0:\"\";s:8:\"email_cc\";s:0:\"\";s:10:\"permission\";s:17:\"access CiviMember\";s:9:\"domain_id\";i:1;}',NULL,NULL,NULL,NULL,NULL,NULL,NULL,NULL,NULL,NULL,0),(24,1,'Contribution and Membership Details','member/contributionDetail',NULL,NULL,'Contribution details for any type of contribution, plus associated membership information for contributions which are in payment for memberships.','access CiviMember',NULL,'a:67:{s:6:\"fields\";a:12:{s:9:\"sort_name\";s:1:\"1\";s:5:\"email\";s:1:\"1\";s:5:\"phone\";s:1:\"1\";s:17:\"financial_type_id\";s:1:\"1\";s:12:\"receive_date\";s:1:\"1\";s:12:\"total_amount\";s:1:\"1\";s:18:\"membership_type_id\";s:1:\"1\";s:21:\"membership_start_date\";s:1:\"1\";s:19:\"membership_end_date\";s:1:\"1\";s:9:\"join_date\";s:1:\"1\";s:22:\"membership_status_name\";s:1:\"1\";s:10:\"country_id\";s:1:\"1\";}s:12:\"sort_name_op\";s:3:\"has\";s:15:\"sort_name_value\";s:0:\"\";s:6:\"id_min\";s:0:\"\";s:6:\"id_max\";s:0:\"\";s:5:\"id_op\";s:3:\"lte\";s:8:\"id_value\";s:0:\"\";s:21:\"receive_date_relative\";s:1:\"0\";s:17:\"receive_date_from\";s:0:\"\";s:15:\"receive_date_to\";s:0:\"\";s:20:\"financial_type_id_op\";s:2:\"in\";s:23:\"financial_type_id_value\";a:0:{}s:24:\"payment_instrument_id_op\";s:2:\"in\";s:27:\"payment_instrument_id_value\";a:0:{}s:25:\"contribution_status_id_op\";s:2:\"in\";s:28:\"contribution_status_id_value\";a:0:{}s:16:\"total_amount_min\";s:0:\"\";s:16:\"total_amount_max\";s:0:\"\";s:15:\"total_amount_op\";s:3:\"lte\";s:18:\"total_amount_value\";s:0:\"\";s:6:\"gid_op\";s:2:\"in\";s:9:\"gid_value\";a:0:{}s:13:\"ordinality_op\";s:2:\"in\";s:16:\"ordinality_value\";a:0:{}s:18:\"join_date_relative\";s:1:\"0\";s:14:\"join_date_from\";s:0:\"\";s:12:\"join_date_to\";s:0:\"\";s:30:\"membership_start_date_relative\";s:1:\"0\";s:26:\"membership_start_date_from\";s:0:\"\";s:24:\"membership_start_date_to\";s:0:\"\";s:28:\"membership_end_date_relative\";s:1:\"0\";s:24:\"membership_end_date_from\";s:0:\"\";s:22:\"membership_end_date_to\";s:0:\"\";s:23:\"owner_membership_id_min\";s:0:\"\";s:23:\"owner_membership_id_max\";s:0:\"\";s:22:\"owner_membership_id_op\";s:3:\"lte\";s:25:\"owner_membership_id_value\";s:0:\"\";s:6:\"tid_op\";s:2:\"in\";s:9:\"tid_value\";a:0:{}s:6:\"sid_op\";s:2:\"in\";s:9:\"sid_value\";a:0:{}s:17:\"street_number_min\";s:0:\"\";s:17:\"street_number_max\";s:0:\"\";s:16:\"street_number_op\";s:3:\"lte\";s:19:\"street_number_value\";s:0:\"\";s:14:\"street_name_op\";s:3:\"has\";s:17:\"street_name_value\";s:0:\"\";s:15:\"postal_code_min\";s:0:\"\";s:15:\"postal_code_max\";s:0:\"\";s:14:\"postal_code_op\";s:3:\"lte\";s:17:\"postal_code_value\";s:0:\"\";s:7:\"city_op\";s:3:\"has\";s:10:\"city_value\";s:0:\"\";s:12:\"county_id_op\";s:2:\"in\";s:15:\"county_id_value\";a:0:{}s:20:\"state_province_id_op\";s:2:\"in\";s:23:\"state_province_id_value\";a:0:{}s:13:\"country_id_op\";s:2:\"in\";s:16:\"country_id_value\";a:0:{}s:8:\"tagid_op\";s:2:\"in\";s:11:\"tagid_value\";a:0:{}s:11:\"description\";s:35:\"Contribution and Membership Details\";s:13:\"email_subject\";s:0:\"\";s:8:\"email_to\";s:0:\"\";s:8:\"email_cc\";s:0:\"\";s:10:\"permission\";s:1:\"0\";s:9:\"domain_id\";i:1;}{s:6:\"fields\";a:12:{s:9:\"sort_name\";s:1:\"1\";s:5:\"email\";s:1:\"1\";s:5:\"phone\";s:1:\"1\";s:17:\"financial_type_id\";s:1:\"1\";s:12:\"receive_date\";s:1:\"1\";s:12:\"total_amount\";s:1:\"1\";s:18:\"membership_type_id\";s:1:\"1\";s:21:\"membership_start_date\";s:1:\"1\";s:19:\"membership_end_date\";s:1:\"1\";s:9:\"join_date\";s:1:\"1\";s:22:\"membership_status_name\";s:1:\"1\";s:10:\"country_id\";s:1:\"1\";}s:12:\"sort_name_op\";s:3:\"has\";s:15:\"sort_name_value\";s:0:\"\";s:6:\"id_min\";s:0:\"\";s:6:\"id_max\";s:0:\"\";s:5:\"id_op\";s:3:\"lte\";s:8:\"id_value\";s:0:\"\";s:21:\"receive_date_relative\";s:1:\"0\";s:17:\"receive_date_from\";s:0:\"\";s:15:\"receive_date_to\";s:0:\"\";s:20:\"financial_type_id_op\";s:2:\"in\";s:23:\"financial_type_id_value\";a:0:{}s:24:\"payment_instrument_id_op\";s:2:\"in\";s:27:\"payment_instrument_id_value\";a:0:{}s:25:\"contribution_status_id_op\";s:2:\"in\";s:28:\"contribution_status_id_value\";a:0:{}s:16:\"total_amount_min\";s:0:\"\";s:16:\"total_amount_max\";s:0:\"\";s:15:\"total_amount_op\";s:3:\"lte\";s:18:\"total_amount_value\";s:0:\"\";s:6:\"gid_op\";s:2:\"in\";s:9:\"gid_value\";a:0:{}s:13:\"ordinality_op\";s:2:\"in\";s:16:\"ordinality_value\";a:0:{}s:18:\"join_date_relative\";s:1:\"0\";s:14:\"join_date_from\";s:0:\"\";s:12:\"join_date_to\";s:0:\"\";s:30:\"membership_start_date_relative\";s:1:\"0\";s:26:\"membership_start_date_from\";s:0:\"\";s:24:\"membership_start_date_to\";s:0:\"\";s:28:\"membership_end_date_relative\";s:1:\"0\";s:24:\"membership_end_date_from\";s:0:\"\";s:22:\"membership_end_date_to\";s:0:\"\";s:23:\"owner_membership_id_min\";s:0:\"\";s:23:\"owner_membership_id_max\";s:0:\"\";s:22:\"owner_membership_id_op\";s:3:\"lte\";s:25:\"owner_membership_id_value\";s:0:\"\";s:6:\"tid_op\";s:2:\"in\";s:9:\"tid_value\";a:0:{}s:6:\"sid_op\";s:2:\"in\";s:9:\"sid_value\";a:0:{}s:17:\"street_number_min\";s:0:\"\";s:17:\"street_number_max\";s:0:\"\";s:16:\"street_number_op\";s:3:\"lte\";s:19:\"street_number_value\";s:0:\"\";s:14:\"street_name_op\";s:3:\"has\";s:17:\"street_name_value\";s:0:\"\";s:15:\"postal_code_min\";s:0:\"\";s:15:\"postal_code_max\";s:0:\"\";s:14:\"postal_code_op\";s:3:\"lte\";s:17:\"postal_code_value\";s:0:\"\";s:7:\"city_op\";s:3:\"has\";s:10:\"city_value\";s:0:\"\";s:12:\"county_id_op\";s:2:\"in\";s:15:\"county_id_value\";a:0:{}s:20:\"state_province_id_op\";s:2:\"in\";s:23:\"state_province_id_value\";a:0:{}s:13:\"country_id_op\";s:2:\"in\";s:16:\"country_id_value\";a:0:{}s:8:\"tagid_op\";s:2:\"in\";s:11:\"tagid_value\";a:0:{}s:11:\"description\";s:35:\"Contribution and Membership Details\";s:13:\"email_subject\";s:0:\"\";s:8:\"email_to\";s:0:\"\";s:8:\"email_cc\";s:0:\"\";s:10:\"permission\";s:17:\"access CiviMember\";s:9:\"domain_id\";i:1;}',NULL,NULL,NULL,NULL,NULL,NULL,NULL,NULL,NULL,NULL,0),(25,1,'Lapsed Memberships','member/lapse',NULL,NULL,'Provides a list of memberships that have lapsed or will lapse by the date you specify.','access CiviMember',NULL,'a:16:{s:6:\"fields\";a:5:{s:9:\"sort_name\";s:1:\"1\";s:18:\"membership_type_id\";s:1:\"1\";s:19:\"membership_end_date\";s:1:\"1\";s:4:\"name\";s:1:\"1\";s:10:\"country_id\";s:1:\"1\";}s:6:\"tid_op\";s:2:\"in\";s:9:\"tid_value\";a:0:{}s:28:\"membership_end_date_relative\";s:1:\"0\";s:24:\"membership_end_date_from\";s:0:\"\";s:22:\"membership_end_date_to\";s:0:\"\";s:6:\"gid_op\";s:2:\"in\";s:9:\"gid_value\";a:0:{}s:8:\"tagid_op\";s:2:\"in\";s:11:\"tagid_value\";a:0:{}s:11:\"description\";s:85:\"Provides a list of memberships that lapsed or will lapse before the date you specify.\";s:13:\"email_subject\";s:0:\"\";s:8:\"email_to\";s:0:\"\";s:8:\"email_cc\";s:0:\"\";s:10:\"permission\";s:17:\"access CiviMember\";s:9:\"domain_id\";i:1;}',NULL,NULL,NULL,NULL,NULL,NULL,NULL,NULL,NULL,NULL,0),(26,1,'Event Participants List','event/participantListing',NULL,NULL,'Provides lists of participants for an event.','access CiviEvent',NULL,'a:27:{s:6:\"fields\";a:4:{s:9:\"sort_name\";s:1:\"1\";s:8:\"event_id\";s:1:\"1\";s:9:\"status_id\";s:1:\"1\";s:7:\"role_id\";s:1:\"1\";}s:12:\"sort_name_op\";s:3:\"has\";s:15:\"sort_name_value\";s:0:\"\";s:8:\"email_op\";s:3:\"has\";s:11:\"email_value\";s:0:\"\";s:11:\"event_id_op\";s:2:\"in\";s:14:\"event_id_value\";a:0:{}s:6:\"sid_op\";s:2:\"in\";s:9:\"sid_value\";a:0:{}s:6:\"rid_op\";s:2:\"in\";s:9:\"rid_value\";a:0:{}s:34:\"participant_register_date_relative\";s:1:\"0\";s:30:\"participant_register_date_from\";s:0:\"\";s:28:\"participant_register_date_to\";s:0:\"\";s:6:\"eid_op\";s:2:\"in\";s:9:\"eid_value\";a:0:{}s:11:\"custom_4_op\";s:2:\"in\";s:14:\"custom_4_value\";a:0:{}s:16:\"blank_column_end\";s:0:\"\";s:11:\"description\";s:44:\"Provides lists of participants for an event.\";s:13:\"email_subject\";s:0:\"\";s:8:\"email_to\";s:0:\"\";s:8:\"email_cc\";s:0:\"\";s:10:\"permission\";s:16:\"access CiviEvent\";s:6:\"groups\";s:0:\"\";s:7:\"options\";N;s:9:\"domain_id\";i:1;}',NULL,NULL,NULL,NULL,NULL,NULL,NULL,NULL,NULL,NULL,0),(27,1,'Event Income Summary','event/summary',NULL,NULL,'Provides an overview of event income. You can include key information such as event ID, registration, attendance, and income generated to help you determine the success of an event.','access CiviEvent',NULL,'a:18:{s:6:\"fields\";a:2:{s:5:\"title\";s:1:\"1\";s:13:\"event_type_id\";s:1:\"1\";}s:5:\"id_op\";s:2:\"in\";s:8:\"id_value\";a:0:{}s:16:\"event_type_id_op\";s:2:\"in\";s:19:\"event_type_id_value\";a:0:{}s:25:\"event_start_date_relative\";s:1:\"0\";s:21:\"event_start_date_from\";s:0:\"\";s:19:\"event_start_date_to\";s:0:\"\";s:23:\"event_end_date_relative\";s:1:\"0\";s:19:\"event_end_date_from\";s:0:\"\";s:17:\"event_end_date_to\";s:0:\"\";s:11:\"description\";s:181:\"Provides an overview of event income. You can include key information such as event ID, registration, attendance, and income generated to help you determine the success of an event.\";s:13:\"email_subject\";s:0:\"\";s:8:\"email_to\";s:0:\"\";s:8:\"email_cc\";s:0:\"\";s:10:\"permission\";s:16:\"access CiviEvent\";s:6:\"charts\";s:0:\"\";s:9:\"domain_id\";i:1;}',NULL,NULL,NULL,NULL,NULL,NULL,NULL,NULL,NULL,NULL,0),(28,1,'Event Income Details','event/income',NULL,NULL,'Helps you to analyze the income generated by an event. The report can include details by participant type, status and payment method.','access CiviEvent',NULL,'a:7:{s:5:\"id_op\";s:2:\"in\";s:8:\"id_value\";N;s:11:\"description\";s:133:\"Helps you to analyze the income generated by an event. The report can include details by participant type, status and payment method.\";s:13:\"email_subject\";s:0:\"\";s:8:\"email_to\";s:0:\"\";s:8:\"email_cc\";s:0:\"\";s:10:\"permission\";s:16:\"access CiviEvent\";}',NULL,NULL,NULL,NULL,NULL,NULL,NULL,NULL,NULL,NULL,0),(29,1,'Attendee List','event/participantListing',NULL,NULL,'Provides lists of event attendees.','access CiviEvent',NULL,'a:27:{s:6:\"fields\";a:4:{s:9:\"sort_name\";s:1:\"1\";s:8:\"event_id\";s:1:\"1\";s:9:\"status_id\";s:1:\"1\";s:7:\"role_id\";s:1:\"1\";}s:12:\"sort_name_op\";s:3:\"has\";s:15:\"sort_name_value\";s:0:\"\";s:8:\"email_op\";s:3:\"has\";s:11:\"email_value\";s:0:\"\";s:11:\"event_id_op\";s:2:\"in\";s:14:\"event_id_value\";a:0:{}s:6:\"sid_op\";s:2:\"in\";s:9:\"sid_value\";a:0:{}s:6:\"rid_op\";s:2:\"in\";s:9:\"rid_value\";a:0:{}s:34:\"participant_register_date_relative\";s:1:\"0\";s:30:\"participant_register_date_from\";s:0:\"\";s:28:\"participant_register_date_to\";s:0:\"\";s:6:\"eid_op\";s:2:\"in\";s:9:\"eid_value\";a:0:{}s:11:\"custom_4_op\";s:2:\"in\";s:14:\"custom_4_value\";a:0:{}s:16:\"blank_column_end\";s:0:\"\";s:11:\"description\";s:44:\"Provides lists of participants for an event.\";s:13:\"email_subject\";s:0:\"\";s:8:\"email_to\";s:0:\"\";s:8:\"email_cc\";s:0:\"\";s:10:\"permission\";s:16:\"access CiviEvent\";s:6:\"groups\";s:0:\"\";s:7:\"options\";N;s:9:\"domain_id\";i:1;}',NULL,NULL,NULL,NULL,NULL,NULL,NULL,NULL,NULL,NULL,0),(30,1,'Grant Details','grant/detail',NULL,NULL,'Grant Report Detail','access CiviGrant',NULL,'a:40:{s:6:\"fields\";a:2:{s:9:\"sort_name\";s:1:\"1\";s:25:\"application_received_date\";s:1:\"1\";}s:12:\"sort_name_op\";s:3:\"has\";s:15:\"sort_name_value\";s:0:\"\";s:12:\"gender_id_op\";s:2:\"in\";s:15:\"gender_id_value\";a:0:{}s:6:\"id_min\";s:0:\"\";s:6:\"id_max\";s:0:\"\";s:5:\"id_op\";s:3:\"lte\";s:8:\"id_value\";s:0:\"\";s:13:\"country_id_op\";s:2:\"in\";s:16:\"country_id_value\";a:0:{}s:20:\"state_province_id_op\";s:2:\"in\";s:23:\"state_province_id_value\";a:0:{}s:13:\"grant_type_op\";s:2:\"in\";s:16:\"grant_type_value\";a:0:{}s:12:\"status_id_op\";s:2:\"in\";s:15:\"status_id_value\";a:0:{}s:18:\"amount_granted_min\";s:0:\"\";s:18:\"amount_granted_max\";s:0:\"\";s:17:\"amount_granted_op\";s:3:\"lte\";s:20:\"amount_granted_value\";s:0:\"\";s:20:\"amount_requested_min\";s:0:\"\";s:20:\"amount_requested_max\";s:0:\"\";s:19:\"amount_requested_op\";s:3:\"lte\";s:22:\"amount_requested_value\";s:0:\"\";s:34:\"application_received_date_relative\";s:1:\"0\";s:30:\"application_received_date_from\";s:0:\"\";s:28:\"application_received_date_to\";s:0:\"\";s:28:\"money_transfer_date_relative\";s:1:\"0\";s:24:\"money_transfer_date_from\";s:0:\"\";s:22:\"money_transfer_date_to\";s:0:\"\";s:23:\"grant_due_date_relative\";s:1:\"0\";s:19:\"grant_due_date_from\";s:0:\"\";s:17:\"grant_due_date_to\";s:0:\"\";s:11:\"description\";s:19:\"Grant Report Detail\";s:13:\"email_subject\";s:0:\"\";s:8:\"email_to\";s:0:\"\";s:8:\"email_cc\";s:0:\"\";s:10:\"permission\";s:16:\"access CiviGrant\";s:9:\"domain_id\";i:1;}',NULL,NULL,NULL,NULL,NULL,NULL,NULL,NULL,NULL,NULL,0),(31,1,'Grant Statistics','grant/statistics',NULL,NULL,'Grant Report Statistics','access CiviGrant',NULL,'a:42:{s:6:\"fields\";a:2:{s:18:\"summary_statistics\";s:1:\"1\";s:13:\"grant_type_id\";s:1:\"1\";}s:34:\"application_received_date_relative\";s:1:\"0\";s:30:\"application_received_date_from\";s:0:\"\";s:28:\"application_received_date_to\";s:0:\"\";s:22:\"decision_date_relative\";s:1:\"0\";s:18:\"decision_date_from\";s:0:\"\";s:16:\"decision_date_to\";s:0:\"\";s:28:\"money_transfer_date_relative\";s:1:\"0\";s:24:\"money_transfer_date_from\";s:0:\"\";s:22:\"money_transfer_date_to\";s:0:\"\";s:23:\"grant_due_date_relative\";s:1:\"0\";s:19:\"grant_due_date_from\";s:0:\"\";s:17:\"grant_due_date_to\";s:0:\"\";s:13:\"grant_type_op\";s:2:\"in\";s:16:\"grant_type_value\";a:0:{}s:12:\"status_id_op\";s:2:\"in\";s:15:\"status_id_value\";a:0:{}s:20:\"amount_requested_min\";s:0:\"\";s:20:\"amount_requested_max\";s:0:\"\";s:19:\"amount_requested_op\";s:3:\"lte\";s:22:\"amount_requested_value\";s:0:\"\";s:18:\"amount_granted_min\";s:0:\"\";s:18:\"amount_granted_max\";s:0:\"\";s:17:\"amount_granted_op\";s:3:\"lte\";s:20:\"amount_granted_value\";s:0:\"\";s:24:\"grant_report_received_op\";s:2:\"eq\";s:27:\"grant_report_received_value\";s:0:\"\";s:12:\"gender_id_op\";s:2:\"in\";s:15:\"gender_id_value\";a:0:{}s:15:\"contact_type_op\";s:2:\"in\";s:18:\"contact_type_value\";a:0:{}s:12:\"region_id_op\";s:2:\"in\";s:15:\"region_id_value\";a:0:{}s:13:\"country_id_op\";s:2:\"in\";s:16:\"country_id_value\";a:0:{}s:11:\"description\";s:23:\"Grant Report Statistics\";s:13:\"email_subject\";s:0:\"\";s:8:\"email_to\";s:0:\"\";s:8:\"email_cc\";s:0:\"\";s:10:\"permission\";s:16:\"access CiviGrant\";s:9:\"parent_id\";s:0:\"\";s:9:\"domain_id\";i:1;}',NULL,NULL,NULL,NULL,NULL,NULL,NULL,NULL,NULL,NULL,0),(32,1,'Mail Bounces','Mailing/bounce',NULL,NULL,'Bounce Report for mailings','access CiviMail',NULL,'a:33:{s:6:\"fields\";a:5:{s:2:\"id\";s:1:\"1\";s:10:\"first_name\";s:1:\"1\";s:9:\"last_name\";s:1:\"1\";s:11:\"bounce_name\";s:1:\"1\";s:5:\"email\";s:1:\"1\";}s:12:\"sort_name_op\";s:3:\"has\";s:15:\"sort_name_value\";s:0:\"\";s:9:\"source_op\";s:3:\"has\";s:12:\"source_value\";s:0:\"\";s:6:\"id_min\";s:0:\"\";s:6:\"id_max\";s:0:\"\";s:5:\"id_op\";s:3:\"lte\";s:8:\"id_value\";s:0:\"\";s:15:\"mailing_name_op\";s:2:\"in\";s:18:\"mailing_name_value\";a:0:{}s:19:\"bounce_type_name_op\";s:2:\"eq\";s:22:\"bounce_type_name_value\";s:0:\"\";s:6:\"gid_op\";s:2:\"in\";s:9:\"gid_value\";a:0:{}s:8:\"tagid_op\";s:2:\"in\";s:11:\"tagid_value\";a:0:{}s:11:\"custom_1_op\";s:2:\"in\";s:14:\"custom_1_value\";a:0:{}s:11:\"custom_2_op\";s:2:\"in\";s:14:\"custom_2_value\";a:0:{}s:17:\"custom_3_relative\";s:1:\"0\";s:13:\"custom_3_from\";s:0:\"\";s:11:\"custom_3_to\";s:0:\"\";s:9:\"order_bys\";a:1:{i:1;a:1:{s:6:\"column\";s:1:\"-\";}}s:11:\"description\";s:26:\"Bounce Report for mailings\";s:13:\"email_subject\";s:0:\"\";s:8:\"email_to\";s:0:\"\";s:8:\"email_cc\";s:0:\"\";s:10:\"permission\";s:15:\"access CiviMail\";s:6:\"groups\";s:0:\"\";s:6:\"charts\";s:0:\"\";s:9:\"domain_id\";i:1;}',NULL,NULL,NULL,NULL,NULL,NULL,NULL,NULL,NULL,NULL,0),(33,1,'Mailing Summary','Mailing/summary',NULL,NULL,'Summary statistics for mailings','access CiviMail',NULL,'a:25:{s:6:\"fields\";a:5:{s:4:\"name\";s:1:\"1\";s:11:\"queue_count\";s:1:\"1\";s:15:\"delivered_count\";s:1:\"1\";s:12:\"bounce_count\";s:1:\"1\";s:17:\"unique_open_count\";s:1:\"1\";}s:15:\"is_completed_op\";s:2:\"eq\";s:18:\"is_completed_value\";s:1:\"1\";s:15:\"mailing_name_op\";s:2:\"in\";s:18:\"mailing_name_value\";a:0:{}s:9:\"status_op\";s:3:\"has\";s:12:\"status_value\";s:8:\"Complete\";s:11:\"is_test_min\";s:0:\"\";s:11:\"is_test_max\";s:0:\"\";s:10:\"is_test_op\";s:3:\"lte\";s:13:\"is_test_value\";s:1:\"0\";s:19:\"start_date_relative\";s:9:\"this.year\";s:15:\"start_date_from\";s:0:\"\";s:13:\"start_date_to\";s:0:\"\";s:17:\"end_date_relative\";s:9:\"this.year\";s:13:\"end_date_from\";s:0:\"\";s:11:\"end_date_to\";s:0:\"\";s:11:\"description\";s:31:\"Summary statistics for mailings\";s:13:\"email_subject\";s:0:\"\";s:8:\"email_to\";s:0:\"\";s:8:\"email_cc\";s:0:\"\";s:10:\"permission\";s:15:\"access CiviMail\";s:6:\"groups\";s:0:\"\";s:6:\"charts\";s:0:\"\";s:9:\"domain_id\";i:1;}',NULL,NULL,NULL,NULL,NULL,NULL,NULL,NULL,NULL,NULL,0),(34,1,'Mail Opened','Mailing/opened',NULL,NULL,'Display contacts who opened emails from a mailing','access CiviMail',NULL,'a:31:{s:6:\"fields\";a:5:{s:2:\"id\";s:1:\"1\";s:10:\"first_name\";s:1:\"1\";s:9:\"last_name\";s:1:\"1\";s:12:\"mailing_name\";s:1:\"1\";s:5:\"email\";s:1:\"1\";}s:12:\"sort_name_op\";s:3:\"has\";s:15:\"sort_name_value\";s:0:\"\";s:9:\"source_op\";s:3:\"has\";s:12:\"source_value\";s:0:\"\";s:6:\"id_min\";s:0:\"\";s:6:\"id_max\";s:0:\"\";s:5:\"id_op\";s:3:\"lte\";s:8:\"id_value\";s:0:\"\";s:15:\"mailing_name_op\";s:2:\"in\";s:18:\"mailing_name_value\";a:0:{}s:6:\"gid_op\";s:2:\"in\";s:9:\"gid_value\";a:0:{}s:8:\"tagid_op\";s:2:\"in\";s:11:\"tagid_value\";a:0:{}s:11:\"custom_1_op\";s:2:\"in\";s:14:\"custom_1_value\";a:0:{}s:11:\"custom_2_op\";s:2:\"in\";s:14:\"custom_2_value\";a:0:{}s:17:\"custom_3_relative\";s:1:\"0\";s:13:\"custom_3_from\";s:0:\"\";s:11:\"custom_3_to\";s:0:\"\";s:9:\"order_bys\";a:1:{i:1;a:1:{s:6:\"column\";s:1:\"-\";}}s:11:\"description\";s:49:\"Display contacts who opened emails from a mailing\";s:13:\"email_subject\";s:0:\"\";s:8:\"email_to\";s:0:\"\";s:8:\"email_cc\";s:0:\"\";s:10:\"permission\";s:15:\"access CiviMail\";s:6:\"groups\";s:0:\"\";s:6:\"charts\";s:0:\"\";s:9:\"domain_id\";i:1;}',NULL,NULL,NULL,NULL,NULL,NULL,NULL,NULL,NULL,NULL,0),(35,1,'Mail Clickthroughs','Mailing/clicks',NULL,NULL,'Display clicks from each mailing','access CiviMail',NULL,'a:31:{s:6:\"fields\";a:6:{s:2:\"id\";s:1:\"1\";s:10:\"first_name\";s:1:\"1\";s:9:\"last_name\";s:1:\"1\";s:12:\"mailing_name\";s:1:\"1\";s:5:\"email\";s:1:\"1\";s:3:\"url\";s:1:\"1\";}s:12:\"sort_name_op\";s:3:\"has\";s:15:\"sort_name_value\";s:0:\"\";s:9:\"source_op\";s:3:\"has\";s:12:\"source_value\";s:0:\"\";s:6:\"id_min\";s:0:\"\";s:6:\"id_max\";s:0:\"\";s:5:\"id_op\";s:3:\"lte\";s:8:\"id_value\";s:0:\"\";s:15:\"mailing_name_op\";s:2:\"in\";s:18:\"mailing_name_value\";a:0:{}s:6:\"gid_op\";s:2:\"in\";s:9:\"gid_value\";a:0:{}s:8:\"tagid_op\";s:2:\"in\";s:11:\"tagid_value\";a:0:{}s:11:\"custom_1_op\";s:2:\"in\";s:14:\"custom_1_value\";a:0:{}s:11:\"custom_2_op\";s:2:\"in\";s:14:\"custom_2_value\";a:0:{}s:17:\"custom_3_relative\";s:1:\"0\";s:13:\"custom_3_from\";s:0:\"\";s:11:\"custom_3_to\";s:0:\"\";s:9:\"order_bys\";a:1:{i:1;a:1:{s:6:\"column\";s:1:\"-\";}}s:11:\"description\";s:32:\"Display clicks from each mailing\";s:13:\"email_subject\";s:0:\"\";s:8:\"email_to\";s:0:\"\";s:8:\"email_cc\";s:0:\"\";s:10:\"permission\";s:15:\"access CiviMail\";s:6:\"groups\";s:0:\"\";s:6:\"charts\";s:0:\"\";s:9:\"domain_id\";i:1;}',NULL,NULL,NULL,NULL,NULL,NULL,NULL,NULL,NULL,NULL,0),(36,1,'Mailing Details','mailing/detail',NULL,NULL,'Provides reporting on Intended and Successful Deliveries, Unsubscribes and Opt-outs, Replies and Forwards.','access CiviMail',NULL,'a:30:{s:6:\"fields\";a:6:{s:9:\"sort_name\";s:1:\"1\";s:12:\"mailing_name\";s:1:\"1\";s:11:\"delivery_id\";s:1:\"1\";s:14:\"unsubscribe_id\";s:1:\"1\";s:9:\"optout_id\";s:1:\"1\";s:5:\"email\";s:1:\"1\";}s:12:\"sort_name_op\";s:3:\"has\";s:15:\"sort_name_value\";s:0:\"\";s:6:\"id_min\";s:0:\"\";s:6:\"id_max\";s:0:\"\";s:5:\"id_op\";s:3:\"lte\";s:8:\"id_value\";s:0:\"\";s:13:\"mailing_id_op\";s:2:\"in\";s:16:\"mailing_id_value\";a:0:{}s:18:\"delivery_status_op\";s:2:\"eq\";s:21:\"delivery_status_value\";s:0:\"\";s:18:\"is_unsubscribed_op\";s:2:\"eq\";s:21:\"is_unsubscribed_value\";s:0:\"\";s:12:\"is_optout_op\";s:2:\"eq\";s:15:\"is_optout_value\";s:0:\"\";s:13:\"is_replied_op\";s:2:\"eq\";s:16:\"is_replied_value\";s:0:\"\";s:15:\"is_forwarded_op\";s:2:\"eq\";s:18:\"is_forwarded_value\";s:0:\"\";s:6:\"gid_op\";s:2:\"in\";s:9:\"gid_value\";a:0:{}s:9:\"order_bys\";a:1:{i:1;a:2:{s:6:\"column\";s:9:\"sort_name\";s:5:\"order\";s:3:\"ASC\";}}s:11:\"description\";s:21:\"Mailing Detail Report\";s:13:\"email_subject\";s:0:\"\";s:8:\"email_to\";s:0:\"\";s:8:\"email_cc\";s:0:\"\";s:10:\"permission\";s:15:\"access CiviMail\";s:9:\"parent_id\";s:0:\"\";s:6:\"groups\";s:0:\"\";s:9:\"domain_id\";i:1;}',NULL,NULL,NULL,NULL,NULL,NULL,NULL,NULL,NULL,NULL,0),(37,1,'Survey Details','survey/detail',NULL,NULL,'Detailed report for canvassing, phone-banking, walk lists or other surveys.','access CiviReport',NULL,'a:39:{s:6:\"fields\";a:2:{s:9:\"sort_name\";s:1:\"1\";s:6:\"result\";s:1:\"1\";}s:22:\"assignee_contact_id_op\";s:2:\"eq\";s:25:\"assignee_contact_id_value\";s:0:\"\";s:12:\"sort_name_op\";s:3:\"has\";s:15:\"sort_name_value\";s:0:\"\";s:17:\"street_number_min\";s:0:\"\";s:17:\"street_number_max\";s:0:\"\";s:16:\"street_number_op\";s:3:\"lte\";s:19:\"street_number_value\";s:0:\"\";s:14:\"street_name_op\";s:3:\"has\";s:17:\"street_name_value\";s:0:\"\";s:15:\"postal_code_min\";s:0:\"\";s:15:\"postal_code_max\";s:0:\"\";s:14:\"postal_code_op\";s:3:\"lte\";s:17:\"postal_code_value\";s:0:\"\";s:7:\"city_op\";s:3:\"has\";s:10:\"city_value\";s:0:\"\";s:20:\"state_province_id_op\";s:2:\"in\";s:23:\"state_province_id_value\";a:0:{}s:13:\"country_id_op\";s:2:\"in\";s:16:\"country_id_value\";a:0:{}s:12:\"survey_id_op\";s:2:\"in\";s:15:\"survey_id_value\";a:0:{}s:12:\"status_id_op\";s:2:\"eq\";s:15:\"status_id_value\";s:1:\"1\";s:11:\"custom_1_op\";s:2:\"in\";s:14:\"custom_1_value\";a:0:{}s:11:\"custom_2_op\";s:2:\"in\";s:14:\"custom_2_value\";a:0:{}s:17:\"custom_3_relative\";s:1:\"0\";s:13:\"custom_3_from\";s:0:\"\";s:11:\"custom_3_to\";s:0:\"\";s:11:\"description\";s:75:\"Detailed report for canvassing, phone-banking, walk lists or other surveys.\";s:13:\"email_subject\";s:0:\"\";s:8:\"email_to\";s:0:\"\";s:8:\"email_cc\";s:0:\"\";s:10:\"permission\";s:17:\"access CiviReport\";s:6:\"groups\";s:0:\"\";s:9:\"domain_id\";i:1;}',NULL,NULL,NULL,NULL,NULL,NULL,NULL,NULL,NULL,NULL,0);

--
-- Table structure for table `civicrm_saved_search`
--

CREATE TABLE `civicrm_saved_search` (
  `id` int(10) unsigned NOT NULL AUTO_INCREMENT COMMENT 'Saved Search ID',
  `form_values` text COLLATE utf8_unicode_ci COMMENT 'Submitted form values for this search',
  `mapping_id` int(10) unsigned DEFAULT NULL COMMENT 'Foreign key to civicrm_mapping used for saved search-builder searches.',
  `search_custom_id` int(10) unsigned DEFAULT NULL COMMENT 'Foreign key to civicrm_option value table used for saved custom searches.',
  `where_clause` text COLLATE utf8_unicode_ci COMMENT 'the sql where clause if a saved search acl',
  `select_tables` text COLLATE utf8_unicode_ci COMMENT 'the tables to be included in a select data',
  `where_tables` text COLLATE utf8_unicode_ci COMMENT 'the tables to be included in the count statement',
  PRIMARY KEY (`id`),
  KEY `FK_civicrm_saved_search_mapping_id` (`mapping_id`),
  CONSTRAINT `FK_civicrm_saved_search_mapping_id` FOREIGN KEY (`mapping_id`) REFERENCES `civicrm_mapping` (`id`)
) ENGINE=InnoDB DEFAULT CHARSET=utf8 COLLATE=utf8_unicode_ci;

--
-- Dumping data for table `civicrm_saved_search`
--


--
-- Table structure for table `civicrm_setting`
--

CREATE TABLE `civicrm_setting` (
  `id` int(10) unsigned NOT NULL AUTO_INCREMENT,
  `name` varchar(255) COLLATE utf8_unicode_ci DEFAULT NULL COMMENT 'Unique name for setting',
  `value` text COLLATE utf8_unicode_ci COMMENT 'data associated with this group / name combo',
  `domain_id` int(10) unsigned NOT NULL COMMENT 'Which Domain is this menu item for',
  `contact_id` int(10) unsigned DEFAULT NULL COMMENT 'FK to Contact ID if the setting is localized to a contact',
  `is_domain` tinyint(4) DEFAULT NULL COMMENT 'Is this setting a contact specific or site wide setting?',
  `component_id` int(10) unsigned DEFAULT NULL COMMENT 'Component that this menu item belongs to',
  `created_date` datetime DEFAULT NULL COMMENT 'When was the setting created',
  `created_id` int(10) unsigned DEFAULT NULL COMMENT 'FK to civicrm_contact, who created this setting',
  PRIMARY KEY (`id`),
  UNIQUE KEY `index_domain_contact_name` (`domain_id`,`contact_id`,`name`),
  KEY `FK_civicrm_setting_contact_id` (`contact_id`),
  KEY `FK_civicrm_setting_component_id` (`component_id`),
  KEY `FK_civicrm_setting_created_id` (`created_id`),
  CONSTRAINT `FK_civicrm_setting_component_id` FOREIGN KEY (`component_id`) REFERENCES `civicrm_component` (`id`),
  CONSTRAINT `FK_civicrm_setting_contact_id` FOREIGN KEY (`contact_id`) REFERENCES `civicrm_contact` (`id`) ON DELETE CASCADE,
  CONSTRAINT `FK_civicrm_setting_created_id` FOREIGN KEY (`created_id`) REFERENCES `civicrm_contact` (`id`) ON DELETE SET NULL,
  CONSTRAINT `FK_civicrm_setting_domain_id` FOREIGN KEY (`domain_id`) REFERENCES `civicrm_domain` (`id`) ON DELETE CASCADE
) ENGINE=InnoDB AUTO_INCREMENT=25 DEFAULT CHARSET=utf8 COLLATE=utf8_unicode_ci;

--
-- Dumping data for table `civicrm_setting`
--

INSERT INTO `civicrm_setting` VALUES (1,'resCacheCode','s:5:\"Bf1fx\";',1,NULL,1,NULL,'2018-11-08 16:18:36',12),(2,'installed','i:1;',1,NULL,1,NULL,'2018-10-11 09:37:48',NULL),(3,'wpLoadPhp','s:26:\"/var/www/uelac/wp-load.php\";',1,NULL,1,NULL,'2018-10-11 09:37:48',2),(4,'site_id','s:32:\"8664513c15461273dd5577906939cb7e\";',1,NULL,1,NULL,'2018-10-11 05:37:48',2),(5,'systemStatusCheckResult','i:4;',1,NULL,1,NULL,'2018-12-18 18:03:36',971),(6,'navigation','s:8:\"vJnu0JvL\";',1,2,0,NULL,'2018-10-11 05:37:53',2),(7,'navigation','s:8:\"vJnu0JvL\";',1,12,0,NULL,'2018-11-08 16:18:38',12),(8,'languageLimit',NULL,1,NULL,1,NULL,'2018-11-08 16:18:36',12),(9,'contact_default_language','s:9:\"*default*\";',1,NULL,1,NULL,'2018-11-08 16:18:36',12),(10,'countryLimit','a:0:{}',1,NULL,1,NULL,'2018-11-08 16:18:36',12),(11,'customTranslateFunction',NULL,1,NULL,1,NULL,'2018-11-08 16:18:36',12),(12,'defaultContactCountry','s:4:\"1039\";',1,NULL,1,NULL,'2018-11-08 16:18:36',12),(13,'defaultContactStateProvince',NULL,1,NULL,1,NULL,'2018-11-08 16:18:36',12),(14,'defaultCurrency','s:3:\"CAD\";',1,NULL,1,NULL,'2018-11-08 16:18:36',12),(15,'fieldSeparator','s:1:\",\";',1,NULL,1,NULL,'2018-11-08 16:18:36',12),(16,'inheritLocale','s:1:\"0\";',1,NULL,1,NULL,'2018-11-08 16:18:36',12),(17,'lcMessages','s:5:\"en_US\";',1,NULL,1,NULL,'2018-11-08 16:18:36',12),(18,'legacyEncoding','s:12:\"Windows-1252\";',1,NULL,1,NULL,'2018-11-08 16:18:36',12),(19,'monetaryThousandSeparator','s:1:\",\";',1,NULL,1,NULL,'2018-11-08 16:18:36',12),(20,'monetaryDecimalPoint','s:1:\".\";',1,NULL,1,NULL,'2018-11-08 16:18:36',12),(21,'moneyformat','s:5:\"%c %a\";',1,NULL,1,NULL,'2018-11-08 16:18:36',12),(22,'moneyvalueformat','s:3:\"%!i\";',1,NULL,1,NULL,'2018-11-08 16:18:36',12),(23,'provinceLimit','a:0:{}',1,NULL,1,NULL,'2018-11-08 16:18:36',12),(24,'navigation','s:8:\"zoiJNIpr\";',1,971,0,NULL,'2018-12-18 15:13:18',971);

--
-- Table structure for table `civicrm_sms_provider`
--

CREATE TABLE `civicrm_sms_provider` (
  `id` int(10) unsigned NOT NULL AUTO_INCREMENT COMMENT 'SMS Provider ID',
  `name` varchar(64) COLLATE utf8_unicode_ci DEFAULT NULL COMMENT 'Provider internal name points to option_value of option_group sms_provider_name',
  `title` varchar(64) COLLATE utf8_unicode_ci DEFAULT NULL COMMENT 'Provider name visible to user',
  `username` varchar(255) COLLATE utf8_unicode_ci DEFAULT NULL,
  `password` varchar(255) COLLATE utf8_unicode_ci DEFAULT NULL,
  `api_type` int(10) unsigned NOT NULL COMMENT 'points to value in civicrm_option_value for group sms_api_type',
  `api_url` varchar(128) COLLATE utf8_unicode_ci DEFAULT NULL,
  `api_params` text COLLATE utf8_unicode_ci COMMENT 'the api params in xml, http or smtp format',
  `is_default` tinyint(4) DEFAULT '0',
  `is_active` tinyint(4) DEFAULT '0',
  `domain_id` int(10) unsigned DEFAULT NULL COMMENT 'Which Domain is this sms provider for',
  PRIMARY KEY (`id`),
  KEY `FK_civicrm_sms_provider_domain_id` (`domain_id`),
  CONSTRAINT `FK_civicrm_sms_provider_domain_id` FOREIGN KEY (`domain_id`) REFERENCES `civicrm_domain` (`id`) ON DELETE SET NULL
) ENGINE=InnoDB DEFAULT CHARSET=utf8 COLLATE=utf8_unicode_ci;

--
-- Dumping data for table `civicrm_sms_provider`
--


--
-- Table structure for table `civicrm_state_province`
--

CREATE TABLE `civicrm_state_province` (
  `id` int(10) unsigned NOT NULL AUTO_INCREMENT COMMENT 'State/Province ID',
  `name` varchar(64) COLLATE utf8_unicode_ci DEFAULT NULL COMMENT 'Name of State/Province',
  `abbreviation` varchar(4) COLLATE utf8_unicode_ci DEFAULT NULL COMMENT '2-4 Character Abbreviation of State/Province',
  `country_id` int(10) unsigned NOT NULL COMMENT 'ID of Country that State/Province belong',
  PRIMARY KEY (`id`),
  UNIQUE KEY `UI_name_country_id` (`name`,`country_id`),
  KEY `FK_civicrm_state_province_country_id` (`country_id`),
  CONSTRAINT `FK_civicrm_state_province_country_id` FOREIGN KEY (`country_id`) REFERENCES `civicrm_country` (`id`)
) ENGINE=InnoDB AUTO_INCREMENT=10364 DEFAULT CHARSET=utf8 COLLATE=utf8_unicode_ci;

--
-- Dumping data for table `civicrm_state_province`
--

INSERT INTO `civicrm_state_province` VALUES (1000,'Alabama','AL',1228),(1001,'Alaska','AK',1228),(1002,'Arizona','AZ',1228),(1003,'Arkansas','AR',1228),(1004,'California','CA',1228),(1005,'Colorado','CO',1228),(1006,'Connecticut','CT',1228),(1007,'Delaware','DE',1228),(1008,'Florida','FL',1228),(1009,'Georgia','GA',1228),(1010,'Hawaii','HI',1228),(1011,'Idaho','ID',1228),(1012,'Illinois','IL',1228),(1013,'Indiana','IN',1228),(1014,'Iowa','IA',1228),(1015,'Kansas','KS',1228),(1016,'Kentucky','KY',1228),(1017,'Louisiana','LA',1228),(1018,'Maine','ME',1228),(1019,'Maryland','MD',1228),(1020,'Massachusetts','MA',1228),(1021,'Michigan','MI',1228),(1022,'Minnesota','MN',1228),(1023,'Mississippi','MS',1228),(1024,'Missouri','MO',1228),(1025,'Montana','MT',1228),(1026,'Nebraska','NE',1228),(1027,'Nevada','NV',1228),(1028,'New Hampshire','NH',1228),(1029,'New Jersey','NJ',1228),(1030,'New Mexico','NM',1228),(1031,'New York','NY',1228),(1032,'North Carolina','NC',1228),(1033,'North Dakota','ND',1228),(1034,'Ohio','OH',1228),(1035,'Oklahoma','OK',1228),(1036,'Oregon','OR',1228),(1037,'Pennsylvania','PA',1228),(1038,'Rhode Island','RI',1228),(1039,'South Carolina','SC',1228),(1040,'South Dakota','SD',1228),(1041,'Tennessee','TN',1228),(1042,'Texas','TX',1228),(1043,'Utah','UT',1228),(1044,'Vermont','VT',1228),(1045,'Virginia','VA',1228),(1046,'Washington','WA',1228),(1047,'West Virginia','WV',1228),(1048,'Wisconsin','WI',1228),(1049,'Wyoming','WY',1228),(1050,'District of Columbia','DC',1228),(1052,'American Samoa','AS',1228),(1053,'Guam','GU',1228),(1055,'Northern Mariana Islands','MP',1228),(1056,'Puerto Rico','PR',1228),(1057,'Virgin Islands','VI',1228),(1058,'United States Minor Outlying Islands','UM',1228),(1059,'Armed Forces Europe','AE',1228),(1060,'Armed Forces Americas','AA',1228),(1061,'Armed Forces Pacific','AP',1228),(1100,'Alberta','AB',1039),(1101,'British Columbia','BC',1039),(1102,'Manitoba','MB',1039),(1103,'New Brunswick','NB',1039),(1104,'Newfoundland and Labrador','NL',1039),(1105,'Northwest Territories','NT',1039),(1106,'Nova Scotia','NS',1039),(1107,'Nunavut','NU',1039),(1108,'Ontario','ON',1039),(1109,'Prince Edward Island','PE',1039),(1110,'Quebec','QC',1039),(1111,'Saskatchewan','SK',1039),(1112,'Yukon Territory','YT',1039),(1200,'Maharashtra','MM',1101),(1201,'Karnataka','KA',1101),(1202,'Andhra Pradesh','AP',1101),(1203,'Arunachal Pradesh','AR',1101),(1204,'Assam','AS',1101),(1205,'Bihar','BR',1101),(1206,'Chhattisgarh','CH',1101),(1207,'Goa','GA',1101),(1208,'Gujarat','GJ',1101),(1209,'Haryana','HR',1101),(1210,'Himachal Pradesh','HP',1101),(1211,'Jammu and Kashmir','JK',1101),(1212,'Jharkhand','JH',1101),(1213,'Kerala','KL',1101),(1214,'Madhya Pradesh','MP',1101),(1215,'Manipur','MN',1101),(1216,'Meghalaya','ML',1101),(1217,'Mizoram','MZ',1101),(1218,'Nagaland','NL',1101),(1219,'Orissa','OR',1101),(1220,'Punjab','PB',1101),(1221,'Rajasthan','RJ',1101),(1222,'Sikkim','SK',1101),(1223,'Tamil Nadu','TN',1101),(1224,'Tripura','TR',1101),(1225,'Uttarakhand','UT',1101),(1226,'Uttar Pradesh','UP',1101),(1227,'West Bengal','WB',1101),(1228,'Andaman and Nicobar Islands','AN',1101),(1229,'Dadra and Nagar Haveli','DN',1101),(1230,'Daman and Diu','DD',1101),(1231,'Delhi','DL',1101),(1232,'Lakshadweep','LD',1101),(1233,'Pondicherry','PY',1101),(1300,'mazowieckie','MZ',1172),(1301,'pomorskie','PM',1172),(1302,'dolnośląskie','DS',1172),(1303,'kujawsko-pomorskie','KP',1172),(1304,'lubelskie','LU',1172),(1305,'lubuskie','LB',1172),(1306,'łódzkie','LD',1172),(1307,'małopolskie','MA',1172),(1308,'opolskie','OP',1172),(1309,'podkarpackie','PK',1172),(1310,'podlaskie','PD',1172),(1311,'śląskie','SL',1172),(1312,'świętokrzyskie','SK',1172),(1313,'warmińsko-mazurskie','WN',1172),(1314,'wielkopolskie','WP',1172),(1315,'zachodniopomorskie','ZP',1172),(1500,'Abu Zaby','AZ',1225),(1501,'\'Ajman','AJ',1225),(1502,'Al Fujayrah','FU',1225),(1503,'Ash Shariqah','SH',1225),(1504,'Dubayy','DU',1225),(1505,'Ra\'s al Khaymah','RK',1225),(1506,'Dac Lac','33',1233),(1507,'Umm al Qaywayn','UQ',1225),(1508,'Badakhshan','BDS',1001),(1509,'Badghis','BDG',1001),(1510,'Baghlan','BGL',1001),(1511,'Balkh','BAL',1001),(1512,'Bamian','BAM',1001),(1513,'Farah','FRA',1001),(1514,'Faryab','FYB',1001),(1515,'Ghazni','GHA',1001),(1516,'Ghowr','GHO',1001),(1517,'Helmand','HEL',1001),(1518,'Herat','HER',1001),(1519,'Jowzjan','JOW',1001),(1520,'Kabul','KAB',1001),(1521,'Kandahar','KAN',1001),(1522,'Kapisa','KAP',1001),(1523,'Khowst','KHO',1001),(1524,'Konar','KNR',1001),(1525,'Kondoz','KDZ',1001),(1526,'Laghman','LAG',1001),(1527,'Lowgar','LOW',1001),(1528,'Nangrahar','NAN',1001),(1529,'Nimruz','NIM',1001),(1530,'Nurestan','NUR',1001),(1531,'Oruzgan','ORU',1001),(1532,'Paktia','PIA',1001),(1533,'Paktika','PKA',1001),(1534,'Parwan','PAR',1001),(1535,'Samangan','SAM',1001),(1536,'Sar-e Pol','SAR',1001),(1537,'Takhar','TAK',1001),(1538,'Wardak','WAR',1001),(1539,'Zabol','ZAB',1001),(1540,'Berat','BR',1002),(1541,'Bulqizë','BU',1002),(1542,'Delvinë','DL',1002),(1543,'Devoll','DV',1002),(1544,'Dibër','DI',1002),(1545,'Durrës','DR',1002),(1546,'Elbasan','EL',1002),(1547,'Fier','FR',1002),(1548,'Gramsh','GR',1002),(1549,'Gjirokastër','GJ',1002),(1550,'Has','HA',1002),(1551,'Kavajë','KA',1002),(1552,'Kolonjë','ER',1002),(1553,'Korçë','KO',1002),(1554,'Krujë','KR',1002),(1555,'Kuçovë','KC',1002),(1556,'Kukës','KU',1002),(1557,'Kurbin','KB',1002),(1558,'Lezhë','LE',1002),(1559,'Librazhd','LB',1002),(1560,'Lushnjë','LU',1002),(1561,'Malësi e Madhe','MM',1002),(1562,'Mallakastër','MK',1002),(1563,'Mat','MT',1002),(1564,'Mirditë','MR',1002),(1565,'Peqin','PQ',1002),(1566,'Përmet','PR',1002),(1567,'Pogradec','PG',1002),(1568,'Pukë','PU',1002),(1569,'Sarandë','SR',1002),(1570,'Skrapar','SK',1002),(1571,'Shkodër','SH',1002),(1572,'Tepelenë','TE',1002),(1573,'Tiranë','TR',1002),(1574,'Tropojë','TP',1002),(1575,'Vlorë','VL',1002),(1576,'Erevan','ER',1011),(1577,'Aragacotn','AG',1011),(1578,'Ararat','AR',1011),(1579,'Armavir','AV',1011),(1580,'Gegarkunik\'','GR',1011),(1581,'Kotayk\'','KT',1011),(1582,'Lory','LO',1011),(1583,'Sirak','SH',1011),(1584,'Syunik\'','SU',1011),(1585,'Tavus','TV',1011),(1586,'Vayoc Jor','VD',1011),(1587,'Bengo','BGO',1006),(1588,'Benguela','BGU',1006),(1589,'Bie','BIE',1006),(1590,'Cabinda','CAB',1006),(1591,'Cuando-Cubango','CCU',1006),(1592,'Cuanza Norte','CNO',1006),(1593,'Cuanza Sul','CUS',1006),(1594,'Cunene','CNN',1006),(1595,'Huambo','HUA',1006),(1596,'Huila','HUI',1006),(1597,'Luanda','LUA',1006),(1598,'Lunda Norte','LNO',1006),(1599,'Lunda Sul','LSU',1006),(1600,'Malange','MAL',1006),(1601,'Moxico','MOX',1006),(1602,'Namibe','NAM',1006),(1603,'Uige','UIG',1006),(1604,'Zaire','ZAI',1006),(1605,'Capital federal','C',1010),(1606,'Buenos Aires','B',1010),(1607,'Catamarca','K',1010),(1608,'Cordoba','X',1010),(1609,'Corrientes','W',1010),(1610,'Chaco','H',1010),(1611,'Chubut','U',1010),(1612,'Entre Rios','E',1010),(1613,'Formosa','P',1010),(1614,'Jujuy','Y',1010),(1615,'La Pampa','L',1010),(1616,'Mendoza','M',1010),(1617,'Misiones','N',1010),(1618,'Neuquen','Q',1010),(1619,'Rio Negro','R',1010),(1620,'Salta','A',1010),(1621,'San Juan','J',1010),(1622,'San Luis','D',1010),(1623,'Santa Cruz','Z',1010),(1624,'Santa Fe','S',1010),(1625,'Santiago del Estero','G',1010),(1626,'Tierra del Fuego','V',1010),(1627,'Tucuman','T',1010),(1628,'Burgenland','1',1014),(1629,'Kärnten','2',1014),(1630,'Niederösterreich','3',1014),(1631,'Oberösterreich','4',1014),(1632,'Salzburg','5',1014),(1633,'Steiermark','6',1014),(1634,'Tirol','7',1014),(1635,'Vorarlberg','8',1014),(1636,'Wien','9',1014),(1637,'Australian Antarctic Territory','AAT',1008),(1638,'Australian Capital Territory','ACT',1013),(1639,'Northern Territory','NT',1013),(1640,'New South Wales','NSW',1013),(1641,'Queensland','QLD',1013),(1642,'South Australia','SA',1013),(1643,'Tasmania','TAS',1013),(1644,'Victoria','VIC',1013),(1645,'Western Australia','WA',1013),(1646,'Naxcivan','NX',1015),(1647,'Ali Bayramli','AB',1015),(1648,'Baki','BA',1015),(1649,'Ganca','GA',1015),(1650,'Lankaran','LA',1015),(1651,'Mingacevir','MI',1015),(1652,'Naftalan','NA',1015),(1653,'Saki','SA',1015),(1654,'Sumqayit','SM',1015),(1655,'Susa','SS',1015),(1656,'Xankandi','XA',1015),(1657,'Yevlax','YE',1015),(1658,'Abseron','ABS',1015),(1659,'Agcabadi','AGC',1015),(1660,'Agdam','AGM',1015),(1661,'Agdas','AGS',1015),(1662,'Agstafa','AGA',1015),(1663,'Agsu','AGU',1015),(1664,'Astara','AST',1015),(1665,'Babak','BAB',1015),(1666,'Balakan','BAL',1015),(1667,'Barda','BAR',1015),(1668,'Beylagan','BEY',1015),(1669,'Bilasuvar','BIL',1015),(1670,'Cabrayll','CAB',1015),(1671,'Calilabad','CAL',1015),(1672,'Culfa','CUL',1015),(1673,'Daskasan','DAS',1015),(1674,'Davaci','DAV',1015),(1675,'Fuzuli','FUZ',1015),(1676,'Gadabay','GAD',1015),(1677,'Goranboy','GOR',1015),(1678,'Goycay','GOY',1015),(1679,'Haciqabul','HAC',1015),(1680,'Imisli','IMI',1015),(1681,'Ismayilli','ISM',1015),(1682,'Kalbacar','KAL',1015),(1683,'Kurdamir','KUR',1015),(1684,'Lacin','LAC',1015),(1685,'Lerik','LER',1015),(1686,'Masalli','MAS',1015),(1687,'Neftcala','NEF',1015),(1688,'Oguz','OGU',1015),(1689,'Ordubad','ORD',1015),(1690,'Qabala','QAB',1015),(1691,'Qax','QAX',1015),(1692,'Qazax','QAZ',1015),(1693,'Qobustan','QOB',1015),(1694,'Quba','QBA',1015),(1695,'Qubadli','QBI',1015),(1696,'Qusar','QUS',1015),(1697,'Saatli','SAT',1015),(1698,'Sabirabad','SAB',1015),(1699,'Sadarak','SAD',1015),(1700,'Sahbuz','SAH',1015),(1701,'Salyan','SAL',1015),(1702,'Samaxi','SMI',1015),(1703,'Samkir','SKR',1015),(1704,'Samux','SMX',1015),(1705,'Sarur','SAR',1015),(1706,'Siyazan','SIY',1015),(1707,'Tartar','TAR',1015),(1708,'Tovuz','TOV',1015),(1709,'Ucar','UCA',1015),(1710,'Xacmaz','XAC',1015),(1711,'Xanlar','XAN',1015),(1712,'Xizi','XIZ',1015),(1713,'Xocali','XCI',1015),(1714,'Xocavand','XVD',1015),(1715,'Yardimli','YAR',1015),(1716,'Zangilan','ZAN',1015),(1717,'Zaqatala','ZAQ',1015),(1718,'Zardab','ZAR',1015),(1719,'Federacija Bosna i Hercegovina','BIH',1026),(1720,'Republika Srpska','SRP',1026),(1721,'Bagerhat zila','05',1017),(1722,'Bandarban zila','01',1017),(1723,'Barguna zila','02',1017),(1724,'Barisal zila','06',1017),(1725,'Bhola zila','07',1017),(1726,'Bogra zila','03',1017),(1727,'Brahmanbaria zila','04',1017),(1728,'Chandpur zila','09',1017),(1729,'Chittagong zila','10',1017),(1730,'Chuadanga zila','12',1017),(1731,'Comilla zila','08',1017),(1732,'Cox\'s Bazar zila','11',1017),(1733,'Dhaka zila','13',1017),(1734,'Dinajpur zila','14',1017),(1735,'Faridpur zila','15',1017),(1736,'Feni zila','16',1017),(1737,'Gaibandha zila','19',1017),(1738,'Gazipur zila','18',1017),(1739,'Gopalganj zila','17',1017),(1740,'Habiganj zila','20',1017),(1741,'Jaipurhat zila','24',1017),(1742,'Jamalpur zila','21',1017),(1743,'Jessore zila','22',1017),(1744,'Jhalakati zila','25',1017),(1745,'Jhenaidah zila','23',1017),(1746,'Khagrachari zila','29',1017),(1747,'Khulna zila','27',1017),(1748,'Kishorganj zila','26',1017),(1749,'Kurigram zila','28',1017),(1750,'Kushtia zila','30',1017),(1751,'Lakshmipur zila','31',1017),(1752,'Lalmonirhat zila','32',1017),(1753,'Madaripur zila','36',1017),(1754,'Magura zila','37',1017),(1755,'Manikganj zila','33',1017),(1756,'Meherpur zila','39',1017),(1757,'Moulvibazar zila','38',1017),(1758,'Munshiganj zila','35',1017),(1759,'Mymensingh zila','34',1017),(1760,'Naogaon zila','48',1017),(1761,'Narail zila','43',1017),(1762,'Narayanganj zila','40',1017),(1763,'Narsingdi zila','42',1017),(1764,'Natore zila','44',1017),(1765,'Nawabganj zila','45',1017),(1766,'Netrakona zila','41',1017),(1767,'Nilphamari zila','46',1017),(1768,'Noakhali zila','47',1017),(1769,'Pabna zila','49',1017),(1770,'Panchagarh zila','52',1017),(1771,'Patuakhali zila','51',1017),(1772,'Pirojpur zila','50',1017),(1773,'Rajbari zila','53',1017),(1774,'Rajshahi zila','54',1017),(1775,'Rangamati zila','56',1017),(1776,'Rangpur zila','55',1017),(1777,'Satkhira zila','58',1017),(1778,'Shariatpur zila','62',1017),(1779,'Sherpur zila','57',1017),(1780,'Sirajganj zila','59',1017),(1781,'Sunamganj zila','61',1017),(1782,'Sylhet zila','60',1017),(1783,'Tangail zila','63',1017),(1784,'Thakurgaon zila','64',1017),(1785,'Antwerpen','VAN',1020),(1786,'Brabant Wallon','WBR',1020),(1787,'Hainaut','WHT',1020),(1788,'Liege','WLG',1020),(1789,'Limburg','VLI',1020),(1790,'Luxembourg','WLX',1020),(1791,'Namur','WNA',1020),(1792,'Oost-Vlaanderen','VOV',1020),(1793,'Vlaams-Brabant','VBR',1020),(1794,'West-Vlaanderen','VWV',1020),(1795,'Bale','BAL',1034),(1796,'Bam','BAM',1034),(1797,'Banwa','BAN',1034),(1798,'Bazega','BAZ',1034),(1799,'Bougouriba','BGR',1034),(1800,'Boulgou','BLG',1034),(1801,'Boulkiemde','BLK',1034),(1802,'Comoe','COM',1034),(1803,'Ganzourgou','GAN',1034),(1804,'Gnagna','GNA',1034),(1805,'Gourma','GOU',1034),(1806,'Houet','HOU',1034),(1807,'Ioba','IOB',1034),(1808,'Kadiogo','KAD',1034),(1809,'Kenedougou','KEN',1034),(1810,'Komondjari','KMD',1034),(1811,'Kompienga','KMP',1034),(1812,'Kossi','KOS',1034),(1813,'Koulpulogo','KOP',1034),(1814,'Kouritenga','KOT',1034),(1815,'Kourweogo','KOW',1034),(1816,'Leraba','LER',1034),(1817,'Loroum','LOR',1034),(1818,'Mouhoun','MOU',1034),(1819,'Nahouri','NAO',1034),(1820,'Namentenga','NAM',1034),(1821,'Nayala','NAY',1034),(1822,'Noumbiel','NOU',1034),(1823,'Oubritenga','OUB',1034),(1824,'Oudalan','OUD',1034),(1825,'Passore','PAS',1034),(1826,'Poni','PON',1034),(1827,'Sanguie','SNG',1034),(1828,'Sanmatenga','SMT',1034),(1829,'Seno','SEN',1034),(1830,'Siasili','SIS',1034),(1831,'Soum','SOM',1034),(1832,'Sourou','SOR',1034),(1833,'Tapoa','TAP',1034),(1834,'Tui','TUI',1034),(1835,'Yagha','YAG',1034),(1836,'Yatenga','YAT',1034),(1837,'Ziro','ZIR',1034),(1838,'Zondoma','ZON',1034),(1839,'Zoundweogo','ZOU',1034),(1840,'Blagoevgrad','01',1033),(1841,'Burgas','02',1033),(1842,'Dobrich','08',1033),(1843,'Gabrovo','07',1033),(1844,'Haskovo','26',1033),(1845,'Yambol','28',1033),(1846,'Kardzhali','09',1033),(1847,'Kyustendil','10',1033),(1848,'Lovech','11',1033),(1849,'Montana','12',1033),(1850,'Pazardzhik','13',1033),(1851,'Pernik','14',1033),(1852,'Pleven','15',1033),(1853,'Plovdiv','16',1033),(1854,'Razgrad','17',1033),(1855,'Ruse','18',1033),(1856,'Silistra','19',1033),(1857,'Sliven','20',1033),(1858,'Smolyan','21',1033),(1859,'Sofia','23',1033),(1860,'Stara Zagora','24',1033),(1861,'Shumen','27',1033),(1862,'Targovishte','25',1033),(1863,'Varna','03',1033),(1864,'Veliko Tarnovo','04',1033),(1865,'Vidin','05',1033),(1866,'Vratsa','06',1033),(1867,'Al Hadd','01',1016),(1868,'Al Manamah','03',1016),(1869,'Al Mintaqah al Gharbiyah','10',1016),(1870,'Al Mintagah al Wusta','07',1016),(1871,'Al Mintaqah ash Shamaliyah','05',1016),(1872,'Al Muharraq','02',1016),(1873,'Ar Rifa','09',1016),(1874,'Jidd Hafs','04',1016),(1875,'Madluat Jamad','12',1016),(1876,'Madluat Isa','08',1016),(1877,'Mintaqat Juzur tawar','11',1016),(1878,'Sitrah','06',1016),(1879,'Bubanza','BB',1036),(1880,'Bujumbura','BJ',1036),(1881,'Bururi','BR',1036),(1882,'Cankuzo','CA',1036),(1883,'Cibitoke','CI',1036),(1884,'Gitega','GI',1036),(1885,'Karuzi','KR',1036),(1886,'Kayanza','KY',1036),(1887,'Makamba','MA',1036),(1888,'Muramvya','MU',1036),(1889,'Mwaro','MW',1036),(1890,'Ngozi','NG',1036),(1891,'Rutana','RT',1036),(1892,'Ruyigi','RY',1036),(1893,'Alibori','AL',1022),(1894,'Atakora','AK',1022),(1895,'Atlantique','AQ',1022),(1896,'Borgou','BO',1022),(1897,'Collines','CO',1022),(1898,'Donga','DO',1022),(1899,'Kouffo','KO',1022),(1900,'Littoral','LI',1022),(1901,'Mono','MO',1022),(1902,'Oueme','OU',1022),(1903,'Plateau','PL',1022),(1904,'Zou','ZO',1022),(1905,'Belait','BE',1032),(1906,'Brunei-Muara','BM',1032),(1907,'Temburong','TE',1032),(1908,'Tutong','TU',1032),(1909,'Cochabamba','C',1025),(1910,'Chuquisaca','H',1025),(1911,'El Beni','B',1025),(1912,'La Paz','L',1025),(1913,'Oruro','O',1025),(1914,'Pando','N',1025),(1915,'Potosi','P',1025),(1916,'Tarija','T',1025),(1917,'Acre','AC',1029),(1918,'Alagoas','AL',1029),(1919,'Amazonas','AM',1029),(1920,'Amapa','AP',1029),(1921,'Bahia','BA',1029),(1922,'Ceara','CE',1029),(1923,'Distrito Federal','DF',1029),(1924,'Espirito Santo','ES',1029),(1926,'Goias','GO',1029),(1927,'Maranhao','MA',1029),(1928,'Minas Gerais','MG',1029),(1929,'Mato Grosso do Sul','MS',1029),(1930,'Mato Grosso','MT',1029),(1931,'Para','PA',1029),(1932,'Paraiba','PB',1029),(1933,'Pernambuco','PE',1029),(1934,'Piaui','PI',1029),(1935,'Parana','PR',1029),(1936,'Rio de Janeiro','RJ',1029),(1937,'Rio Grande do Norte','RN',1029),(1938,'Rondonia','RO',1029),(1939,'Roraima','RR',1029),(1940,'Rio Grande do Sul','RS',1029),(1941,'Santa Catarina','SC',1029),(1942,'Sergipe','SE',1029),(1943,'Sao Paulo','SP',1029),(1944,'Tocantins','TO',1029),(1945,'Acklins and Crooked Islands','AC',1212),(1946,'Bimini','BI',1212),(1947,'Cat Island','CI',1212),(1948,'Exuma','EX',1212),(1955,'Inagua','IN',1212),(1957,'Long Island','LI',1212),(1959,'Mayaguana','MG',1212),(1960,'New Providence','NP',1212),(1962,'Ragged Island','RI',1212),(1966,'Bumthang','33',1024),(1967,'Chhukha','12',1024),(1968,'Dagana','22',1024),(1969,'Gasa','GA',1024),(1970,'Ha','13',1024),(1971,'Lhuentse','44',1024),(1972,'Monggar','42',1024),(1973,'Paro','11',1024),(1974,'Pemagatshel','43',1024),(1975,'Punakha','23',1024),(1976,'Samdrup Jongkha','45',1024),(1977,'Samtee','14',1024),(1978,'Sarpang','31',1024),(1979,'Thimphu','15',1024),(1980,'Trashigang','41',1024),(1981,'Trashi Yangtse','TY',1024),(1982,'Trongsa','32',1024),(1983,'Tsirang','21',1024),(1984,'Wangdue Phodrang','24',1024),(1985,'Zhemgang','34',1024),(1986,'Central','CE',1027),(1987,'Ghanzi','GH',1027),(1988,'Kgalagadi','KG',1027),(1989,'Kgatleng','KL',1027),(1990,'Kweneng','KW',1027),(1991,'Ngamiland','NG',1027),(1992,'North-East','NE',1027),(1993,'North-West','NW',1027),(1994,'South-East','SE',1027),(1995,'Southern','SO',1027),(1996,'Brèsckaja voblasc\'','BR',1019),(1997,'Homel\'skaja voblasc\'','HO',1019),(1998,'Hrodzenskaja voblasc\'','HR',1019),(1999,'Mahilëuskaja voblasc\'','MA',1019),(2000,'Minskaja voblasc\'','MI',1019),(2001,'Vicebskaja voblasc\'','VI',1019),(2002,'Belize','BZ',1021),(2003,'Cayo','CY',1021),(2004,'Corozal','CZL',1021),(2005,'Orange Walk','OW',1021),(2006,'Stann Creek','SC',1021),(2007,'Toledo','TOL',1021),(2008,'Kinshasa','KN',1050),(2011,'Equateur','EQ',1050),(2014,'Kasai-Oriental','KE',1050),(2016,'Maniema','MA',1050),(2017,'Nord-Kivu','NK',1050),(2019,'Sud-Kivu','SK',1050),(2020,'Bangui','BGF',1042),(2021,'Bamingui-Bangoran','BB',1042),(2022,'Basse-Kotto','BK',1042),(2023,'Haute-Kotto','HK',1042),(2024,'Haut-Mbomou','HM',1042),(2025,'Kemo','KG',1042),(2026,'Lobaye','LB',1042),(2027,'Mambere-Kadei','HS',1042),(2028,'Mbomou','MB',1042),(2029,'Nana-Grebizi','KB',1042),(2030,'Nana-Mambere','NM',1042),(2031,'Ombella-Mpoko','MP',1042),(2032,'Ouaka','UK',1042),(2033,'Ouham','AC',1042),(2034,'Ouham-Pende','OP',1042),(2035,'Sangha-Mbaere','SE',1042),(2036,'Vakaga','VR',1042),(2037,'Brazzaville','BZV',1051),(2038,'Bouenza','11',1051),(2039,'Cuvette','8',1051),(2040,'Cuvette-Ouest','15',1051),(2041,'Kouilou','5',1051),(2042,'Lekoumou','2',1051),(2043,'Likouala','7',1051),(2044,'Niari','9',1051),(2045,'Plateaux','14',1051),(2046,'Pool','12',1051),(2047,'Sangha','13',1051),(2048,'Aargau','AG',1205),(2049,'Appenzell Innerrhoden','AI',1205),(2050,'Appenzell Ausserrhoden','AR',1205),(2051,'Bern','BE',1205),(2052,'Basel-Landschaft','BL',1205),(2053,'Basel-Stadt','BS',1205),(2054,'Fribourg','FR',1205),(2055,'Geneva','GE',1205),(2056,'Glarus','GL',1205),(2057,'Graubunden','GR',1205),(2058,'Jura','JU',1205),(2059,'Luzern','LU',1205),(2060,'Neuchatel','NE',1205),(2061,'Nidwalden','NW',1205),(2062,'Obwalden','OW',1205),(2063,'Sankt Gallen','SG',1205),(2064,'Schaffhausen','SH',1205),(2065,'Solothurn','SO',1205),(2066,'Schwyz','SZ',1205),(2067,'Thurgau','TG',1205),(2068,'Ticino','TI',1205),(2069,'Uri','UR',1205),(2070,'Vaud','VD',1205),(2071,'Valais','VS',1205),(2072,'Zug','ZG',1205),(2073,'Zurich','ZH',1205),(2074,'18 Montagnes','06',1054),(2075,'Agnebi','16',1054),(2076,'Bas-Sassandra','09',1054),(2077,'Denguele','10',1054),(2078,'Haut-Sassandra','02',1054),(2079,'Lacs','07',1054),(2080,'Lagunes','01',1054),(2081,'Marahoue','12',1054),(2082,'Moyen-Comoe','05',1054),(2083,'Nzi-Comoe','11',1054),(2084,'Savanes','03',1054),(2085,'Sud-Bandama','15',1054),(2086,'Sud-Comoe','13',1054),(2087,'Vallee du Bandama','04',1054),(2088,'Worodouqou','14',1054),(2089,'Zanzan','08',1054),(2090,'Aisen del General Carlos Ibanez del Campo','AI',1044),(2091,'Antofagasta','AN',1044),(2092,'Araucania','AR',1044),(2093,'Atacama','AT',1044),(2094,'Bio-Bio','BI',1044),(2095,'Coquimbo','CO',1044),(2096,'Libertador General Bernardo O\'Higgins','LI',1044),(2097,'Los Lagos','LL',1044),(2098,'Magallanes','MA',1044),(2099,'Maule','ML',1044),(2100,'Santiago Metropolitan','SM',1044),(2101,'Tarapaca','TA',1044),(2102,'Valparaiso','VS',1044),(2103,'Adamaoua','AD',1038),(2104,'Centre','CE',1038),(2105,'East','ES',1038),(2106,'Far North','EN',1038),(2107,'North','NO',1038),(2108,'South','SW',1038),(2109,'South-West','SW',1038),(2110,'West','OU',1038),(2111,'Beijing','11',1045),(2112,'Chongqing','50',1045),(2113,'Shanghai','31',1045),(2114,'Tianjin','12',1045),(2115,'Anhui','34',1045),(2116,'Fujian','35',1045),(2117,'Gansu','62',1045),(2118,'Guangdong','44',1045),(2119,'Guizhou','52',1045),(2120,'Hainan','46',1045),(2121,'Hebei','13',1045),(2122,'Heilongjiang','23',1045),(2123,'Henan','41',1045),(2124,'Hubei','42',1045),(2125,'Hunan','43',1045),(2126,'Jiangsu','32',1045),(2127,'Jiangxi','36',1045),(2128,'Jilin','22',1045),(2129,'Liaoning','21',1045),(2130,'Qinghai','63',1045),(2131,'Shaanxi','61',1045),(2132,'Shandong','37',1045),(2133,'Shanxi','14',1045),(2134,'Sichuan','51',1045),(2135,'Taiwan','71',1045),(2136,'Yunnan','53',1045),(2137,'Zhejiang','33',1045),(2138,'Guangxi','45',1045),(2139,'Neia Mongol (mn)','15',1045),(2140,'Xinjiang','65',1045),(2141,'Xizang','54',1045),(2142,'Hong Kong','91',1045),(2143,'Macau','92',1045),(2144,'Distrito Capital de Bogotá','DC',1048),(2145,'Amazonea','AMA',1048),(2146,'Antioquia','ANT',1048),(2147,'Arauca','ARA',1048),(2148,'Atlántico','ATL',1048),(2149,'Bolívar','BOL',1048),(2150,'Boyacá','BOY',1048),(2151,'Caldea','CAL',1048),(2152,'Caquetá','CAQ',1048),(2153,'Casanare','CAS',1048),(2154,'Cauca','CAU',1048),(2155,'Cesar','CES',1048),(2156,'Córdoba','COR',1048),(2157,'Cundinamarca','CUN',1048),(2158,'Chocó','CHO',1048),(2159,'Guainía','GUA',1048),(2160,'Guaviare','GUV',1048),(2161,'La Guajira','LAG',1048),(2162,'Magdalena','MAG',1048),(2163,'Meta','MET',1048),(2164,'Nariño','NAR',1048),(2165,'Norte de Santander','NSA',1048),(2166,'Putumayo','PUT',1048),(2167,'Quindio','QUI',1048),(2168,'Risaralda','RIS',1048),(2169,'San Andrés, Providencia y Santa Catalina','SAP',1048),(2170,'Santander','SAN',1048),(2171,'Sucre','SUC',1048),(2172,'Tolima','TOL',1048),(2173,'Valle del Cauca','VAC',1048),(2174,'Vaupés','VAU',1048),(2175,'Vichada','VID',1048),(2176,'Alajuela','A',1053),(2177,'Cartago','C',1053),(2178,'Guanacaste','G',1053),(2179,'Heredia','H',1053),(2180,'Limon','L',1053),(2181,'Puntarenas','P',1053),(2182,'San Jose','SJ',1053),(2183,'Camagey','09',1056),(2184,'Ciego de `vila','08',1056),(2185,'Cienfuegos','06',1056),(2186,'Ciudad de La Habana','03',1056),(2187,'Granma','12',1056),(2188,'Guantanamo','14',1056),(2189,'Holquin','11',1056),(2190,'La Habana','02',1056),(2191,'Las Tunas','10',1056),(2192,'Matanzas','04',1056),(2193,'Pinar del Rio','01',1056),(2194,'Sancti Spiritus','07',1056),(2195,'Santiago de Cuba','13',1056),(2196,'Villa Clara','05',1056),(2197,'Isla de la Juventud','99',1056),(2198,'Pinar del Roo','PR',1056),(2199,'Ciego de Avila','CA',1056),(2200,'Camagoey','CG',1056),(2201,'Holgun','HO',1056),(2202,'Sancti Spritus','SS',1056),(2203,'Municipio Especial Isla de la Juventud','IJ',1056),(2204,'Boa Vista','BV',1040),(2205,'Brava','BR',1040),(2206,'Calheta de Sao Miguel','CS',1040),(2207,'Fogo','FO',1040),(2208,'Maio','MA',1040),(2209,'Mosteiros','MO',1040),(2210,'Paul','PA',1040),(2211,'Porto Novo','PN',1040),(2212,'Praia','PR',1040),(2213,'Ribeira Grande','RG',1040),(2214,'Sal','SL',1040),(2215,'Sao Domingos','SD',1040),(2216,'Sao Filipe','SF',1040),(2217,'Sao Nicolau','SN',1040),(2218,'Sao Vicente','SV',1040),(2219,'Tarrafal','TA',1040),(2220,'Ammochostos Magusa','04',1057),(2221,'Keryneia','06',1057),(2222,'Larnaka','03',1057),(2223,'Lefkosia','01',1057),(2224,'Lemesos','02',1057),(2225,'Pafos','05',1057),(2226,'Jihočeský kraj','JC',1058),(2227,'Jihomoravský kraj','JM',1058),(2228,'Karlovarský kraj','KA',1058),(2229,'Královéhradecký kraj','KR',1058),(2230,'Liberecký kraj','LI',1058),(2231,'Moravskoslezský kraj','MO',1058),(2232,'Olomoucký kraj','OL',1058),(2233,'Pardubický kraj','PA',1058),(2234,'Plzeňský kraj','PL',1058),(2235,'Praha, hlavní město','PR',1058),(2236,'Středočeský kraj','ST',1058),(2237,'Ústecký kraj','US',1058),(2238,'Vysočina','VY',1058),(2239,'Zlínský kraj','ZL',1058),(2240,'Baden-Württemberg','BW',1082),(2241,'Bayern','BY',1082),(2242,'Bremen','HB',1082),(2243,'Hamburg','HH',1082),(2244,'Hessen','HE',1082),(2245,'Niedersachsen','NI',1082),(2246,'Nordrhein-Westfalen','NW',1082),(2247,'Rheinland-Pfalz','RP',1082),(2248,'Saarland','SL',1082),(2249,'Schleswig-Holstein','SH',1082),(2250,'Berlin','BE',1082),(2251,'Brandenburg','BB',1082),(2252,'Mecklenburg-Vorpommern','MV',1082),(2253,'Sachsen','SN',1082),(2254,'Sachsen-Anhalt','ST',1082),(2255,'Thüringen','TH',1082),(2256,'Ali Sabiah','AS',1060),(2257,'Dikhil','DI',1060),(2258,'Djibouti','DJ',1060),(2259,'Obock','OB',1060),(2260,'Tadjoura','TA',1060),(2261,'Frederiksberg','147',1059),(2262,'Copenhagen City','101',1059),(2263,'Copenhagen','015',1059),(2264,'Frederiksborg','020',1059),(2265,'Roskilde','025',1059),(2266,'Vestsjælland','030',1059),(2267,'Storstrøm','035',1059),(2268,'Bornholm','040',1059),(2269,'Fyn','042',1059),(2270,'South Jutland','050',1059),(2271,'Ribe','055',1059),(2272,'Vejle','060',1059),(2273,'Ringkjøbing','065',1059),(2274,'Århus','070',1059),(2275,'Viborg','076',1059),(2276,'North Jutland','080',1059),(2277,'Distrito Nacional (Santo Domingo)','01',1062),(2278,'Azua','02',1062),(2279,'Bahoruco','03',1062),(2280,'Barahona','04',1062),(2281,'Dajabón','05',1062),(2282,'Duarte','06',1062),(2283,'El Seybo [El Seibo]','08',1062),(2284,'Espaillat','09',1062),(2285,'Hato Mayor','30',1062),(2286,'Independencia','10',1062),(2287,'La Altagracia','11',1062),(2288,'La Estrelleta [Elias Pina]','07',1062),(2289,'La Romana','12',1062),(2290,'La Vega','13',1062),(2291,'Maroia Trinidad Sánchez','14',1062),(2292,'Monseñor Nouel','28',1062),(2293,'Monte Cristi','15',1062),(2294,'Monte Plata','29',1062),(2295,'Pedernales','16',1062),(2296,'Peravia','17',1062),(2297,'Puerto Plata','18',1062),(2298,'Salcedo','19',1062),(2299,'Samaná','20',1062),(2300,'San Cristóbal','21',1062),(2301,'San Pedro de Macorís','23',1062),(2302,'Sánchez Ramírez','24',1062),(2303,'Santiago','25',1062),(2304,'Santiago Rodríguez','26',1062),(2305,'Valverde','27',1062),(2306,'Adrar','01',1003),(2307,'Ain Defla','44',1003),(2308,'Ain Tmouchent','46',1003),(2309,'Alger','16',1003),(2310,'Annaba','23',1003),(2311,'Batna','05',1003),(2312,'Bechar','08',1003),(2313,'Bejaia','06',1003),(2314,'Biskra','07',1003),(2315,'Blida','09',1003),(2316,'Bordj Bou Arreridj','34',1003),(2317,'Bouira','10',1003),(2318,'Boumerdes','35',1003),(2319,'Chlef','02',1003),(2320,'Constantine','25',1003),(2321,'Djelfa','17',1003),(2322,'El Bayadh','32',1003),(2323,'El Oued','39',1003),(2324,'El Tarf','36',1003),(2325,'Ghardaia','47',1003),(2326,'Guelma','24',1003),(2327,'Illizi','33',1003),(2328,'Jijel','18',1003),(2329,'Khenchela','40',1003),(2330,'Laghouat','03',1003),(2331,'Mascara','29',1003),(2332,'Medea','26',1003),(2333,'Mila','43',1003),(2334,'Mostaganem','27',1003),(2335,'Msila','28',1003),(2336,'Naama','45',1003),(2337,'Oran','31',1003),(2338,'Ouargla','30',1003),(2339,'Oum el Bouaghi','04',1003),(2340,'Relizane','48',1003),(2341,'Saida','20',1003),(2342,'Setif','19',1003),(2343,'Sidi Bel Abbes','22',1003),(2344,'Skikda','21',1003),(2345,'Souk Ahras','41',1003),(2346,'Tamanghasset','11',1003),(2347,'Tebessa','12',1003),(2348,'Tiaret','14',1003),(2349,'Tindouf','37',1003),(2350,'Tipaza','42',1003),(2351,'Tissemsilt','38',1003),(2352,'Tizi Ouzou','15',1003),(2353,'Tlemcen','13',1003),(2354,'Azuay','A',1064),(2355,'Bolivar','B',1064),(2356,'Canar','F',1064),(2357,'Carchi','C',1064),(2358,'Cotopaxi','X',1064),(2359,'Chimborazo','H',1064),(2360,'El Oro','O',1064),(2361,'Esmeraldas','E',1064),(2362,'Galapagos','W',1064),(2363,'Guayas','G',1064),(2364,'Imbabura','I',1064),(2365,'Loja','L',1064),(2366,'Los Rios','R',1064),(2367,'Manabi','M',1064),(2368,'Morona-Santiago','S',1064),(2369,'Napo','N',1064),(2370,'Orellana','D',1064),(2371,'Pastaza','Y',1064),(2372,'Pichincha','P',1064),(2373,'Sucumbios','U',1064),(2374,'Tungurahua','T',1064),(2375,'Zamora-Chinchipe','Z',1064),(2376,'Harjumaa','37',1069),(2377,'Hiiumaa','39',1069),(2378,'Ida-Virumaa','44',1069),(2379,'Jõgevamaa','49',1069),(2380,'Järvamaa','51',1069),(2381,'Läänemaa','57',1069),(2382,'Lääne-Virumaa','59',1069),(2383,'Põlvamaa','65',1069),(2384,'Pärnumaa','67',1069),(2385,'Raplamaa','70',1069),(2386,'Saaremaa','74',1069),(2387,'Tartumaa','7B',1069),(2388,'Valgamaa','82',1069),(2389,'Viljandimaa','84',1069),(2390,'Võrumaa','86',1069),(2391,'Ad Daqahllyah','DK',1065),(2392,'Al Bahr al Ahmar','BA',1065),(2393,'Al Buhayrah','BH',1065),(2394,'Al Fayym','FYM',1065),(2395,'Al Gharbiyah','GH',1065),(2396,'Al Iskandarlyah','ALX',1065),(2397,'Al Isma illyah','IS',1065),(2398,'Al Jizah','GZ',1065),(2399,'Al Minuflyah','MNF',1065),(2400,'Al Minya','MN',1065),(2401,'Al Qahirah','C',1065),(2402,'Al Qalyublyah','KB',1065),(2403,'Al Wadi al Jadid','WAD',1065),(2404,'Ash Sharqiyah','SHR',1065),(2405,'As Suways','SUZ',1065),(2406,'Aswan','ASN',1065),(2407,'Asyut','AST',1065),(2408,'Bani Suwayf','BNS',1065),(2409,'Bur Sa\'id','PTS',1065),(2410,'Dumyat','DT',1065),(2411,'Janub Sina\'','JS',1065),(2412,'Kafr ash Shaykh','KFS',1065),(2413,'Matruh','MT',1065),(2414,'Qina','KN',1065),(2415,'Shamal Sina\'','SIN',1065),(2416,'Suhaj','SHG',1065),(2417,'Anseba','AN',1068),(2418,'Debub','DU',1068),(2419,'Debubawi Keyih Bahri [Debub-Keih-Bahri]','DK',1068),(2420,'Gash-Barka','GB',1068),(2421,'Maakel [Maekel]','MA',1068),(2422,'Semenawi Keyih Bahri [Semien-Keih-Bahri]','SK',1068),(2423,'Álava','VI',1198),(2424,'Albacete','AB',1198),(2425,'Alicante','A',1198),(2426,'Almería','AL',1198),(2427,'Asturias','O',1198),(2428,'Ávila','AV',1198),(2429,'Badajoz','BA',1198),(2430,'Baleares','PM',1198),(2431,'Barcelona','B',1198),(2432,'Burgos','BU',1198),(2433,'Cáceres','CC',1198),(2434,'Cádiz','CA',1198),(2435,'Cantabria','S',1198),(2436,'Castellón','CS',1198),(2437,'Ciudad Real','CR',1198),(2438,'Cuenca','CU',1198),(2439,'Girona [Gerona]','GE',1198),(2440,'Granada','GR',1198),(2441,'Guadalajara','GU',1198),(2442,'Guipúzcoa','SS',1198),(2443,'Huelva','H',1198),(2444,'Huesca','HU',1198),(2445,'Jaén','J',1198),(2446,'La Coruña','C',1198),(2447,'La Rioja','LO',1198),(2448,'Las Palmas','GC',1198),(2449,'León','LE',1198),(2450,'Lleida [Lérida]','L',1198),(2451,'Lugo','LU',1198),(2452,'Madrid','M',1198),(2453,'Málaga','MA',1198),(2454,'Murcia','MU',1198),(2455,'Navarra','NA',1198),(2456,'Ourense','OR',1198),(2457,'Palencia','P',1198),(2458,'Pontevedra','PO',1198),(2459,'Salamanca','SA',1198),(2460,'Santa Cruz de Tenerife','TF',1198),(2461,'Segovia','SG',1198),(2462,'Sevilla','SE',1198),(2463,'Soria','SO',1198),(2464,'Tarragona','T',1198),(2465,'Teruel','TE',1198),(2466,'Valencia','V',1198),(2467,'Valladolid','VA',1198),(2468,'Vizcaya','BI',1198),(2469,'Zamora','ZA',1198),(2470,'Zaragoza','Z',1198),(2471,'Ceuta','CE',1198),(2472,'Melilla','ML',1198),(2473,'Addis Ababa','AA',1070),(2474,'Dire Dawa','DD',1070),(2475,'Afar','AF',1070),(2476,'Amara','AM',1070),(2477,'Benshangul-Gumaz','BE',1070),(2478,'Gambela Peoples','GA',1070),(2479,'Harari People','HA',1070),(2480,'Oromia','OR',1070),(2481,'Somali','SO',1070),(2482,'Southern Nations, Nationalities and Peoples','SN',1070),(2483,'Tigrai','TI',1070),(2490,'Eastern','E',1074),(2491,'Northern','N',1074),(2492,'Western','W',1074),(2493,'Rotuma','R',1074),(2494,'Chuuk','TRK',1141),(2495,'Kosrae','KSA',1141),(2496,'Pohnpei','PNI',1141),(2497,'Yap','YAP',1141),(2498,'Ain','01',1076),(2499,'Aisne','02',1076),(2500,'Allier','03',1076),(2501,'Alpes-de-Haute-Provence','04',1076),(2502,'Alpes-Maritimes','06',1076),(2503,'Ardèche','07',1076),(2504,'Ardennes','08',1076),(2505,'Ariège','09',1076),(2506,'Aube','10',1076),(2507,'Aude','11',1076),(2508,'Aveyron','12',1076),(2509,'Bas-Rhin','67',1076),(2510,'Bouches-du-Rhône','13',1076),(2511,'Calvados','14',1076),(2512,'Cantal','15',1076),(2513,'Charente','16',1076),(2514,'Charente-Maritime','17',1076),(2515,'Cher','18',1076),(2516,'Corrèze','19',1076),(2517,'Corse-du-Sud','20A',1076),(2518,'Côte-d\'Or','21',1076),(2519,'Côtes-d\'Armor','22',1076),(2520,'Creuse','23',1076),(2521,'Deux-Sèvres','79',1076),(2522,'Dordogne','24',1076),(2523,'Doubs','25',1076),(2524,'Drôme','26',1076),(2525,'Essonne','91',1076),(2526,'Eure','27',1076),(2527,'Eure-et-Loir','28',1076),(2528,'Finistère','29',1076),(2529,'Gard','30',1076),(2530,'Gers','32',1076),(2531,'Gironde','33',1076),(2532,'Haut-Rhin','68',1076),(2533,'Haute-Corse','20B',1076),(2534,'Haute-Garonne','31',1076),(2535,'Haute-Loire','43',1076),(2536,'Haute-Saône','70',1076),(2537,'Haute-Savoie','74',1076),(2538,'Haute-Vienne','87',1076),(2539,'Hautes-Alpes','05',1076),(2540,'Hautes-Pyrénées','65',1076),(2541,'Hauts-de-Seine','92',1076),(2542,'Hérault','34',1076),(2543,'Indre','36',1076),(2544,'Ille-et-Vilaine','35',1076),(2545,'Indre-et-Loire','37',1076),(2546,'Isère','38',1076),(2547,'Landes','40',1076),(2548,'Loir-et-Cher','41',1076),(2549,'Loire','42',1076),(2550,'Loire-Atlantique','44',1076),(2551,'Loiret','45',1076),(2552,'Lot','46',1076),(2553,'Lot-et-Garonne','47',1076),(2554,'Lozère','48',1076),(2555,'Maine-et-Loire','49',1076),(2556,'Manche','50',1076),(2557,'Marne','51',1076),(2558,'Mayenne','53',1076),(2559,'Meurthe-et-Moselle','54',1076),(2560,'Meuse','55',1076),(2561,'Morbihan','56',1076),(2562,'Moselle','57',1076),(2563,'Nièvre','58',1076),(2564,'Nord','59',1076),(2565,'Oise','60',1076),(2566,'Orne','61',1076),(2567,'Paris','75',1076),(2568,'Pas-de-Calais','62',1076),(2569,'Puy-de-Dôme','63',1076),(2570,'Pyrénées-Atlantiques','64',1076),(2571,'Pyrénées-Orientales','66',1076),(2572,'Rhône','69',1076),(2573,'Saône-et-Loire','71',1076),(2574,'Sarthe','72',1076),(2575,'Savoie','73',1076),(2576,'Seine-et-Marne','77',1076),(2577,'Seine-Maritime','76',1076),(2578,'Seine-Saint-Denis','93',1076),(2579,'Somme','80',1076),(2580,'Tarn','81',1076),(2581,'Tarn-et-Garonne','82',1076),(2582,'Val d\'Oise','95',1076),(2583,'Territoire de Belfort','90',1076),(2584,'Val-de-Marne','94',1076),(2585,'Var','83',1076),(2586,'Vaucluse','84',1076),(2587,'Vendée','85',1076),(2588,'Vienne','86',1076),(2589,'Vosges','88',1076),(2590,'Yonne','89',1076),(2591,'Yvelines','78',1076),(2592,'Aberdeen City','ABE',1226),(2593,'Aberdeenshire','ABD',1226),(2594,'Angus','ANS',1226),(2595,'Co Antrim','ANT',1226),(2597,'Argyll and Bute','AGB',1226),(2598,'Co Armagh','ARM',1226),(2606,'Bedfordshire','BDF',1226),(2612,'Gwent','BGW',1226),(2620,'Bristol, City of','BST',1226),(2622,'Buckinghamshire','BKM',1226),(2626,'Cambridgeshire','CAM',1226),(2634,'Cheshire','CHS',1226),(2635,'Clackmannanshire','CLK',1226),(2639,'Cornwall','CON',1226),(2643,'Cumbria','CMA',1226),(2647,'Derbyshire','DBY',1226),(2648,'Co Londonderry','DRY',1226),(2649,'Devon','DEV',1226),(2651,'Dorset','DOR',1226),(2652,'Co Down','DOW',1226),(2654,'Dumfries and Galloway','DGY',1226),(2655,'Dundee City','DND',1226),(2657,'County Durham','DUR',1226),(2659,'East Ayrshire','EAY',1226),(2660,'East Dunbartonshire','EDU',1226),(2661,'East Lothian','ELN',1226),(2662,'East Renfrewshire','ERW',1226),(2663,'East Riding of Yorkshire','ERY',1226),(2664,'East Sussex','ESX',1226),(2665,'Edinburgh, City of','EDH',1226),(2666,'Na h-Eileanan Siar','ELS',1226),(2668,'Essex','ESS',1226),(2669,'Falkirk','FAL',1226),(2670,'Co Fermanagh','FER',1226),(2671,'Fife','FIF',1226),(2674,'Glasgow City','GLG',1226),(2675,'Gloucestershire','GLS',1226),(2678,'Gwynedd','GWN',1226),(2682,'Hampshire','HAM',1226),(2687,'Herefordshire','HEF',1226),(2688,'Hertfordshire','HRT',1226),(2689,'Highland','HED',1226),(2692,'Inverclyde','IVC',1226),(2694,'Isle of Wight','IOW',1226),(2699,'Kent','KEN',1226),(2705,'Lancashire','LAN',1226),(2709,'Leicestershire','LEC',1226),(2712,'Lincolnshire','LIN',1226),(2723,'Midlothian','MLN',1226),(2726,'Moray','MRY',1226),(2734,'Norfolk','NFK',1226),(2735,'North Ayrshire','NAY',1226),(2738,'North Lanarkshire','NLK',1226),(2742,'North Yorkshire','NYK',1226),(2743,'Northamptonshire','NTH',1226),(2744,'Northumberland','NBL',1226),(2746,'Nottinghamshire','NTT',1226),(2747,'Oldham','OLD',1226),(2748,'Omagh','OMH',1226),(2749,'Orkney Islands','ORR',1226),(2750,'Oxfordshire','OXF',1226),(2752,'Perth and Kinross','PKN',1226),(2757,'Powys','POW',1226),(2761,'Renfrewshire','RFW',1226),(2766,'Rutland','RUT',1226),(2770,'Scottish Borders','SCB',1226),(2773,'Shetland Islands','ZET',1226),(2774,'Shropshire','SHR',1226),(2777,'Somerset','SOM',1226),(2778,'South Ayrshire','SAY',1226),(2779,'South Gloucestershire','SGC',1226),(2780,'South Lanarkshire','SLK',1226),(2785,'Staffordshire','STS',1226),(2786,'Stirling','STG',1226),(2791,'Suffolk','SFK',1226),(2793,'Surrey','SRY',1226),(2804,'Mid Glamorgan','VGL',1226),(2811,'Warwickshire','WAR',1226),(2813,'West Dunbartonshire','WDU',1226),(2814,'West Lothian','WLN',1226),(2815,'West Sussex','WSX',1226),(2818,'Wiltshire','WIL',1226),(2823,'Worcestershire','WOR',1226),(2826,'Ashanti','AH',1083),(2827,'Brong-Ahafo','BA',1083),(2828,'Greater Accra','AA',1083),(2829,'Upper East','UE',1083),(2830,'Upper West','UW',1083),(2831,'Volta','TV',1083),(2832,'Banjul','B',1213),(2833,'Lower River','L',1213),(2834,'MacCarthy Island','M',1213),(2835,'North Bank','N',1213),(2836,'Upper River','U',1213),(2837,'Beyla','BE',1091),(2838,'Boffa','BF',1091),(2839,'Boke','BK',1091),(2840,'Coyah','CO',1091),(2841,'Dabola','DB',1091),(2842,'Dalaba','DL',1091),(2843,'Dinguiraye','DI',1091),(2844,'Dubreka','DU',1091),(2845,'Faranah','FA',1091),(2846,'Forecariah','FO',1091),(2847,'Fria','FR',1091),(2848,'Gaoual','GA',1091),(2849,'Guekedou','GU',1091),(2850,'Kankan','KA',1091),(2851,'Kerouane','KE',1091),(2852,'Kindia','KD',1091),(2853,'Kissidougou','KS',1091),(2854,'Koubia','KB',1091),(2855,'Koundara','KN',1091),(2856,'Kouroussa','KO',1091),(2857,'Labe','LA',1091),(2858,'Lelouma','LE',1091),(2859,'Lola','LO',1091),(2860,'Macenta','MC',1091),(2861,'Mali','ML',1091),(2862,'Mamou','MM',1091),(2863,'Mandiana','MD',1091),(2864,'Nzerekore','NZ',1091),(2865,'Pita','PI',1091),(2866,'Siguiri','SI',1091),(2867,'Telimele','TE',1091),(2868,'Tougue','TO',1091),(2869,'Yomou','YO',1091),(2870,'Region Continental','C',1067),(2871,'Region Insular','I',1067),(2872,'Annobon','AN',1067),(2873,'Bioko Norte','BN',1067),(2874,'Bioko Sur','BS',1067),(2875,'Centro Sur','CS',1067),(2876,'Kie-Ntem','KN',1067),(2877,'Litoral','LI',1067),(2878,'Wele-Nzas','WN',1067),(2879,'Achaïa','13',1085),(2880,'Aitolia-Akarnania','01',1085),(2881,'Argolis','11',1085),(2882,'Arkadia','12',1085),(2883,'Arta','31',1085),(2884,'Attiki','A1',1085),(2885,'Chalkidiki','64',1085),(2886,'Chania','94',1085),(2887,'Chios','85',1085),(2888,'Dodekanisos','81',1085),(2889,'Drama','52',1085),(2890,'Evros','71',1085),(2891,'Evrytania','05',1085),(2892,'Evvoia','04',1085),(2893,'Florina','63',1085),(2894,'Fokis','07',1085),(2895,'Fthiotis','06',1085),(2896,'Grevena','51',1085),(2897,'Ileia','14',1085),(2898,'Imathia','53',1085),(2899,'Ioannina','33',1085),(2900,'Irakleion','91',1085),(2901,'Karditsa','41',1085),(2902,'Kastoria','56',1085),(2903,'Kavalla','55',1085),(2904,'Kefallinia','23',1085),(2905,'Kerkyra','22',1085),(2906,'Kilkis','57',1085),(2907,'Korinthia','15',1085),(2908,'Kozani','58',1085),(2909,'Kyklades','82',1085),(2910,'Lakonia','16',1085),(2911,'Larisa','42',1085),(2912,'Lasithion','92',1085),(2913,'Lefkas','24',1085),(2914,'Lesvos','83',1085),(2915,'Magnisia','43',1085),(2916,'Messinia','17',1085),(2917,'Pella','59',1085),(2918,'Preveza','34',1085),(2919,'Rethymnon','93',1085),(2920,'Rodopi','73',1085),(2921,'Samos','84',1085),(2922,'Serrai','62',1085),(2923,'Thesprotia','32',1085),(2924,'Thessaloniki','54',1085),(2925,'Trikala','44',1085),(2926,'Voiotia','03',1085),(2927,'Xanthi','72',1085),(2928,'Zakynthos','21',1085),(2929,'Agio Oros','69',1085),(2930,'Alta Verapaz','AV',1090),(2931,'Baja Verapaz','BV',1090),(2932,'Chimaltenango','CM',1090),(2933,'Chiquimula','CQ',1090),(2934,'El Progreso','PR',1090),(2935,'Escuintla','ES',1090),(2936,'Guatemala','GU',1090),(2937,'Huehuetenango','HU',1090),(2938,'Izabal','IZ',1090),(2939,'Jalapa','JA',1090),(2940,'Jutiapa','JU',1090),(2941,'Peten','PE',1090),(2942,'Quetzaltenango','QZ',1090),(2943,'Quiche','QC',1090),(2944,'Retalhuleu','RE',1090),(2945,'Sacatepequez','SA',1090),(2946,'San Marcos','SM',1090),(2947,'Santa Rosa','SR',1090),(2948,'Sololá','SO',1090),(2949,'Suchitepequez','SU',1090),(2950,'Totonicapan','TO',1090),(2951,'Zacapa','ZA',1090),(2952,'Bissau','BS',1092),(2953,'Bafata','BA',1092),(2954,'Biombo','BM',1092),(2955,'Bolama','BL',1092),(2956,'Cacheu','CA',1092),(2957,'Gabu','GA',1092),(2958,'Oio','OI',1092),(2959,'Quloara','QU',1092),(2960,'Tombali S','TO',1092),(2961,'Barima-Waini','BA',1093),(2962,'Cuyuni-Mazaruni','CU',1093),(2963,'Demerara-Mahaica','DE',1093),(2964,'East Berbice-Corentyne','EB',1093),(2965,'Essequibo Islands-West Demerara','ES',1093),(2966,'Mahaica-Berbice','MA',1093),(2967,'Pomeroon-Supenaam','PM',1093),(2968,'Potaro-Siparuni','PT',1093),(2969,'Upper Demerara-Berbice','UD',1093),(2970,'Upper Takutu-Upper Essequibo','UT',1093),(2971,'Atlantida','AT',1097),(2972,'Colon','CL',1097),(2973,'Comayagua','CM',1097),(2974,'Copan','CP',1097),(2975,'Cortes','CR',1097),(2976,'Choluteca','CH',1097),(2977,'El Paraiso','EP',1097),(2978,'Francisco Morazan','FM',1097),(2979,'Gracias a Dios','GD',1097),(2980,'Intibuca','IN',1097),(2981,'Islas de la Bahia','IB',1097),(2982,'Lempira','LE',1097),(2983,'Ocotepeque','OC',1097),(2984,'Olancho','OL',1097),(2985,'Santa Barbara','SB',1097),(2986,'Valle','VA',1097),(2987,'Yoro','YO',1097),(2988,'Bjelovarsko-bilogorska zupanija','07',1055),(2989,'Brodsko-posavska zupanija','12',1055),(2990,'Dubrovacko-neretvanska zupanija','19',1055),(2991,'Istarska zupanija','18',1055),(2992,'Karlovacka zupanija','04',1055),(2993,'Koprivnickco-krizevacka zupanija','06',1055),(2994,'Krapinako-zagorska zupanija','02',1055),(2995,'Licko-senjska zupanija','09',1055),(2996,'Medimurska zupanija','20',1055),(2997,'Osjecko-baranjska zupanija','14',1055),(2998,'Pozesko-slavonska zupanija','11',1055),(2999,'Primorsko-goranska zupanija','08',1055),(3000,'Sisacko-moelavacka Iupanija','03',1055),(3001,'Splitako-dalmatinska zupanija','17',1055),(3002,'Sibenako-kninska zupanija','15',1055),(3003,'Varaidinska zupanija','05',1055),(3004,'VirovitiEko-podravska zupanija','10',1055),(3005,'VuRovarako-srijemska zupanija','16',1055),(3006,'Zadaraka','13',1055),(3007,'Zagrebacka zupanija','01',1055),(3008,'Grande-Anse','GA',1094),(3009,'Nord-Est','NE',1094),(3010,'Nord-Ouest','NO',1094),(3011,'Ouest','OU',1094),(3012,'Sud','SD',1094),(3013,'Sud-Est','SE',1094),(3014,'Budapest','BU',1099),(3015,'Bács-Kiskun','BK',1099),(3016,'Baranya','BA',1099),(3017,'Békés','BE',1099),(3018,'Borsod-Abaúj-Zemplén','BZ',1099),(3019,'Csongrád','CS',1099),(3020,'Fejér','FE',1099),(3021,'Győr-Moson-Sopron','GS',1099),(3022,'Hajdu-Bihar','HB',1099),(3023,'Heves','HE',1099),(3024,'Jász-Nagykun-Szolnok','JN',1099),(3025,'Komárom-Esztergom','KE',1099),(3026,'Nográd','NO',1099),(3027,'Pest','PE',1099),(3028,'Somogy','SO',1099),(3029,'Szabolcs-Szatmár-Bereg','SZ',1099),(3030,'Tolna','TO',1099),(3031,'Vas','VA',1099),(3032,'Veszprém','VE',1099),(3033,'Zala','ZA',1099),(3034,'Békéscsaba','BC',1099),(3035,'Debrecen','DE',1099),(3036,'Dunaújváros','DU',1099),(3037,'Eger','EG',1099),(3038,'Győr','GY',1099),(3039,'Hódmezővásárhely','HV',1099),(3040,'Kaposvár','KV',1099),(3041,'Kecskemét','KM',1099),(3042,'Miskolc','MI',1099),(3043,'Nagykanizsa','NK',1099),(3044,'Nyiregyháza','NY',1099),(3045,'Pécs','PS',1099),(3046,'Salgótarján','ST',1099),(3047,'Sopron','SN',1099),(3048,'Szeged','SD',1099),(3049,'Székesfehérvár','SF',1099),(3050,'Szekszárd','SS',1099),(3051,'Szolnok','SK',1099),(3052,'Szombathely','SH',1099),(3053,'Tatabánya','TB',1099),(3054,'Zalaegerszeg','ZE',1099),(3055,'Bali','BA',1102),(3056,'Kepulauan Bangka Belitung','BB',1102),(3057,'Banten','BT',1102),(3058,'Bengkulu','BE',1102),(3059,'Gorontalo','GO',1102),(3060,'Papua Barat','PB',1102),(3061,'Jambi','JA',1102),(3062,'Jawa Barat','JB',1102),(3063,'Jawa Tengah','JT',1102),(3064,'Jawa Timur','JI',1102),(3065,'Kalimantan Barat','KB',1102),(3066,'Kalimantan Timur','KI',1102),(3067,'Kalimantan Selatan','KS',1102),(3068,'Kepulauan Riau','KR',1102),(3069,'Lampung','LA',1102),(3070,'Maluku','MA',1102),(3071,'Maluku Utara','MU',1102),(3072,'Nusa Tenggara Barat','NB',1102),(3073,'Nusa Tenggara Timur','NT',1102),(3074,'Papua','PA',1102),(3075,'Riau','RI',1102),(3076,'Sulawesi Selatan','SN',1102),(3077,'Sulawesi Tengah','ST',1102),(3078,'Sulawesi Tenggara','SG',1102),(3079,'Sulawesi Utara','SA',1102),(3080,'Sumatra Barat','SB',1102),(3081,'Sumatra Selatan','SS',1102),(3082,'Sumatera Utara','SU',1102),(3083,'DKI Jakarta','JK',1102),(3084,'Aceh','AC',1102),(3085,'DI Yogyakarta','YO',1102),(3086,'Cork','C',1105),(3087,'Clare','CE',1105),(3088,'Cavan','CN',1105),(3089,'Carlow','CW',1105),(3090,'Dublin','D',1105),(3091,'Donegal','DL',1105),(3092,'Galway','G',1105),(3093,'Kildare','KE',1105),(3094,'Kilkenny','KK',1105),(3095,'Kerry','KY',1105),(3096,'Longford','LD',1105),(3097,'Louth','LH',1105),(3098,'Limerick','LK',1105),(3099,'Leitrim','LM',1105),(3100,'Laois','LS',1105),(3101,'Meath','MH',1105),(3102,'Monaghan','MN',1105),(3103,'Mayo','MO',1105),(3104,'Offaly','OY',1105),(3105,'Roscommon','RN',1105),(3106,'Sligo','SO',1105),(3107,'Tipperary','TA',1105),(3108,'Waterford','WD',1105),(3109,'Westmeath','WH',1105),(3110,'Wicklow','WW',1105),(3111,'Wexford','WX',1105),(3112,'HaDarom','D',1106),(3113,'HaMerkaz','M',1106),(3114,'HaZafon','Z',1106),(3115,'Haifa','HA',1106),(3116,'Tel-Aviv','TA',1106),(3117,'Jerusalem','JM',1106),(3118,'Al Anbar','AN',1104),(3119,'Al Ba,rah','BA',1104),(3120,'Al Muthanna','MU',1104),(3121,'Al Qadisiyah','QA',1104),(3122,'An Najef','NA',1104),(3123,'Arbil','AR',1104),(3124,'As Sulaymaniyah','SW',1104),(3125,'At Ta\'mim','TS',1104),(3126,'Babil','BB',1104),(3127,'Baghdad','BG',1104),(3128,'Dahuk','DA',1104),(3129,'Dhi Qar','DQ',1104),(3130,'Diyala','DI',1104),(3131,'Karbala\'','KA',1104),(3132,'Maysan','MA',1104),(3133,'Ninawa','NI',1104),(3134,'Salah ad Din','SD',1104),(3135,'Wasit','WA',1104),(3136,'Ardabil','03',1103),(3137,'Azarbayjan-e Gharbi','02',1103),(3138,'Azarbayjan-e Sharqi','01',1103),(3139,'Bushehr','06',1103),(3140,'Chahar Mahall va Bakhtiari','08',1103),(3141,'Esfahan','04',1103),(3142,'Fars','14',1103),(3143,'Gilan','19',1103),(3144,'Golestan','27',1103),(3145,'Hamadan','24',1103),(3146,'Hormozgan','23',1103),(3147,'Iiam','05',1103),(3148,'Kerman','15',1103),(3149,'Kermanshah','17',1103),(3150,'Khorasan','09',1103),(3151,'Khuzestan','10',1103),(3152,'Kohjiluyeh va Buyer Ahmad','18',1103),(3153,'Kordestan','16',1103),(3154,'Lorestan','20',1103),(3155,'Markazi','22',1103),(3156,'Mazandaran','21',1103),(3157,'Qazvin','28',1103),(3158,'Qom','26',1103),(3159,'Semnan','12',1103),(3160,'Sistan va Baluchestan','13',1103),(3161,'Tehran','07',1103),(3162,'Yazd','25',1103),(3163,'Zanjan','11',1103),(3164,'Austurland','7',1100),(3165,'Hofuoborgarsvaeoi utan Reykjavikur','1',1100),(3166,'Norourland eystra','6',1100),(3167,'Norourland vestra','5',1100),(3168,'Reykjavik','0',1100),(3169,'Suourland','8',1100),(3170,'Suournes','2',1100),(3171,'Vestfirolr','4',1100),(3172,'Vesturland','3',1100),(3173,'Agrigento','AG',1107),(3174,'Alessandria','AL',1107),(3175,'Ancona','AN',1107),(3176,'Aosta','AO',1107),(3177,'Arezzo','AR',1107),(3178,'Ascoli Piceno','AP',1107),(3179,'Asti','AT',1107),(3180,'Avellino','AV',1107),(3181,'Bari','BA',1107),(3182,'Belluno','BL',1107),(3183,'Benevento','BN',1107),(3184,'Bergamo','BG',1107),(3185,'Biella','BI',1107),(3186,'Bologna','BO',1107),(3187,'Bolzano','BZ',1107),(3188,'Brescia','BS',1107),(3189,'Brindisi','BR',1107),(3190,'Cagliari','CA',1107),(3191,'Caltanissetta','CL',1107),(3192,'Campobasso','CB',1107),(3193,'Caserta','CE',1107),(3194,'Catania','CT',1107),(3195,'Catanzaro','CZ',1107),(3196,'Chieti','CH',1107),(3197,'Como','CO',1107),(3198,'Cosenza','CS',1107),(3199,'Cremona','CR',1107),(3200,'Crotone','KR',1107),(3201,'Cuneo','CN',1107),(3202,'Enna','EN',1107),(3203,'Ferrara','FE',1107),(3204,'Firenze','FI',1107),(3205,'Foggia','FG',1107),(3206,'Forlì-Cesena','FC',1107),(3207,'Frosinone','FR',1107),(3208,'Genova','GE',1107),(3209,'Gorizia','GO',1107),(3210,'Grosseto','GR',1107),(3211,'Imperia','IM',1107),(3212,'Isernia','IS',1107),(3213,'L\'Aquila','AQ',1107),(3214,'La Spezia','SP',1107),(3215,'Latina','LT',1107),(3216,'Lecce','LE',1107),(3217,'Lecco','LC',1107),(3218,'Livorno','LI',1107),(3219,'Lodi','LO',1107),(3220,'Lucca','LU',1107),(3221,'Macerata','MC',1107),(3222,'Mantova','MN',1107),(3223,'Massa-Carrara','MS',1107),(3224,'Matera','MT',1107),(3225,'Messina','ME',1107),(3226,'Milano','MI',1107),(3227,'Modena','MO',1107),(3228,'Napoli','NA',1107),(3229,'Novara','NO',1107),(3230,'Nuoro','NU',1107),(3231,'Oristano','OR',1107),(3232,'Padova','PD',1107),(3233,'Palermo','PA',1107),(3234,'Parma','PR',1107),(3235,'Pavia','PV',1107),(3236,'Perugia','PG',1107),(3237,'Pesaro e Urbino','PU',1107),(3238,'Pescara','PE',1107),(3239,'Piacenza','PC',1107),(3240,'Pisa','PI',1107),(3241,'Pistoia','PT',1107),(3242,'Pordenone','PN',1107),(3243,'Potenza','PZ',1107),(3244,'Prato','PO',1107),(3245,'Ragusa','RG',1107),(3246,'Ravenna','RA',1107),(3247,'Reggio Calabria','RC',1107),(3248,'Reggio Emilia','RE',1107),(3249,'Rieti','RI',1107),(3250,'Rimini','RN',1107),(3251,'Roma','RM',1107),(3252,'Rovigo','RO',1107),(3253,'Salerno','SA',1107),(3254,'Sassari','SS',1107),(3255,'Savona','SV',1107),(3256,'Siena','SI',1107),(3257,'Siracusa','SR',1107),(3258,'Sondrio','SO',1107),(3259,'Taranto','TA',1107),(3260,'Teramo','TE',1107),(3261,'Terni','TR',1107),(3262,'Torino','TO',1107),(3263,'Trapani','TP',1107),(3264,'Trento','TN',1107),(3265,'Treviso','TV',1107),(3266,'Trieste','TS',1107),(3267,'Udine','UD',1107),(3268,'Varese','VA',1107),(3269,'Venezia','VE',1107),(3270,'Verbano-Cusio-Ossola','VB',1107),(3271,'Vercelli','VC',1107),(3272,'Verona','VR',1107),(3273,'Vibo Valentia','VV',1107),(3274,'Vicenza','VI',1107),(3275,'Viterbo','VT',1107),(3276,'Aichi','23',1109),(3277,'Akita','05',1109),(3278,'Aomori','02',1109),(3279,'Chiba','12',1109),(3280,'Ehime','38',1109),(3281,'Fukui','18',1109),(3282,'Fukuoka','40',1109),(3283,'Fukusima','07',1109),(3284,'Gifu','21',1109),(3285,'Gunma','10',1109),(3286,'Hiroshima','34',1109),(3287,'Hokkaido','01',1109),(3288,'Hyogo','28',1109),(3289,'Ibaraki','08',1109),(3290,'Ishikawa','17',1109),(3291,'Iwate','03',1109),(3292,'Kagawa','37',1109),(3293,'Kagoshima','46',1109),(3294,'Kanagawa','14',1109),(3295,'Kochi','39',1109),(3296,'Kumamoto','43',1109),(3297,'Kyoto','26',1109),(3298,'Mie','24',1109),(3299,'Miyagi','04',1109),(3300,'Miyazaki','45',1109),(3301,'Nagano','20',1109),(3302,'Nagasaki','42',1109),(3303,'Nara','29',1109),(3304,'Niigata','15',1109),(3305,'Oita','44',1109),(3306,'Okayama','33',1109),(3307,'Okinawa','47',1109),(3308,'Osaka','27',1109),(3309,'Saga','41',1109),(3310,'Saitama','11',1109),(3311,'Shiga','25',1109),(3312,'Shimane','32',1109),(3313,'Shizuoka','22',1109),(3314,'Tochigi','09',1109),(3315,'Tokushima','36',1109),(3316,'Tokyo','13',1109),(3317,'Tottori','31',1109),(3318,'Toyama','16',1109),(3319,'Wakayama','30',1109),(3320,'Yamagata','06',1109),(3321,'Yamaguchi','35',1109),(3322,'Yamanashi','19',1109),(3323,'Clarendon','CN',1108),(3324,'Hanover','HR',1108),(3325,'Kingston','KN',1108),(3326,'Portland','PD',1108),(3327,'Saint Andrew','AW',1108),(3328,'Saint Ann','AN',1108),(3329,'Saint Catherine','CE',1108),(3330,'Saint Elizabeth','EH',1108),(3331,'Saint James','JS',1108),(3332,'Saint Mary','MY',1108),(3333,'Saint Thomas','TS',1108),(3334,'Trelawny','TY',1108),(3335,'Westmoreland','WD',1108),(3336,'Ajln','AJ',1110),(3337,'Al \'Aqaba','AQ',1110),(3338,'Al Balqa\'','BA',1110),(3339,'Al Karak','KA',1110),(3340,'Al Mafraq','MA',1110),(3341,'Amman','AM',1110),(3342,'At Tafilah','AT',1110),(3343,'Az Zarga','AZ',1110),(3344,'Irbid','JR',1110),(3345,'Jarash','JA',1110),(3346,'Ma\'an','MN',1110),(3347,'Madaba','MD',1110),(3353,'Bishkek','GB',1117),(3354,'Batken','B',1117),(3355,'Chu','C',1117),(3356,'Jalal-Abad','J',1117),(3357,'Naryn','N',1117),(3358,'Osh','O',1117),(3359,'Talas','T',1117),(3360,'Ysyk-Kol','Y',1117),(3361,'Krong Kaeb','23',1037),(3362,'Krong Pailin','24',1037),(3363,'Xrong Preah Sihanouk','18',1037),(3364,'Phnom Penh','12',1037),(3365,'Baat Dambang','2',1037),(3366,'Banteay Mean Chey','1',1037),(3367,'Rampong Chaam','3',1037),(3368,'Kampong Chhnang','4',1037),(3369,'Kampong Spueu','5',1037),(3370,'Kampong Thum','6',1037),(3371,'Kampot','7',1037),(3372,'Kandaal','8',1037),(3373,'Kach Kong','9',1037),(3374,'Krachoh','10',1037),(3375,'Mondol Kiri','11',1037),(3376,'Otdar Mean Chey','22',1037),(3377,'Pousaat','15',1037),(3378,'Preah Vihear','13',1037),(3379,'Prey Veaeng','14',1037),(3380,'Rotanak Kiri','16',1037),(3381,'Siem Reab','17',1037),(3382,'Stueng Traeng','19',1037),(3383,'Svaay Rieng','20',1037),(3384,'Taakaev','21',1037),(3385,'Gilbert Islands','G',1113),(3386,'Line Islands','L',1113),(3387,'Phoenix Islands','P',1113),(3388,'Anjouan Ndzouani','A',1049),(3389,'Grande Comore Ngazidja','G',1049),(3390,'Moheli Moili','M',1049),(3391,'Kaesong-si','KAE',1114),(3392,'Nampo-si','NAM',1114),(3393,'Pyongyang-ai','PYO',1114),(3394,'Chagang-do','CHA',1114),(3395,'Hamgyongbuk-do','HAB',1114),(3396,'Hamgyongnam-do','HAN',1114),(3397,'Hwanghaebuk-do','HWB',1114),(3398,'Hwanghaenam-do','HWN',1114),(3399,'Kangwon-do','KAN',1114),(3400,'Pyonganbuk-do','PYB',1114),(3401,'Pyongannam-do','PYN',1114),(3402,'Yanggang-do','YAN',1114),(3403,'Najin Sonbong-si','NAJ',1114),(3404,'Seoul Teugbyeolsi','11',1115),(3405,'Busan Gwang\'yeogsi','26',1115),(3406,'Daegu Gwang\'yeogsi','27',1115),(3407,'Daejeon Gwang\'yeogsi','30',1115),(3408,'Gwangju Gwang\'yeogsi','29',1115),(3409,'Incheon Gwang\'yeogsi','28',1115),(3410,'Ulsan Gwang\'yeogsi','31',1115),(3411,'Chungcheongbugdo','43',1115),(3412,'Chungcheongnamdo','44',1115),(3413,'Gang\'weondo','42',1115),(3414,'Gyeonggido','41',1115),(3415,'Gyeongsangbugdo','47',1115),(3416,'Gyeongsangnamdo','48',1115),(3417,'Jejudo','49',1115),(3418,'Jeonrabugdo','45',1115),(3419,'Jeonranamdo','46',1115),(3420,'Al Ahmadi','AH',1116),(3421,'Al Farwanlyah','FA',1116),(3422,'Al Jahrah','JA',1116),(3423,'Al Kuwayt','KU',1116),(3424,'Hawalli','HA',1116),(3425,'Almaty','ALA',1111),(3426,'Astana','AST',1111),(3427,'Almaty oblysy','ALM',1111),(3428,'Aqmola oblysy','AKM',1111),(3429,'Aqtobe oblysy','AKT',1111),(3430,'Atyrau oblyfiy','ATY',1111),(3431,'Batys Quzaqstan oblysy','ZAP',1111),(3432,'Mangghystau oblysy','MAN',1111),(3433,'Ongtustik Quzaqstan oblysy','YUZ',1111),(3434,'Pavlodar oblysy','PAV',1111),(3435,'Qaraghandy oblysy','KAR',1111),(3436,'Qostanay oblysy','KUS',1111),(3437,'Qyzylorda oblysy','KZY',1111),(3438,'Shyghys Quzaqstan oblysy','VOS',1111),(3439,'Soltustik Quzaqstan oblysy','SEV',1111),(3440,'Zhambyl oblysy Zhambylskaya oblast\'','ZHA',1111),(3441,'Vientiane','VT',1118),(3442,'Attapu','AT',1118),(3443,'Bokeo','BK',1118),(3444,'Bolikhamxai','BL',1118),(3445,'Champasak','CH',1118),(3446,'Houaphan','HO',1118),(3447,'Khammouan','KH',1118),(3448,'Louang Namtha','LM',1118),(3449,'Louangphabang','LP',1118),(3450,'Oudomxai','OU',1118),(3451,'Phongsali','PH',1118),(3452,'Salavan','SL',1118),(3453,'Savannakhet','SV',1118),(3454,'Xaignabouli','XA',1118),(3455,'Xiasomboun','XN',1118),(3456,'Xekong','XE',1118),(3457,'Xiangkhoang','XI',1118),(3458,'Beirut','BA',1120),(3459,'Beqaa','BI',1120),(3460,'Mount Lebanon','JL',1120),(3461,'North Lebanon','AS',1120),(3462,'South Lebanon','JA',1120),(3463,'Nabatieh','NA',1120),(3464,'Ampara','52',1199),(3465,'Anuradhapura','71',1199),(3466,'Badulla','81',1199),(3467,'Batticaloa','51',1199),(3468,'Colombo','11',1199),(3469,'Galle','31',1199),(3470,'Gampaha','12',1199),(3471,'Hambantota','33',1199),(3472,'Jaffna','41',1199),(3473,'Kalutara','13',1199),(3474,'Kandy','21',1199),(3475,'Kegalla','92',1199),(3476,'Kilinochchi','42',1199),(3477,'Kurunegala','61',1199),(3478,'Mannar','43',1199),(3479,'Matale','22',1199),(3480,'Matara','32',1199),(3481,'Monaragala','82',1199),(3482,'Mullaittivu','45',1199),(3483,'Nuwara Eliya','23',1199),(3484,'Polonnaruwa','72',1199),(3485,'Puttalum','62',1199),(3486,'Ratnapura','91',1199),(3487,'Trincomalee','53',1199),(3488,'VavunLya','44',1199),(3489,'Bomi','BM',1122),(3490,'Bong','BG',1122),(3491,'Grand Basaa','GB',1122),(3492,'Grand Cape Mount','CM',1122),(3493,'Grand Gedeh','GG',1122),(3494,'Grand Kru','GK',1122),(3495,'Lofa','LO',1122),(3496,'Margibi','MG',1122),(3497,'Maryland','MY',1122),(3498,'Montserrado','MO',1122),(3499,'Nimba','NI',1122),(3500,'Rivercess','RI',1122),(3501,'Sinoe','SI',1122),(3502,'Berea','D',1121),(3503,'Butha-Buthe','B',1121),(3504,'Leribe','C',1121),(3505,'Mafeteng','E',1121),(3506,'Maseru','A',1121),(3507,'Mohale\'s Hoek','F',1121),(3508,'Mokhotlong','J',1121),(3509,'Qacha\'s Nek','H',1121),(3510,'Quthing','G',1121),(3511,'Thaba-Tseka','K',1121),(3512,'Alytaus Apskritis','AL',1125),(3513,'Kauno Apskritis','KU',1125),(3514,'Klaipėdos Apskritis','KL',1125),(3515,'Marijampolės Apskritis','MR',1125),(3516,'Panevėžio Apskritis','PN',1125),(3517,'Šiaulių Apskritis','SA',1125),(3518,'Tauragės Apskritis','TA',1125),(3519,'Telšių Apskritis','TE',1125),(3520,'Utenos Apskritis','UT',1125),(3521,'Vilniaus Apskritis','VL',1125),(3522,'Diekirch','D',1126),(3523,'GreveNmacher','G',1126),(3550,'Daugavpils','DGV',1119),(3551,'Jelgava','JEL',1119),(3552,'Jūrmala','JUR',1119),(3553,'Liepāja','LPX',1119),(3554,'Rēzekne','REZ',1119),(3555,'Rīga','RIX',1119),(3556,'Ventspils','VEN',1119),(3557,'Ajdābiyā','AJ',1123),(3558,'Al Buţnān','BU',1123),(3559,'Al Hizām al Akhdar','HZ',1123),(3560,'Al Jabal al Akhdar','JA',1123),(3561,'Al Jifārah','JI',1123),(3562,'Al Jufrah','JU',1123),(3563,'Al Kufrah','KF',1123),(3564,'Al Marj','MJ',1123),(3565,'Al Marqab','MB',1123),(3566,'Al Qaţrūn','QT',1123),(3567,'Al Qubbah','QB',1123),(3568,'Al Wāhah','WA',1123),(3569,'An Nuqaţ al Khams','NQ',1123),(3570,'Ash Shāţi\'','SH',1123),(3571,'Az Zāwiyah','ZA',1123),(3572,'Banghāzī','BA',1123),(3573,'Banī Walīd','BW',1123),(3574,'Darnah','DR',1123),(3575,'Ghadāmis','GD',1123),(3576,'Gharyān','GR',1123),(3577,'Ghāt','GT',1123),(3578,'Jaghbūb','JB',1123),(3579,'Mişrātah','MI',1123),(3580,'Mizdah','MZ',1123),(3581,'Murzuq','MQ',1123),(3582,'Nālūt','NL',1123),(3583,'Sabhā','SB',1123),(3584,'Şabrātah Şurmān','SS',1123),(3585,'Surt','SR',1123),(3586,'Tājūrā\' wa an Nawāhī al Arbāh','TN',1123),(3587,'Ţarābulus','TB',1123),(3588,'Tarhūnah-Masallātah','TM',1123),(3589,'Wādī al hayāt','WD',1123),(3590,'Yafran-Jādū','YJ',1123),(3591,'Agadir','AGD',1146),(3592,'Aït Baha','BAH',1146),(3593,'Aït Melloul','MEL',1146),(3594,'Al Haouz','HAO',1146),(3595,'Al Hoceïma','HOC',1146),(3596,'Assa-Zag','ASZ',1146),(3597,'Azilal','AZI',1146),(3598,'Beni Mellal','BEM',1146),(3599,'Ben Sllmane','BES',1146),(3600,'Berkane','BER',1146),(3601,'Boujdour','BOD',1146),(3602,'Boulemane','BOM',1146),(3603,'Casablanca  [Dar el Beïda]','CAS',1146),(3604,'Chefchaouene','CHE',1146),(3605,'Chichaoua','CHI',1146),(3606,'El Hajeb','HAJ',1146),(3607,'El Jadida','JDI',1146),(3608,'Errachidia','ERR',1146),(3609,'Essaouira','ESI',1146),(3610,'Es Smara','ESM',1146),(3611,'Fès','FES',1146),(3612,'Figuig','FIG',1146),(3613,'Guelmim','GUE',1146),(3614,'Ifrane','IFR',1146),(3615,'Jerada','JRA',1146),(3616,'Kelaat Sraghna','KES',1146),(3617,'Kénitra','KEN',1146),(3618,'Khemisaet','KHE',1146),(3619,'Khenifra','KHN',1146),(3620,'Khouribga','KHO',1146),(3621,'Laâyoune (EH)','LAA',1146),(3622,'Larache','LAP',1146),(3623,'Marrakech','MAR',1146),(3624,'Meknsès','MEK',1146),(3625,'Nador','NAD',1146),(3626,'Ouarzazate','OUA',1146),(3627,'Oued ed Dahab (EH)','OUD',1146),(3628,'Oujda','OUJ',1146),(3629,'Rabat-Salé','RBA',1146),(3630,'Safi','SAF',1146),(3631,'Sefrou','SEF',1146),(3632,'Settat','SET',1146),(3633,'Sidl Kacem','SIK',1146),(3634,'Tanger','TNG',1146),(3635,'Tan-Tan','TNT',1146),(3636,'Taounate','TAO',1146),(3637,'Taroudannt','TAR',1146),(3638,'Tata','TAT',1146),(3639,'Taza','TAZ',1146),(3640,'Tétouan','TET',1146),(3641,'Tiznit','TIZ',1146),(3642,'Gagauzia, Unitate Teritoriala Autonoma','GA',1142),(3643,'Chisinau','CU',1142),(3644,'Stinga Nistrului, unitatea teritoriala din','SN',1142),(3645,'Balti','BA',1142),(3646,'Cahul','CA',1142),(3647,'Edinet','ED',1142),(3648,'Lapusna','LA',1142),(3649,'Orhei','OR',1142),(3650,'Soroca','SO',1142),(3651,'Taraclia','TA',1142),(3652,'Tighina [Bender]','TI',1142),(3653,'Ungheni','UN',1142),(3654,'Antananarivo','T',1129),(3655,'Antsiranana','D',1129),(3656,'Fianarantsoa','F',1129),(3657,'Mahajanga','M',1129),(3658,'Toamasina','A',1129),(3659,'Toliara','U',1129),(3660,'Ailinglapalap','ALL',1135),(3661,'Ailuk','ALK',1135),(3662,'Arno','ARN',1135),(3663,'Aur','AUR',1135),(3664,'Ebon','EBO',1135),(3665,'Eniwetok','ENI',1135),(3666,'Jaluit','JAL',1135),(3667,'Kili','KIL',1135),(3668,'Kwajalein','KWA',1135),(3669,'Lae','LAE',1135),(3670,'Lib','LIB',1135),(3671,'Likiep','LIK',1135),(3672,'Majuro','MAJ',1135),(3673,'Maloelap','MAL',1135),(3674,'Mejit','MEJ',1135),(3675,'Mili','MIL',1135),(3676,'Namorik','NMK',1135),(3677,'Namu','NMU',1135),(3678,'Rongelap','RON',1135),(3679,'Ujae','UJA',1135),(3680,'Ujelang','UJL',1135),(3681,'Utirik','UTI',1135),(3682,'Wotho','WTN',1135),(3683,'Wotje','WTJ',1135),(3684,'Bamako','BK0',1133),(3685,'Gao','7',1133),(3686,'Kayes','1',1133),(3687,'Kidal','8',1133),(3688,'Xoulikoro','2',1133),(3689,'Mopti','5',1133),(3690,'S69ou','4',1133),(3691,'Sikasso','3',1133),(3692,'Tombouctou','6',1133),(3693,'Ayeyarwady','07',1035),(3694,'Bago','02',1035),(3695,'Magway','03',1035),(3696,'Mandalay','04',1035),(3697,'Sagaing','01',1035),(3698,'Tanintharyi','05',1035),(3699,'Yangon','06',1035),(3700,'Chin','14',1035),(3701,'Kachin','11',1035),(3702,'Kayah','12',1035),(3703,'Kayin','13',1035),(3704,'Mon','15',1035),(3705,'Rakhine','16',1035),(3706,'Shan','17',1035),(3707,'Ulaanbaatar','1',1144),(3708,'Arhangay','073',1144),(3709,'Bayanhongor','069',1144),(3710,'Bayan-Olgiy','071',1144),(3711,'Bulgan','067',1144),(3712,'Darhan uul','037',1144),(3713,'Dornod','061',1144),(3714,'Dornogov,','063',1144),(3715,'DundgovL','059',1144),(3716,'Dzavhan','057',1144),(3717,'Govi-Altay','065',1144),(3718,'Govi-Smber','064',1144),(3719,'Hentiy','039',1144),(3720,'Hovd','043',1144),(3721,'Hovsgol','041',1144),(3722,'Omnogovi','053',1144),(3723,'Orhon','035',1144),(3724,'Ovorhangay','055',1144),(3725,'Selenge','049',1144),(3726,'Shbaatar','051',1144),(3727,'Tov','047',1144),(3728,'Uvs','046',1144),(3729,'Nouakchott','NKC',1137),(3730,'Assaba','03',1137),(3731,'Brakna','05',1137),(3732,'Dakhlet Nouadhibou','08',1137),(3733,'Gorgol','04',1137),(3734,'Guidimaka','10',1137),(3735,'Hodh ech Chargui','01',1137),(3736,'Hodh el Charbi','02',1137),(3737,'Inchiri','12',1137),(3738,'Tagant','09',1137),(3739,'Tiris Zemmour','11',1137),(3740,'Trarza','06',1137),(3741,'Beau Bassin-Rose Hill','BR',1138),(3742,'Curepipe','CU',1138),(3743,'Port Louis','PU',1138),(3744,'Quatre Bornes','QB',1138),(3745,'Vacosa-Phoenix','VP',1138),(3746,'Black River','BL',1138),(3747,'Flacq','FL',1138),(3748,'Grand Port','GP',1138),(3749,'Moka','MO',1138),(3750,'Pamplemousses','PA',1138),(3751,'Plaines Wilhems','PW',1138),(3752,'Riviere du Rempart','RP',1138),(3753,'Savanne','SA',1138),(3754,'Agalega Islands','AG',1138),(3755,'Cargados Carajos Shoals','CC',1138),(3756,'Rodrigues Island','RO',1138),(3757,'Male','MLE',1132),(3758,'Alif','02',1132),(3759,'Baa','20',1132),(3760,'Dhaalu','17',1132),(3761,'Faafu','14',1132),(3762,'Gaaf Alif','27',1132),(3763,'Gaefu Dhaalu','28',1132),(3764,'Gnaviyani','29',1132),(3765,'Haa Alif','07',1132),(3766,'Haa Dhaalu','23',1132),(3767,'Kaafu','26',1132),(3768,'Laamu','05',1132),(3769,'Lhaviyani','03',1132),(3770,'Meemu','12',1132),(3771,'Noonu','25',1132),(3772,'Raa','13',1132),(3773,'Seenu','01',1132),(3774,'Shaviyani','24',1132),(3775,'Thaa','08',1132),(3776,'Vaavu','04',1132),(3777,'Balaka','BA',1130),(3778,'Blantyre','BL',1130),(3779,'Chikwawa','CK',1130),(3780,'Chiradzulu','CR',1130),(3781,'Chitipa','CT',1130),(3782,'Dedza','DE',1130),(3783,'Dowa','DO',1130),(3784,'Karonga','KR',1130),(3785,'Kasungu','KS',1130),(3786,'Likoma Island','LK',1130),(3787,'Lilongwe','LI',1130),(3788,'Machinga','MH',1130),(3789,'Mangochi','MG',1130),(3790,'Mchinji','MC',1130),(3791,'Mulanje','MU',1130),(3792,'Mwanza','MW',1130),(3793,'Mzimba','MZ',1130),(3794,'Nkhata Bay','NB',1130),(3795,'Nkhotakota','NK',1130),(3796,'Nsanje','NS',1130),(3797,'Ntcheu','NU',1130),(3798,'Ntchisi','NI',1130),(3799,'Phalomba','PH',1130),(3800,'Rumphi','RU',1130),(3801,'Salima','SA',1130),(3802,'Thyolo','TH',1130),(3803,'Zomba','ZO',1130),(3804,'Aguascalientes','AGU',1140),(3805,'Baja California','BCN',1140),(3806,'Baja California Sur','BCS',1140),(3807,'Campeche','CAM',1140),(3808,'Coahuila','COA',1140),(3809,'Colima','COL',1140),(3810,'Chiapas','CHP',1140),(3811,'Chihuahua','CHH',1140),(3812,'Durango','DUR',1140),(3813,'Guanajuato','GUA',1140),(3814,'Guerrero','GRO',1140),(3815,'Hidalgo','HID',1140),(3816,'Jalisco','JAL',1140),(3817,'Mexico','MEX',1140),(3818,'Michoacin','MIC',1140),(3819,'Morelos','MOR',1140),(3820,'Nayarit','NAY',1140),(3821,'Nuevo Leon','NLE',1140),(3822,'Oaxaca','OAX',1140),(3823,'Puebla','PUE',1140),(3824,'Queretaro','QUE',1140),(3825,'Quintana Roo','ROO',1140),(3826,'San Luis Potosi','SLP',1140),(3827,'Sinaloa','SIN',1140),(3828,'Sonora','SON',1140),(3829,'Tabasco','TAB',1140),(3830,'Tamaulipas','TAM',1140),(3831,'Tlaxcala','TLA',1140),(3832,'Veracruz','VER',1140),(3833,'Yucatan','YUC',1140),(3834,'Zacatecas','ZAC',1140),(3835,'Wilayah Persekutuan Kuala Lumpur','14',1131),(3836,'Wilayah Persekutuan Labuan','15',1131),(3837,'Wilayah Persekutuan Putrajaya','16',1131),(3838,'Johor','01',1131),(3839,'Kedah','02',1131),(3840,'Kelantan','03',1131),(3841,'Melaka','04',1131),(3842,'Negeri Sembilan','05',1131),(3843,'Pahang','06',1131),(3844,'Perak','08',1131),(3845,'Perlis','09',1131),(3846,'Pulau Pinang','07',1131),(3847,'Sabah','12',1131),(3848,'Sarawak','13',1131),(3849,'Selangor','10',1131),(3850,'Terengganu','11',1131),(3851,'Maputo','MPM',1147),(3852,'Cabo Delgado','P',1147),(3853,'Gaza','G',1147),(3854,'Inhambane','I',1147),(3855,'Manica','B',1147),(3856,'Numpula','N',1147),(3857,'Niaaea','A',1147),(3858,'Sofala','S',1147),(3859,'Tete','T',1147),(3860,'Zambezia','Q',1147),(3861,'Caprivi','CA',1148),(3862,'Erongo','ER',1148),(3863,'Hardap','HA',1148),(3864,'Karas','KA',1148),(3865,'Khomas','KH',1148),(3866,'Kunene','KU',1148),(3867,'Ohangwena','OW',1148),(3868,'Okavango','OK',1148),(3869,'Omaheke','OH',1148),(3870,'Omusati','OS',1148),(3871,'Oshana','ON',1148),(3872,'Oshikoto','OT',1148),(3873,'Otjozondjupa','OD',1148),(3874,'Niamey','8',1156),(3875,'Agadez','1',1156),(3876,'Diffa','2',1156),(3877,'Dosso','3',1156),(3878,'Maradi','4',1156),(3879,'Tahoua','S',1156),(3880,'Tillaberi','6',1156),(3881,'Zinder','7',1156),(3882,'Abuja Federal Capital Territory','FC',1157),(3883,'Abia','AB',1157),(3884,'Adamawa','AD',1157),(3885,'Akwa Ibom','AK',1157),(3886,'Anambra','AN',1157),(3887,'Bauchi','BA',1157),(3888,'Bayelsa','BY',1157),(3889,'Benue','BE',1157),(3890,'Borno','BO',1157),(3891,'Cross River','CR',1157),(3892,'Delta','DE',1157),(3893,'Ebonyi','EB',1157),(3894,'Edo','ED',1157),(3895,'Ekiti','EK',1157),(3896,'Enugu','EN',1157),(3897,'Gombe','GO',1157),(3898,'Imo','IM',1157),(3899,'Jigawa','JI',1157),(3900,'Kaduna','KD',1157),(3901,'Kano','KN',1157),(3902,'Katsina','KT',1157),(3903,'Kebbi','KE',1157),(3904,'Kogi','KO',1157),(3905,'Kwara','KW',1157),(3906,'Lagos','LA',1157),(3907,'Nassarawa','NA',1157),(3908,'Niger','NI',1157),(3909,'Ogun','OG',1157),(3910,'Ondo','ON',1157),(3911,'Osun','OS',1157),(3912,'Oyo','OY',1157),(3913,'Rivers','RI',1157),(3914,'Sokoto','SO',1157),(3915,'Taraba','TA',1157),(3916,'Yobe','YO',1157),(3917,'Zamfara','ZA',1157),(3918,'Boaco','BO',1155),(3919,'Carazo','CA',1155),(3920,'Chinandega','CI',1155),(3921,'Chontales','CO',1155),(3922,'Esteli','ES',1155),(3923,'Jinotega','JI',1155),(3924,'Leon','LE',1155),(3925,'Madriz','MD',1155),(3926,'Managua','MN',1155),(3927,'Masaya','MS',1155),(3928,'Matagalpa','MT',1155),(3929,'Nueva Segovia','NS',1155),(3930,'Rio San Juan','SJ',1155),(3931,'Rivas','RI',1155),(3932,'Atlantico Norte','AN',1155),(3933,'Atlantico Sur','AS',1155),(3934,'Drente','DR',1152),(3935,'Flevoland','FL',1152),(3936,'Friesland','FR',1152),(3937,'Gelderland','GL',1152),(3938,'Groningen','GR',1152),(3939,'Noord-Brabant','NB',1152),(3940,'Noord-Holland','NH',1152),(3941,'Overijssel','OV',1152),(3942,'Utrecht','UT',1152),(3943,'Zuid-Holland','ZH',1152),(3944,'Zeeland','ZL',1152),(3945,'Akershus','02',1161),(3946,'Aust-Agder','09',1161),(3947,'Buskerud','06',1161),(3948,'Finnmark','20',1161),(3949,'Hedmark','04',1161),(3950,'Hordaland','12',1161),(3951,'Møre og Romsdal','15',1161),(3952,'Nordland','18',1161),(3953,'Nord-Trøndelag','17',1161),(3954,'Oppland','05',1161),(3955,'Oslo','03',1161),(3956,'Rogaland','11',1161),(3957,'Sogn og Fjordane','14',1161),(3958,'Sør-Trøndelag','16',1161),(3959,'Telemark','06',1161),(3960,'Troms','19',1161),(3961,'Vest-Agder','10',1161),(3962,'Vestfold','07',1161),(3963,'Østfold','01',1161),(3964,'Jan Mayen','22',1161),(3965,'Svalbard','21',1161),(3966,'Auckland','AUK',1154),(3967,'Bay of Plenty','BOP',1154),(3968,'Canterbury','CAN',1154),(3969,'Gisborne','GIS',1154),(3970,'Hawkes Bay','HKB',1154),(3971,'Manawatu-Wanganui','MWT',1154),(3972,'Marlborough','MBH',1154),(3973,'Nelson','NSN',1154),(3974,'Northland','NTL',1154),(3975,'Otago','OTA',1154),(3976,'Southland','STL',1154),(3977,'Taranaki','TKI',1154),(3978,'Tasman','TAS',1154),(3979,'Waikato','WKO',1154),(3980,'Wellington','WGN',1154),(3981,'West Coast','WTC',1154),(3982,'Ad Dakhillyah','DA',1162),(3983,'Al Batinah','BA',1162),(3984,'Al Janblyah','JA',1162),(3985,'Al Wusta','WU',1162),(3986,'Ash Sharqlyah','SH',1162),(3987,'Az Zahirah','ZA',1162),(3988,'Masqat','MA',1162),(3989,'Musandam','MU',1162),(3990,'Bocas del Toro','1',1166),(3991,'Cocle','2',1166),(3992,'Chiriqui','4',1166),(3993,'Darien','5',1166),(3994,'Herrera','6',1166),(3995,'Loa Santoa','7',1166),(3996,'Panama','8',1166),(3997,'Veraguas','9',1166),(3998,'Comarca de San Blas','Q',1166),(3999,'El Callao','CAL',1169),(4000,'Ancash','ANC',1169),(4001,'Apurimac','APU',1169),(4002,'Arequipa','ARE',1169),(4003,'Ayacucho','AYA',1169),(4004,'Cajamarca','CAJ',1169),(4005,'Cuzco','CUS',1169),(4006,'Huancavelica','HUV',1169),(4007,'Huanuco','HUC',1169),(4008,'Ica','ICA',1169),(4009,'Junin','JUN',1169),(4010,'La Libertad','LAL',1169),(4011,'Lambayeque','LAM',1169),(4012,'Lima','LIM',1169),(4013,'Loreto','LOR',1169),(4014,'Madre de Dios','MDD',1169),(4015,'Moquegua','MOQ',1169),(4016,'Pasco','PAS',1169),(4017,'Piura','PIU',1169),(4018,'Puno','PUN',1169),(4019,'San Martin','SAM',1169),(4020,'Tacna','TAC',1169),(4021,'Tumbes','TUM',1169),(4022,'Ucayali','UCA',1169),(4023,'National Capital District (Port Moresby)','NCD',1167),(4024,'Chimbu','CPK',1167),(4025,'Eastern Highlands','EHG',1167),(4026,'East New Britain','EBR',1167),(4027,'East Sepik','ESW',1167),(4028,'Enga','EPW',1167),(4029,'Gulf','GPK',1167),(4030,'Madang','MPM',1167),(4031,'Manus','MRL',1167),(4032,'Milne Bay','MBA',1167),(4033,'Morobe','MPL',1167),(4034,'New Ireland','NIK',1167),(4035,'North Solomons','NSA',1167),(4036,'Santaun','SAN',1167),(4037,'Southern Highlands','SHM',1167),(4038,'Western Highlands','WHM',1167),(4039,'West New Britain','WBK',1167),(4040,'Abra','ABR',1170),(4041,'Agusan del Norte','AGN',1170),(4042,'Agusan del Sur','AGS',1170),(4043,'Aklan','AKL',1170),(4044,'Albay','ALB',1170),(4045,'Antique','ANT',1170),(4046,'Apayao','APA',1170),(4047,'Aurora','AUR',1170),(4048,'Basilan','BAS',1170),(4049,'Bataan','BAN',1170),(4050,'Batanes','BTN',1170),(4051,'Batangas','BTG',1170),(4052,'Benguet','BEN',1170),(4053,'Biliran','BIL',1170),(4054,'Bohol','BOH',1170),(4055,'Bukidnon','BUK',1170),(4056,'Bulacan','BUL',1170),(4057,'Cagayan','CAG',1170),(4058,'Camarines Norte','CAN',1170),(4059,'Camarines Sur','CAS',1170),(4060,'Camiguin','CAM',1170),(4061,'Capiz','CAP',1170),(4062,'Catanduanes','CAT',1170),(4063,'Cavite','CAV',1170),(4064,'Cebu','CEB',1170),(4065,'Compostela Valley','COM',1170),(4066,'Davao','DAV',1170),(4067,'Davao del Sur','DAS',1170),(4068,'Davao Oriental','DAO',1170),(4069,'Eastern Samar','EAS',1170),(4070,'Guimaras','GUI',1170),(4071,'Ifugao','IFU',1170),(4072,'Ilocos Norte','ILN',1170),(4073,'Ilocos Sur','ILS',1170),(4074,'Iloilo','ILI',1170),(4075,'Isabela','ISA',1170),(4076,'Kalinga-Apayso','KAL',1170),(4077,'Laguna','LAG',1170),(4078,'Lanao del Norte','LAN',1170),(4079,'Lanao del Sur','LAS',1170),(4080,'La Union','LUN',1170),(4081,'Leyte','LEY',1170),(4082,'Maguindanao','MAG',1170),(4083,'Marinduque','MAD',1170),(4084,'Masbate','MAS',1170),(4085,'Mindoro Occidental','MDC',1170),(4086,'Mindoro Oriental','MDR',1170),(4087,'Misamis Occidental','MSC',1170),(4088,'Misamis Oriental','MSR',1170),(4089,'Mountain Province','MOU',1170),(4090,'Negroe Occidental','NEC',1170),(4091,'Negros Oriental','NER',1170),(4092,'North Cotabato','NCO',1170),(4093,'Northern Samar','NSA',1170),(4094,'Nueva Ecija','NUE',1170),(4095,'Nueva Vizcaya','NUV',1170),(4096,'Palawan','PLW',1170),(4097,'Pampanga','PAM',1170),(4098,'Pangasinan','PAN',1170),(4099,'Quezon','QUE',1170),(4100,'Quirino','QUI',1170),(4101,'Rizal','RIZ',1170),(4102,'Romblon','ROM',1170),(4103,'Sarangani','SAR',1170),(4104,'Siquijor','SIG',1170),(4105,'Sorsogon','SOR',1170),(4106,'South Cotabato','SCO',1170),(4107,'Southern Leyte','SLE',1170),(4108,'Sultan Kudarat','SUK',1170),(4109,'Sulu','SLU',1170),(4110,'Surigao del Norte','SUN',1170),(4111,'Surigao del Sur','SUR',1170),(4112,'Tarlac','TAR',1170),(4113,'Tawi-Tawi','TAW',1170),(4114,'Western Samar','WSA',1170),(4115,'Zambales','ZMB',1170),(4116,'Zamboanga del Norte','ZAN',1170),(4117,'Zamboanga del Sur','ZAS',1170),(4118,'Zamboanga Sibiguey','ZSI',1170),(4119,'Islamabad Federal Capital Area','IS',1163),(4120,'Baluchistan','BA',1163),(4121,'Khyber Pakhtun Khawa','NW',1163),(4122,'Sindh','SD',1163),(4123,'Federally Administered Tribal Areas','TA',1163),(4124,'Azad Kashmir','JK',1163),(4125,'Gilgit-Baltistan','NA',1163),(4126,'Aveiro','01',1173),(4127,'Beja','02',1173),(4128,'Braga','03',1173),(4129,'Braganca','04',1173),(4130,'Castelo Branco','05',1173),(4131,'Colmbra','06',1173),(4132,'Ovora','07',1173),(4133,'Faro','08',1173),(4134,'Guarda','09',1173),(4135,'Leiria','10',1173),(4136,'Lisboa','11',1173),(4137,'Portalegre','12',1173),(4138,'Porto','13',1173),(4139,'Santarem','14',1173),(4140,'Setubal','15',1173),(4141,'Viana do Castelo','16',1173),(4142,'Vila Real','17',1173),(4143,'Viseu','18',1173),(4144,'Regiao Autonoma dos Acores','20',1173),(4145,'Regiao Autonoma da Madeira','30',1173),(4146,'Asuncion','ASU',1168),(4147,'Alto Paraguay','16',1168),(4148,'Alto Parana','10',1168),(4149,'Amambay','13',1168),(4150,'Boqueron','19',1168),(4151,'Caeguazu','5',1168),(4152,'Caazapl','6',1168),(4153,'Canindeyu','14',1168),(4154,'Concepcion','1',1168),(4155,'Cordillera','3',1168),(4156,'Guaira','4',1168),(4157,'Itapua','7',1168),(4158,'Miaiones','8',1168),(4159,'Neembucu','12',1168),(4160,'Paraguari','9',1168),(4161,'Presidente Hayes','15',1168),(4162,'San Pedro','2',1168),(4163,'Ad Dawhah','DA',1175),(4164,'Al Ghuwayriyah','GH',1175),(4165,'Al Jumayliyah','JU',1175),(4166,'Al Khawr','KH',1175),(4167,'Al Wakrah','WA',1175),(4168,'Ar Rayyan','RA',1175),(4169,'Jariyan al Batnah','JB',1175),(4170,'Madinat ash Shamal','MS',1175),(4171,'Umm Salal','US',1175),(4172,'Bucuresti','B',1176),(4173,'Alba','AB',1176),(4174,'Arad','AR',1176),(4175,'Argeș','AG',1176),(4176,'Bacău','BC',1176),(4177,'Bihor','BH',1176),(4178,'Bistrița-Năsăud','BN',1176),(4179,'Botoșani','BT',1176),(4180,'Brașov','BV',1176),(4181,'Brăila','BR',1176),(4182,'Buzău','BZ',1176),(4183,'Caraș-Severin','CS',1176),(4184,'Călărași','CL',1176),(4185,'Cluj','CJ',1176),(4186,'Constanța','CT',1176),(4187,'Covasna','CV',1176),(4188,'Dâmbovița','DB',1176),(4189,'Dolj','DJ',1176),(4190,'Galați','GL',1176),(4191,'Giurgiu','GR',1176),(4192,'Gorj','GJ',1176),(4193,'Harghita','HR',1176),(4194,'Hunedoara','HD',1176),(4195,'Ialomița','IL',1176),(4196,'Iași','IS',1176),(4197,'Ilfov','IF',1176),(4198,'Maramureș','MM',1176),(4199,'Mehedinți','MH',1176),(4200,'Mureș','MS',1176),(4201,'Neamț','NT',1176),(4202,'Olt','OT',1176),(4203,'Prahova','PH',1176),(4204,'Satu Mare','SM',1176),(4205,'Sălaj','SJ',1176),(4206,'Sibiu','SB',1176),(4207,'Suceava','SV',1176),(4208,'Teleorman','TR',1176),(4209,'Timiș','TM',1176),(4210,'Tulcea','TL',1176),(4211,'Vaslui','VS',1176),(4212,'Vâlcea','VL',1176),(4213,'Vrancea','VN',1176),(4214,'Adygeya, Respublika','AD',1177),(4215,'Altay, Respublika','AL',1177),(4216,'Bashkortostan, Respublika','BA',1177),(4217,'Buryatiya, Respublika','BU',1177),(4218,'Chechenskaya Respublika','CE',1177),(4219,'Chuvashskaya Respublika','CU',1177),(4220,'Dagestan, Respublika','DA',1177),(4221,'Ingushskaya Respublika','IN',1177),(4222,'Kabardino-Balkarskaya','KB',1177),(4223,'Kalmykiya, Respublika','KL',1177),(4224,'Karachayevo-Cherkesskaya Respublika','KC',1177),(4225,'Kareliya, Respublika','KR',1177),(4226,'Khakasiya, Respublika','KK',1177),(4227,'Komi, Respublika','KO',1177),(4228,'Mariy El, Respublika','ME',1177),(4229,'Mordoviya, Respublika','MO',1177),(4230,'Sakha, Respublika [Yakutiya]','SA',1177),(4231,'Severnaya Osetiya, Respublika','SE',1177),(4232,'Tatarstan, Respublika','TA',1177),(4233,'Tyva, Respublika [Tuva]','TY',1177),(4234,'Udmurtskaya Respublika','UD',1177),(4235,'Altayskiy kray','ALT',1177),(4236,'Khabarovskiy kray','KHA',1177),(4237,'Krasnodarskiy kray','KDA',1177),(4238,'Krasnoyarskiy kray','KYA',1177),(4239,'Primorskiy kray','PRI',1177),(4240,'Stavropol\'skiy kray','STA',1177),(4241,'Amurskaya oblast\'','AMU',1177),(4242,'Arkhangel\'skaya oblast\'','ARK',1177),(4243,'Astrakhanskaya oblast\'','AST',1177),(4244,'Belgorodskaya oblast\'','BEL',1177),(4245,'Bryanskaya oblast\'','BRY',1177),(4246,'Chelyabinskaya oblast\'','CHE',1177),(4247,'Zabaykalsky Krai\'','ZSK',1177),(4248,'Irkutskaya oblast\'','IRK',1177),(4249,'Ivanovskaya oblast\'','IVA',1177),(4250,'Kaliningradskaya oblast\'','KGD',1177),(4251,'Kaluzhskaya oblast\'','KLU',1177),(4252,'Kamchatka Krai\'','KAM',1177),(4253,'Kemerovskaya oblast\'','KEM',1177),(4254,'Kirovskaya oblast\'','KIR',1177),(4255,'Kostromskaya oblast\'','KOS',1177),(4256,'Kurganskaya oblast\'','KGN',1177),(4257,'Kurskaya oblast\'','KRS',1177),(4258,'Leningradskaya oblast\'','LEN',1177),(4259,'Lipetskaya oblast\'','LIP',1177),(4260,'Magadanskaya oblast\'','MAG',1177),(4261,'Moskovskaya oblast\'','MOS',1177),(4262,'Murmanskaya oblast\'','MUR',1177),(4263,'Nizhegorodskaya oblast\'','NIZ',1177),(4264,'Novgorodskaya oblast\'','NGR',1177),(4265,'Novosibirskaya oblast\'','NVS',1177),(4266,'Omskaya oblast\'','OMS',1177),(4267,'Orenburgskaya oblast\'','ORE',1177),(4268,'Orlovskaya oblast\'','ORL',1177),(4269,'Penzenskaya oblast\'','PNZ',1177),(4270,'Perm krai\'','PEK',1177),(4271,'Pskovskaya oblast\'','PSK',1177),(4272,'Rostovskaya oblast\'','ROS',1177),(4273,'Ryazanskaya oblast\'','RYA',1177),(4274,'Sakhalinskaya oblast\'','SAK',1177),(4275,'Samarskaya oblast\'','SAM',1177),(4276,'Saratovskaya oblast\'','SAR',1177),(4277,'Smolenskaya oblast\'','SMO',1177),(4278,'Sverdlovskaya oblast\'','SVE',1177),(4279,'Tambovskaya oblast\'','TAM',1177),(4280,'Tomskaya oblast\'','TOM',1177),(4281,'Tul\'skaya oblast\'','TUL',1177),(4282,'Tverskaya oblast\'','TVE',1177),(4283,'Tyumenskaya oblast\'','TYU',1177),(4284,'Ul\'yanovskaya oblast\'','ULY',1177),(4285,'Vladimirskaya oblast\'','VLA',1177),(4286,'Volgogradskaya oblast\'','VGG',1177),(4287,'Vologodskaya oblast\'','VLG',1177),(4288,'Voronezhskaya oblast\'','VOR',1177),(4289,'Yaroslavskaya oblast\'','YAR',1177),(4290,'Moskva','MOW',1177),(4291,'Sankt-Peterburg','SPE',1177),(4292,'Yevreyskaya avtonomnaya oblast\'','YEV',1177),(4294,'Chukotskiy avtonomnyy okrug','CHU',1177),(4296,'Khanty-Mansiyskiy avtonomnyy okrug','KHM',1177),(4299,'Nenetskiy avtonomnyy okrug','NEN',1177),(4302,'Yamalo-Nenetskiy avtonomnyy okrug','YAN',1177),(4303,'Butare','C',1178),(4304,'Byumba','I',1178),(4305,'Cyangugu','E',1178),(4306,'Gikongoro','D',1178),(4307,'Gisenyi','G',1178),(4308,'Gitarama','B',1178),(4309,'Kibungo','J',1178),(4310,'Kibuye','F',1178),(4311,'Kigali-Rural Kigali y\' Icyaro','K',1178),(4312,'Kigali-Ville Kigali Ngari','L',1178),(4313,'Mutara','M',1178),(4314,'Ruhengeri','H',1178),(4315,'Al Bahah','11',1187),(4316,'Al Hudud Ash Shamaliyah','08',1187),(4317,'Al Jawf','12',1187),(4318,'Al Madinah','03',1187),(4319,'Al Qasim','05',1187),(4320,'Ar Riyad','01',1187),(4321,'Asir','14',1187),(4322,'Ha\'il','06',1187),(4323,'Jlzan','09',1187),(4324,'Makkah','02',1187),(4325,'Najran','10',1187),(4326,'Tabuk','07',1187),(4327,'Capital Territory (Honiara)','CT',1194),(4328,'Guadalcanal','GU',1194),(4329,'Isabel','IS',1194),(4330,'Makira','MK',1194),(4331,'Malaita','ML',1194),(4332,'Temotu','TE',1194),(4333,'A\'ali an Nil','23',1200),(4334,'Al Bah al Ahmar','26',1200),(4335,'Al Buhayrat','18',1200),(4336,'Al Jazirah','07',1200),(4337,'Al Khartum','03',1200),(4338,'Al Qadarif','06',1200),(4339,'Al Wahdah','22',1200),(4340,'An Nil','04',1200),(4341,'An Nil al Abyaq','08',1200),(4342,'An Nil al Azraq','24',1200),(4343,'Ash Shamallyah','01',1200),(4344,'Bahr al Jabal','17',1200),(4345,'Gharb al Istiwa\'iyah','16',1200),(4346,'Gharb Ba~r al Ghazal','14',1200),(4347,'Gharb Darfur','12',1200),(4348,'Gharb Kurdufan','10',1200),(4349,'Janub Darfur','11',1200),(4350,'Janub Rurdufan','13',1200),(4351,'Jnqall','20',1200),(4352,'Kassala','05',1200),(4353,'Shamal Batr al Ghazal','15',1200),(4354,'Shamal Darfur','02',1200),(4355,'Shamal Kurdufan','09',1200),(4356,'Sharq al Istiwa\'iyah','19',1200),(4357,'Sinnar','25',1200),(4358,'Warab','21',1200),(4359,'Blekinge län','K',1204),(4360,'Dalarnas län','W',1204),(4361,'Gotlands län','I',1204),(4362,'Gävleborgs län','X',1204),(4363,'Hallands län','N',1204),(4364,'Jämtlands län','Z',1204),(4365,'Jönkopings län','F',1204),(4366,'Kalmar län','H',1204),(4367,'Kronobergs län','G',1204),(4368,'Norrbottens län','BD',1204),(4369,'Skåne län','M',1204),(4370,'Stockholms län','AB',1204),(4371,'Södermanlands län','D',1204),(4372,'Uppsala län','C',1204),(4373,'Värmlands län','S',1204),(4374,'Västerbottens län','AC',1204),(4375,'Västernorrlands län','Y',1204),(4376,'Västmanlands län','U',1204),(4377,'Västra Götalands län','Q',1204),(4378,'Örebro län','T',1204),(4379,'Östergötlands län','E',1204),(4380,'Saint Helena','SH',1180),(4381,'Ascension','AC',1180),(4382,'Tristan da Cunha','TA',1180),(4383,'Ajdovščina','001',1193),(4384,'Beltinci','002',1193),(4385,'Benedikt','148',1193),(4386,'Bistrica ob Sotli','149',1193),(4387,'Bled','003',1193),(4388,'Bloke','150',1193),(4389,'Bohinj','004',1193),(4390,'Borovnica','005',1193),(4391,'Bovec','006',1193),(4392,'Braslovče','151',1193),(4393,'Brda','007',1193),(4394,'Brezovica','008',1193),(4395,'Brežice','009',1193),(4396,'Cankova','152',1193),(4397,'Celje','011',1193),(4398,'Cerklje na Gorenjskem','012',1193),(4399,'Cerknica','013',1193),(4400,'Cerkno','014',1193),(4401,'Cerkvenjak','153',1193),(4402,'Črenšovci','015',1193),(4403,'Črna na Koroškem','016',1193),(4404,'Črnomelj','017',1193),(4405,'Destrnik','018',1193),(4406,'Divača','019',1193),(4407,'Dobje','154',1193),(4408,'Dobrepolje','020',1193),(4409,'Dobrna','155',1193),(4410,'Dobrova-Polhov Gradec','021',1193),(4411,'Dobrovnik','156',1193),(4412,'Dol pri Ljubljani','022',1193),(4413,'Dolenjske Toplice','157',1193),(4414,'Domžale','023',1193),(4415,'Dornava','024',1193),(4416,'Dravograd','025',1193),(4417,'Duplek','026',1193),(4418,'Gorenja vas-Poljane','027',1193),(4419,'Gorišnica','028',1193),(4420,'Gornja Radgona','029',1193),(4421,'Gornji Grad','030',1193),(4422,'Gornji Petrovci','031',1193),(4423,'Grad','158',1193),(4424,'Grosuplje','032',1193),(4425,'Hajdina','159',1193),(4426,'Hoče-Slivnica','160',1193),(4427,'Hodoš','161',1193),(4428,'Horjul','162',1193),(4429,'Hrastnik','034',1193),(4430,'Hrpelje-Kozina','035',1193),(4431,'Idrija','036',1193),(4432,'Ig','037',1193),(4433,'Ilirska Bistrica','038',1193),(4434,'Ivančna Gorica','039',1193),(4435,'Izola','040',1193),(4436,'Jesenice','041',1193),(4437,'Jezersko','163',1193),(4438,'Juršinci','042',1193),(4439,'Kamnik','043',1193),(4440,'Kanal','044',1193),(4441,'Kidričevo','045',1193),(4442,'Kobarid','046',1193),(4443,'Kobilje','047',1193),(4444,'Kočevje','048',1193),(4445,'Komen','049',1193),(4446,'Komenda','164',1193),(4447,'Koper','050',1193),(4448,'Kostel','165',1193),(4449,'Kozje','051',1193),(4450,'Kranj','052',1193),(4451,'Kranjska Gora','053',1193),(4452,'Križevci','166',1193),(4453,'Krško','054',1193),(4454,'Kungota','055',1193),(4455,'Kuzma','056',1193),(4456,'Laško','057',1193),(4457,'Lenart','058',1193),(4458,'Lendava','059',1193),(4459,'Litija','060',1193),(4460,'Ljubljana','061',1193),(4461,'Ljubno','062',1193),(4462,'Ljutomer','063',1193),(4463,'Logatec','064',1193),(4464,'Loška dolina','065',1193),(4465,'Loški Potok','066',1193),(4466,'Lovrenc na Pohorju','167',1193),(4467,'Luče','067',1193),(4468,'Lukovica','068',1193),(4469,'Majšperk','069',1193),(4470,'Maribor','070',1193),(4471,'Markovci','168',1193),(4472,'Medvode','071',1193),(4473,'Mengeš','072',1193),(4474,'Metlika','073',1193),(4475,'Mežica','074',1193),(4476,'Miklavž na Dravskem polju','169',1193),(4477,'Miren-Kostanjevica','075',1193),(4478,'Mirna Peč','170',1193),(4479,'Mislinja','076',1193),(4480,'Moravče','077',1193),(4481,'Moravske Toplice','078',1193),(4482,'Mozirje','079',1193),(4483,'Murska Sobota','080',1193),(4484,'Muta','081',1193),(4485,'Naklo','082',1193),(4486,'Nazarje','083',1193),(4487,'Nova Gorica','084',1193),(4488,'Novo mesto','085',1193),(4489,'Sveta Ana','181',1193),(4490,'Sveti Andraž v Slovenskih goricah','182',1193),(4491,'Sveti Jurij','116',1193),(4492,'Šalovci','033',1193),(4493,'Šempeter-Vrtojba','183',1193),(4494,'Šenčur','117',1193),(4495,'Šentilj','118',1193),(4496,'Šentjernej','119',1193),(4497,'Šentjur','120',1193),(4498,'Škocjan','121',1193),(4499,'Škofja Loka','122',1193),(4500,'Škofljica','123',1193),(4501,'Šmarje pri Jelšah','124',1193),(4502,'Šmartno ob Paki','125',1193),(4503,'Šmartno pri Litiji','194',1193),(4504,'Šoštanj','126',1193),(4505,'Štore','127',1193),(4506,'Tabor','184',1193),(4507,'Tišina','010',1193),(4508,'Tolmin','128',1193),(4509,'Trbovlje','129',1193),(4510,'Trebnje','130',1193),(4511,'Trnovska vas','185',1193),(4512,'Tržič','131',1193),(4513,'Trzin','186',1193),(4514,'Turnišče','132',1193),(4515,'Velenje','133',1193),(4516,'Velika Polana','187',1193),(4517,'Velike Lašče','134',1193),(4518,'Veržej','188',1193),(4519,'Videm','135',1193),(4520,'Vipava','136',1193),(4521,'Vitanje','137',1193),(4522,'Vojnik','138',1193),(4523,'Vransko','189',1193),(4524,'Vrhnika','140',1193),(4525,'Vuzenica','141',1193),(4526,'Zagorje ob Savi','142',1193),(4527,'Zavrč','143',1193),(4528,'Zreče','144',1193),(4529,'Žalec','190',1193),(4530,'Železniki','146',1193),(4531,'Žetale','191',1193),(4532,'Žiri','147',1193),(4533,'Žirovnica','192',1193),(4534,'Žužemberk','193',1193),(4535,'Banskobystrický kraj','BC',1192),(4536,'Bratislavský kraj','BL',1192),(4537,'Košický kraj','KI',1192),(4538,'Nitriansky kraj','NJ',1192),(4539,'Prešovský kraj','PV',1192),(4540,'Trenčiansky kraj','TC',1192),(4541,'Trnavský kraj','TA',1192),(4542,'Žilinský kraj','ZI',1192),(4543,'Western Area (Freetown)','W',1190),(4544,'Dakar','DK',1188),(4545,'Diourbel','DB',1188),(4546,'Fatick','FK',1188),(4547,'Kaolack','KL',1188),(4548,'Kolda','KD',1188),(4549,'Louga','LG',1188),(4550,'Matam','MT',1188),(4551,'Saint-Louis','SL',1188),(4552,'Tambacounda','TC',1188),(4553,'Thies','TH',1188),(4554,'Ziguinchor','ZG',1188),(4555,'Awdal','AW',1195),(4556,'Bakool','BK',1195),(4557,'Banaadir','BN',1195),(4558,'Bay','BY',1195),(4559,'Galguduud','GA',1195),(4560,'Gedo','GE',1195),(4561,'Hiirsan','HI',1195),(4562,'Jubbada Dhexe','JD',1195),(4563,'Jubbada Hoose','JH',1195),(4564,'Mudug','MU',1195),(4565,'Nugaal','NU',1195),(4566,'Saneag','SA',1195),(4567,'Shabeellaha Dhexe','SD',1195),(4568,'Shabeellaha Hoose','SH',1195),(4569,'Sool','SO',1195),(4570,'Togdheer','TO',1195),(4571,'Woqooyi Galbeed','WO',1195),(4572,'Brokopondo','BR',1201),(4573,'Commewijne','CM',1201),(4574,'Coronie','CR',1201),(4575,'Marowijne','MA',1201),(4576,'Nickerie','NI',1201),(4577,'Paramaribo','PM',1201),(4578,'Saramacca','SA',1201),(4579,'Sipaliwini','SI',1201),(4580,'Wanica','WA',1201),(4581,'Principe','P',1207),(4582,'Sao Tome','S',1207),(4583,'Ahuachapan','AH',1066),(4584,'Cabanas','CA',1066),(4585,'Cuscatlan','CU',1066),(4586,'Chalatenango','CH',1066),(4587,'Morazan','MO',1066),(4588,'San Miguel','SM',1066),(4589,'San Salvador','SS',1066),(4590,'Santa Ana','SA',1066),(4591,'San Vicente','SV',1066),(4592,'Sonsonate','SO',1066),(4593,'Usulutan','US',1066),(4594,'Al Hasakah','HA',1206),(4595,'Al Ladhiqiyah','LA',1206),(4596,'Al Qunaytirah','QU',1206),(4597,'Ar Raqqah','RA',1206),(4598,'As Suwayda\'','SU',1206),(4599,'Dar\'a','DR',1206),(4600,'Dayr az Zawr','DY',1206),(4601,'Dimashq','DI',1206),(4602,'Halab','HL',1206),(4603,'Hamah','HM',1206),(4604,'Jim\'','HI',1206),(4605,'Idlib','ID',1206),(4606,'Rif Dimashq','RD',1206),(4607,'Tarts','TA',1206),(4608,'Hhohho','HH',1203),(4609,'Lubombo','LU',1203),(4610,'Manzini','MA',1203),(4611,'Shiselweni','SH',1203),(4612,'Batha','BA',1043),(4613,'Biltine','BI',1043),(4614,'Borkou-Ennedi-Tibesti','BET',1043),(4615,'Chari-Baguirmi','CB',1043),(4616,'Guera','GR',1043),(4617,'Kanem','KA',1043),(4618,'Lac','LC',1043),(4619,'Logone-Occidental','LO',1043),(4620,'Logone-Oriental','LR',1043),(4621,'Mayo-Kebbi','MK',1043),(4622,'Moyen-Chari','MC',1043),(4623,'Ouaddai','OD',1043),(4624,'Salamat','SA',1043),(4625,'Tandjile','TA',1043),(4626,'Kara','K',1214),(4627,'Maritime (Region)','M',1214),(4628,'Savannes','S',1214),(4629,'Krung Thep Maha Nakhon Bangkok','10',1211),(4630,'Phatthaya','S',1211),(4631,'Amnat Charoen','37',1211),(4632,'Ang Thong','15',1211),(4633,'Buri Ram','31',1211),(4634,'Chachoengsao','24',1211),(4635,'Chai Nat','18',1211),(4636,'Chaiyaphum','36',1211),(4637,'Chanthaburi','22',1211),(4638,'Chiang Mai','50',1211),(4639,'Chiang Rai','57',1211),(4640,'Chon Buri','20',1211),(4641,'Chumphon','86',1211),(4642,'Kalasin','46',1211),(4643,'Kamphasng Phet','62',1211),(4644,'Kanchanaburi','71',1211),(4645,'Khon Kaen','40',1211),(4646,'Krabi','81',1211),(4647,'Lampang','52',1211),(4648,'Lamphun','51',1211),(4649,'Loei','42',1211),(4650,'Lop Buri','16',1211),(4651,'Mae Hong Son','58',1211),(4652,'Maha Sarakham','44',1211),(4653,'Mukdahan','49',1211),(4654,'Nakhon Nayok','26',1211),(4655,'Nakhon Pathom','73',1211),(4656,'Nakhon Phanom','48',1211),(4657,'Nakhon Ratchasima','30',1211),(4658,'Nakhon Sawan','60',1211),(4659,'Nakhon Si Thammarat','80',1211),(4660,'Nan','55',1211),(4661,'Narathiwat','96',1211),(4662,'Nong Bua Lam Phu','39',1211),(4663,'Nong Khai','43',1211),(4664,'Nonthaburi','12',1211),(4665,'Pathum Thani','13',1211),(4666,'Pattani','94',1211),(4667,'Phangnga','82',1211),(4668,'Phatthalung','93',1211),(4669,'Phayao','56',1211),(4670,'Phetchabun','67',1211),(4671,'Phetchaburi','76',1211),(4672,'Phichit','66',1211),(4673,'Phitsanulok','65',1211),(4674,'Phrae','54',1211),(4675,'Phra Nakhon Si Ayutthaya','14',1211),(4676,'Phuket','83',1211),(4677,'Prachin Buri','25',1211),(4678,'Prachuap Khiri Khan','77',1211),(4679,'Ranong','85',1211),(4680,'Ratchaburi','70',1211),(4681,'Rayong','21',1211),(4682,'Roi Et','45',1211),(4683,'Sa Kaeo','27',1211),(4684,'Sakon Nakhon','47',1211),(4685,'Samut Prakan','11',1211),(4686,'Samut Sakhon','74',1211),(4687,'Samut Songkhram','75',1211),(4688,'Saraburi','19',1211),(4689,'Satun','91',1211),(4690,'Sing Buri','17',1211),(4691,'Si Sa Ket','33',1211),(4692,'Songkhla','90',1211),(4693,'Sukhothai','64',1211),(4694,'Suphan Buri','72',1211),(4695,'Surat Thani','84',1211),(4696,'Surin','32',1211),(4697,'Tak','63',1211),(4698,'Trang','92',1211),(4699,'Trat','23',1211),(4700,'Ubon Ratchathani','34',1211),(4701,'Udon Thani','41',1211),(4702,'Uthai Thani','61',1211),(4703,'Uttaradit','53',1211),(4704,'Yala','95',1211),(4705,'Yasothon','35',1211),(4706,'Sughd','SU',1209),(4707,'Khatlon','KT',1209),(4708,'Gorno-Badakhshan','GB',1209),(4709,'Ahal','A',1220),(4710,'Balkan','B',1220),(4711,'Dasoguz','D',1220),(4712,'Lebap','L',1220),(4713,'Mary','M',1220),(4714,'Béja','31',1218),(4715,'Ben Arous','13',1218),(4716,'Bizerte','23',1218),(4717,'Gabès','81',1218),(4718,'Gafsa','71',1218),(4719,'Jendouba','32',1218),(4720,'Kairouan','41',1218),(4721,'Rasserine','42',1218),(4722,'Kebili','73',1218),(4723,'L\'Ariana','12',1218),(4724,'Le Ref','33',1218),(4725,'Mahdia','53',1218),(4726,'La Manouba','14',1218),(4727,'Medenine','82',1218),(4728,'Moneatir','52',1218),(4729,'Naboul','21',1218),(4730,'Sfax','61',1218),(4731,'Sidi Bouxid','43',1218),(4732,'Siliana','34',1218),(4733,'Sousse','51',1218),(4734,'Tataouine','83',1218),(4735,'Tozeur','72',1218),(4736,'Tunis','11',1218),(4737,'Zaghouan','22',1218),(4738,'Adana','01',1219),(4739,'Ad yaman','02',1219),(4740,'Afyon','03',1219),(4741,'Ag r','04',1219),(4742,'Aksaray','68',1219),(4743,'Amasya','05',1219),(4744,'Ankara','06',1219),(4745,'Antalya','07',1219),(4746,'Ardahan','75',1219),(4747,'Artvin','08',1219),(4748,'Aydin','09',1219),(4749,'Bal kesir','10',1219),(4750,'Bartin','74',1219),(4751,'Batman','72',1219),(4752,'Bayburt','69',1219),(4753,'Bilecik','11',1219),(4754,'Bingol','12',1219),(4755,'Bitlis','13',1219),(4756,'Bolu','14',1219),(4757,'Burdur','15',1219),(4758,'Bursa','16',1219),(4759,'Canakkale','17',1219),(4760,'Cankir','18',1219),(4761,'Corum','19',1219),(4762,'Denizli','20',1219),(4763,'Diyarbakir','21',1219),(4764,'Duzce','81',1219),(4765,'Edirne','22',1219),(4766,'Elazig','23',1219),(4767,'Erzincan','24',1219),(4768,'Erzurum','25',1219),(4769,'Eskis\'ehir','26',1219),(4770,'Gaziantep','27',1219),(4771,'Giresun','28',1219),(4772,'Gms\'hane','29',1219),(4773,'Hakkari','30',1219),(4774,'Hatay','31',1219),(4775,'Igidir','76',1219),(4776,'Isparta','32',1219),(4777,'Icel','33',1219),(4778,'Istanbul','34',1219),(4779,'Izmir','35',1219),(4780,'Kahramanmaras','46',1219),(4781,'Karabk','78',1219),(4782,'Karaman','70',1219),(4783,'Kars','36',1219),(4784,'Kastamonu','37',1219),(4785,'Kayseri','38',1219),(4786,'Kirikkale','71',1219),(4787,'Kirklareli','39',1219),(4788,'Kirs\'ehir','40',1219),(4789,'Kilis','79',1219),(4790,'Kocaeli','41',1219),(4791,'Konya','42',1219),(4792,'Ktahya','43',1219),(4793,'Malatya','44',1219),(4794,'Manisa','45',1219),(4795,'Mardin','47',1219),(4796,'Mugila','48',1219),(4797,'Mus','49',1219),(4798,'Nevs\'ehir','50',1219),(4799,'Nigide','51',1219),(4800,'Ordu','52',1219),(4801,'Osmaniye','80',1219),(4802,'Rize','53',1219),(4803,'Sakarya','54',1219),(4804,'Samsun','55',1219),(4805,'Siirt','56',1219),(4806,'Sinop','57',1219),(4807,'Sivas','58',1219),(4808,'S\'anliurfa','63',1219),(4809,'S\'rnak','73',1219),(4810,'Tekirdag','59',1219),(4811,'Tokat','60',1219),(4812,'Trabzon','61',1219),(4813,'Tunceli','62',1219),(4814,'Us\'ak','64',1219),(4815,'Van','65',1219),(4816,'Yalova','77',1219),(4817,'Yozgat','66',1219),(4818,'Zonguldak','67',1219),(4819,'Couva-Tabaquite-Talparo','CTT',1217),(4820,'Diego Martin','DMN',1217),(4821,'Eastern Tobago','ETO',1217),(4822,'Penal-Debe','PED',1217),(4823,'Princes Town','PRT',1217),(4824,'Rio Claro-Mayaro','RCM',1217),(4825,'Sangre Grande','SGE',1217),(4826,'San Juan-Laventille','SJL',1217),(4827,'Siparia','SIP',1217),(4828,'Tunapuna-Piarco','TUP',1217),(4829,'Western Tobago','WTO',1217),(4830,'Arima','ARI',1217),(4831,'Chaguanas','CHA',1217),(4832,'Point Fortin','PTF',1217),(4833,'Port of Spain','POS',1217),(4834,'San Fernando','SFO',1217),(4835,'Aileu','AL',1063),(4836,'Ainaro','AN',1063),(4837,'Bacucau','BA',1063),(4838,'Bobonaro','BO',1063),(4839,'Cova Lima','CO',1063),(4840,'Dili','DI',1063),(4841,'Ermera','ER',1063),(4842,'Laulem','LA',1063),(4843,'Liquica','LI',1063),(4844,'Manatuto','MT',1063),(4845,'Manafahi','MF',1063),(4846,'Oecussi','OE',1063),(4847,'Viqueque','VI',1063),(4848,'Changhua County','CHA',1208),(4849,'Chiayi County','CYQ',1208),(4850,'Hsinchu County','HSQ',1208),(4851,'Hualien County','HUA',1208),(4852,'Ilan County','ILA',1208),(4853,'Kaohsiung County','KHQ',1208),(4854,'Miaoli County','MIA',1208),(4855,'Nantou County','NAN',1208),(4856,'Penghu County','PEN',1208),(4857,'Pingtung County','PIF',1208),(4858,'Taichung County','TXQ',1208),(4859,'Tainan County','TNQ',1208),(4860,'Taipei County','TPQ',1208),(4861,'Taitung County','TTT',1208),(4862,'Taoyuan County','TAO',1208),(4863,'Yunlin County','YUN',1208),(4864,'Keelung City','KEE',1208),(4865,'Arusha','01',1210),(4866,'Dar-es-Salaam','02',1210),(4867,'Dodoma','03',1210),(4868,'Iringa','04',1210),(4869,'Kagera','05',1210),(4870,'Kaskazini Pemba','06',1210),(4871,'Kaskazini Unguja','07',1210),(4872,'Xigoma','08',1210),(4873,'Kilimanjaro','09',1210),(4874,'Rusini Pemba','10',1210),(4875,'Kusini Unguja','11',1210),(4876,'Lindi','12',1210),(4877,'Manyara','26',1210),(4878,'Mara','13',1210),(4879,'Mbeya','14',1210),(4880,'Mjini Magharibi','15',1210),(4881,'Morogoro','16',1210),(4882,'Mtwara','17',1210),(4883,'Pwani','19',1210),(4884,'Rukwa','20',1210),(4885,'Ruvuma','21',1210),(4886,'Shinyanga','22',1210),(4887,'Singida','23',1210),(4888,'Tabora','24',1210),(4889,'Tanga','25',1210),(4890,'Cherkas\'ka Oblast\'','71',1224),(4891,'Chernihivs\'ka Oblast\'','74',1224),(4892,'Chernivets\'ka Oblast\'','77',1224),(4893,'Dnipropetrovs\'ka Oblast\'','12',1224),(4894,'Donets\'ka Oblast\'','14',1224),(4895,'Ivano-Frankivs\'ka Oblast\'','26',1224),(4896,'Kharkivs\'ka Oblast\'','63',1224),(4897,'Khersons\'ka Oblast\'','65',1224),(4898,'Khmel\'nyts\'ka Oblast\'','68',1224),(4899,'Kirovohrads\'ka Oblast\'','35',1224),(4900,'Kyivs\'ka Oblast\'','32',1224),(4901,'Luhans\'ka Oblast\'','09',1224),(4902,'L\'vivs\'ka Oblast\'','46',1224),(4903,'Mykolaivs\'ka Oblast\'','48',1224),(4904,'Odes \'ka Oblast\'','51',1224),(4905,'Poltavs\'ka Oblast\'','53',1224),(4906,'Rivnens\'ka Oblast\'','56',1224),(4907,'Sums \'ka Oblast\'','59',1224),(4908,'Ternopil\'s\'ka Oblast\'','61',1224),(4909,'Vinnyts\'ka Oblast\'','05',1224),(4910,'Volyos\'ka Oblast\'','07',1224),(4911,'Zakarpats\'ka Oblast\'','21',1224),(4912,'Zaporiz\'ka Oblast\'','23',1224),(4913,'Zhytomyrs\'ka Oblast\'','18',1224),(4914,'Respublika Krym','43',1224),(4915,'Kyiv','30',1224),(4916,'Sevastopol','40',1224),(4917,'Adjumani','301',1223),(4918,'Apac','302',1223),(4919,'Arua','303',1223),(4920,'Bugiri','201',1223),(4921,'Bundibugyo','401',1223),(4922,'Bushenyi','402',1223),(4923,'Busia','202',1223),(4924,'Gulu','304',1223),(4925,'Hoima','403',1223),(4926,'Iganga','203',1223),(4927,'Jinja','204',1223),(4928,'Kabale','404',1223),(4929,'Kabarole','405',1223),(4930,'Kaberamaido','213',1223),(4931,'Kalangala','101',1223),(4932,'Kampala','102',1223),(4933,'Kamuli','205',1223),(4934,'Kamwenge','413',1223),(4935,'Kanungu','414',1223),(4936,'Kapchorwa','206',1223),(4937,'Kasese','406',1223),(4938,'Katakwi','207',1223),(4939,'Kayunga','112',1223),(4940,'Kibaale','407',1223),(4941,'Kiboga','103',1223),(4942,'Kisoro','408',1223),(4943,'Kitgum','305',1223),(4944,'Kotido','306',1223),(4945,'Kumi','208',1223),(4946,'Kyenjojo','415',1223),(4947,'Lira','307',1223),(4948,'Luwero','104',1223),(4949,'Masaka','105',1223),(4950,'Masindi','409',1223),(4951,'Mayuge','214',1223),(4952,'Mbale','209',1223),(4953,'Mbarara','410',1223),(4954,'Moroto','308',1223),(4955,'Moyo','309',1223),(4956,'Mpigi','106',1223),(4957,'Mubende','107',1223),(4958,'Mukono','108',1223),(4959,'Nakapiripirit','311',1223),(4960,'Nakasongola','109',1223),(4961,'Nebbi','310',1223),(4962,'Ntungamo','411',1223),(4963,'Pader','312',1223),(4964,'Pallisa','210',1223),(4965,'Rakai','110',1223),(4966,'Rukungiri','412',1223),(4967,'Sembabule','111',1223),(4968,'Sironko','215',1223),(4969,'Soroti','211',1223),(4970,'Tororo','212',1223),(4971,'Wakiso','113',1223),(4972,'Yumbe','313',1223),(4973,'Baker Island','81',1227),(4974,'Howland Island','84',1227),(4975,'Jarvis Island','86',1227),(4976,'Johnston Atoll','67',1227),(4977,'Kingman Reef','89',1227),(4978,'Midway Islands','71',1227),(4979,'Navassa Island','76',1227),(4980,'Palmyra Atoll','95',1227),(4981,'Wake Island','79',1227),(4982,'Artigsa','AR',1229),(4983,'Canelones','CA',1229),(4984,'Cerro Largo','CL',1229),(4985,'Colonia','CO',1229),(4986,'Durazno','DU',1229),(4987,'Flores','FS',1229),(4988,'Lavalleja','LA',1229),(4989,'Maldonado','MA',1229),(4990,'Montevideo','MO',1229),(4991,'Paysandu','PA',1229),(4992,'Rivera','RV',1229),(4993,'Rocha','RO',1229),(4994,'Salto','SA',1229),(4995,'Soriano','SO',1229),(4996,'Tacuarembo','TA',1229),(4997,'Treinta y Tres','TT',1229),(4998,'Toshkent (city)','TK',1230),(4999,'Qoraqalpogiston Respublikasi','QR',1230),(5000,'Andijon','AN',1230),(5001,'Buxoro','BU',1230),(5002,'Farg\'ona','FA',1230),(5003,'Jizzax','JI',1230),(5004,'Khorazm','KH',1230),(5005,'Namangan','NG',1230),(5006,'Navoiy','NW',1230),(5007,'Qashqadaryo','QA',1230),(5008,'Samarqand','SA',1230),(5009,'Sirdaryo','SI',1230),(5010,'Surxondaryo','SU',1230),(5011,'Toshkent','TO',1230),(5012,'Xorazm','XO',1230),(5013,'Distrito Federal','A',1232),(5014,'Anzoategui','B',1232),(5015,'Apure','C',1232),(5016,'Aragua','D',1232),(5017,'Barinas','E',1232),(5018,'Carabobo','G',1232),(5019,'Cojedes','H',1232),(5020,'Falcon','I',1232),(5021,'Guarico','J',1232),(5022,'Lara','K',1232),(5023,'Merida','L',1232),(5024,'Miranda','M',1232),(5025,'Monagas','N',1232),(5026,'Nueva Esparta','O',1232),(5027,'Portuguesa','P',1232),(5028,'Tachira','S',1232),(5029,'Trujillo','T',1232),(5030,'Vargas','X',1232),(5031,'Yaracuy','U',1232),(5032,'Zulia','V',1232),(5033,'Delta Amacuro','Y',1232),(5034,'Dependencias Federales','W',1232),(5035,'An Giang','44',1233),(5036,'Ba Ria - Vung Tau','43',1233),(5037,'Bac Can','53',1233),(5038,'Bac Giang','54',1233),(5039,'Bac Lieu','55',1233),(5040,'Bac Ninh','56',1233),(5041,'Ben Tre','50',1233),(5042,'Binh Dinh','31',1233),(5043,'Binh Duong','57',1233),(5044,'Binh Phuoc','58',1233),(5045,'Binh Thuan','40',1233),(5046,'Ca Mau','59',1233),(5047,'Can Tho','48',1233),(5048,'Cao Bang','04',1233),(5049,'Da Nang, thanh pho','60',1233),(5050,'Dong Nai','39',1233),(5051,'Dong Thap','45',1233),(5052,'Gia Lai','30',1233),(5053,'Ha Giang','03',1233),(5054,'Ha Nam','63',1233),(5055,'Ha Noi, thu do','64',1233),(5056,'Ha Tay','15',1233),(5057,'Ha Tinh','23',1233),(5058,'Hai Duong','61',1233),(5059,'Hai Phong, thanh pho','62',1233),(5060,'Hoa Binh','14',1233),(5061,'Ho Chi Minh, thanh pho [Sai Gon]','65',1233),(5062,'Hung Yen','66',1233),(5063,'Khanh Hoa','34',1233),(5064,'Kien Giang','47',1233),(5065,'Kon Tum','28',1233),(5066,'Lai Chau','01',1233),(5067,'Lam Dong','35',1233),(5068,'Lang Son','09',1233),(5069,'Lao Cai','02',1233),(5070,'Long An','41',1233),(5071,'Nam Dinh','67',1233),(5072,'Nghe An','22',1233),(5073,'Ninh Binh','18',1233),(5074,'Ninh Thuan','36',1233),(5075,'Phu Tho','68',1233),(5076,'Phu Yen','32',1233),(5077,'Quang Binh','24',1233),(5078,'Quang Nam','27',1233),(5079,'Quang Ngai','29',1233),(5080,'Quang Ninh','13',1233),(5081,'Quang Tri','25',1233),(5082,'Soc Trang','52',1233),(5083,'Son La','05',1233),(5084,'Tay Ninh','37',1233),(5085,'Thai Binh','20',1233),(5086,'Thai Nguyen','69',1233),(5087,'Thanh Hoa','21',1233),(5088,'Thua Thien-Hue','26',1233),(5089,'Tien Giang','46',1233),(5090,'Tra Vinh','51',1233),(5091,'Tuyen Quang','07',1233),(5092,'Vinh Long','49',1233),(5093,'Vinh Phuc','70',1233),(5094,'Yen Bai','06',1233),(5095,'Malampa','MAP',1231),(5096,'Penama','PAM',1231),(5097,'Sanma','SAM',1231),(5098,'Shefa','SEE',1231),(5099,'Tafea','TAE',1231),(5100,'Torba','TOB',1231),(5101,'A\'ana','AA',1185),(5102,'Aiga-i-le-Tai','AL',1185),(5103,'Atua','AT',1185),(5104,'Fa\'aaaleleaga','FA',1185),(5105,'Gaga\'emauga','GE',1185),(5106,'Gagaifomauga','GI',1185),(5107,'Palauli','PA',1185),(5108,'Satupa\'itea','SA',1185),(5109,'Tuamasaga','TU',1185),(5110,'Va\'a-o-Fonoti','VF',1185),(5111,'Vaisigano','VS',1185),(5112,'Crna Gora','CG',1243),(5113,'Srbija','SR',1242),(5114,'Kosovo-Metohija','KM',1242),(5115,'Vojvodina','VO',1242),(5116,'Abyan','AB',1237),(5117,'Adan','AD',1237),(5118,'Ad Dali','DA',1237),(5119,'Al Bayda\'','BA',1237),(5120,'Al Hudaydah','MU',1237),(5121,'Al Mahrah','MR',1237),(5122,'Al Mahwit','MW',1237),(5123,'Amran','AM',1237),(5124,'Dhamar','DH',1237),(5125,'Hadramawt','HD',1237),(5126,'Hajjah','HJ',1237),(5127,'Ibb','IB',1237),(5128,'Lahij','LA',1237),(5129,'Ma\'rib','MA',1237),(5130,'Sa\'dah','SD',1237),(5131,'San\'a\'','SN',1237),(5132,'Shabwah','SH',1237),(5133,'Ta\'izz','TA',1237),(5134,'Eastern Cape','EC',1196),(5135,'Free State','FS',1196),(5136,'Gauteng','GT',1196),(5137,'Kwazulu-Natal','NL',1196),(5138,'Mpumalanga','MP',1196),(5139,'Northern Cape','NC',1196),(5140,'Limpopo','NP',1196),(5141,'Western Cape','WC',1196),(5142,'Copperbelt','08',1239),(5143,'Luapula','04',1239),(5144,'Lusaka','09',1239),(5145,'North-Western','06',1239),(5146,'Bulawayo','BU',1240),(5147,'Harare','HA',1240),(5148,'Manicaland','MA',1240),(5149,'Mashonaland Central','MC',1240),(5150,'Mashonaland East','ME',1240),(5151,'Mashonaland West','MW',1240),(5152,'Masvingo','MV',1240),(5153,'Matabeleland North','MN',1240),(5154,'Matabeleland South','MS',1240),(5155,'Midlands','MI',1240),(5156,'South Karelia','SK',1075),(5157,'South Ostrobothnia','SO',1075),(5158,'Etelä-Savo','ES',1075),(5159,'Häme','HH',1075),(5160,'Itä-Uusimaa','IU',1075),(5161,'Kainuu','KA',1075),(5162,'Central Ostrobothnia','CO',1075),(5163,'Central Finland','CF',1075),(5164,'Kymenlaakso','KY',1075),(5165,'Lapland','LA',1075),(5166,'Tampere Region','TR',1075),(5167,'Ostrobothnia','OB',1075),(5168,'North Karelia','NK',1075),(5169,'Northern Ostrobothnia','NO',1075),(5170,'Northern Savo','NS',1075),(5171,'Päijät-Häme','PH',1075),(5172,'Satakunta','SK',1075),(5173,'Uusimaa','UM',1075),(5174,'South-West Finland','SW',1075),(5175,'Åland','AL',1075),(5176,'Limburg','LI',1152),(5177,'Central and Western','CW',1098),(5178,'Eastern','EA',1098),(5179,'Southern','SO',1098),(5180,'Wan Chai','WC',1098),(5181,'Kowloon City','KC',1098),(5182,'Kwun Tong','KU',1098),(5183,'Sham Shui Po','SS',1098),(5184,'Wong Tai Sin','WT',1098),(5185,'Yau Tsim Mong','YT',1098),(5186,'Islands','IS',1098),(5187,'Kwai Tsing','KI',1098),(5188,'North','NO',1098),(5189,'Sai Kung','SK',1098),(5190,'Sha Tin','ST',1098),(5191,'Tai Po','TP',1098),(5192,'Tsuen Wan','TW',1098),(5193,'Tuen Mun','TM',1098),(5194,'Yuen Long','YL',1098),(5195,'Manchester','MR',1108),(5196,'Al Manāmah (Al ‘Āşimah)','13',1016),(5197,'Al Janūbīyah','14',1016),(5199,'Al Wusţá','16',1016),(5200,'Ash Shamālīyah','17',1016),(5201,'Jenin','_A',1165),(5202,'Tubas','_B',1165),(5203,'Tulkarm','_C',1165),(5204,'Nablus','_D',1165),(5205,'Qalqilya','_E',1165),(5206,'Salfit','_F',1165),(5207,'Ramallah and Al-Bireh','_G',1165),(5208,'Jericho','_H',1165),(5209,'Jerusalem','_I',1165),(5210,'Bethlehem','_J',1165),(5211,'Hebron','_K',1165),(5212,'North Gaza','_L',1165),(5213,'Gaza','_M',1165),(5214,'Deir el-Balah','_N',1165),(5215,'Khan Yunis','_O',1165),(5216,'Rafah','_P',1165),(5217,'Brussels','BRU',1020),(5218,'Distrito Federal','DIF',1140),(5219,'Taichung City','TXG',1208),(5220,'Kaohsiung City','KHH',1208),(5221,'Taipei City','TPE',1208),(5222,'Chiayi City','CYI',1208),(5223,'Hsinchu City','HSZ',1208),(5224,'Tainan City','TNN',1208),(9000,'North West','NW',1196),(9986,'Tyne and Wear','TWR',1226),(9988,'Greater Manchester','GTM',1226),(9989,'Co Tyrone','TYR',1226),(9990,'West Yorkshire','WYK',1226),(9991,'South Yorkshire','SYK',1226),(9992,'Merseyside','MSY',1226),(9993,'Berkshire','BRK',1226),(9994,'West Midlands','WMD',1226),(9998,'West Glamorgan','WGM',1226),(9999,'London','LON',1226),(10000,'Carbonia-Iglesias','CI',1107),(10001,'Olbia-Tempio','OT',1107),(10002,'Medio Campidano','VS',1107),(10003,'Ogliastra','OG',1107),(10009,'Jura','39',1076),(10010,'Barletta-Andria-Trani','Bar',1107),(10011,'Fermo','Fer',1107),(10012,'Monza e Brianza','Mon',1107),(10013,'Clwyd','CWD',1226),(10014,'Dyfed','DFD',1226),(10015,'South Glamorgan','SGM',1226),(10016,'Artibonite','AR',1094),(10017,'Centre','CE',1094),(10018,'Nippes','NI',1094),(10019,'Nord','ND',1094),(10020,'La Rioja','F',1010),(10021,'Andorra la Vella','07',1005),(10022,'Canillo','02',1005),(10023,'Encamp','03',1005),(10024,'Escaldes-Engordany','08',1005),(10025,'La Massana','04',1005),(10026,'Ordino','05',1005),(10027,'Sant Julia de Loria','06',1005),(10028,'Abaco Islands','AB',1212),(10029,'Andros Island','AN',1212),(10030,'Berry Islands','BR',1212),(10031,'Eleuthera','EL',1212),(10032,'Grand Bahama','GB',1212),(10033,'Rum Cay','RC',1212),(10034,'San Salvador Island','SS',1212),(10035,'Kongo central','01',1050),(10036,'Kwango','02',1050),(10037,'Kwilu','03',1050),(10038,'Mai-Ndombe','04',1050),(10039,'Kasai','05',1050),(10040,'Lulua','06',1050),(10041,'Lomami','07',1050),(10042,'Sankuru','08',1050),(10043,'Ituri','09',1050),(10044,'Haut-Uele','10',1050),(10045,'Tshopo','11',1050),(10046,'Bas-Uele','12',1050),(10047,'Nord-Ubangi','13',1050),(10048,'Mongala','14',1050),(10049,'Sud-Ubangi','15',1050),(10050,'Tshuapa','16',1050),(10051,'Haut-Lomami','17',1050),(10052,'Lualaba','18',1050),(10053,'Haut-Katanga','19',1050),(10054,'Tanganyika','20',1050),(10055,'Toledo','TO',1198),(10056,'Córdoba','CO',1198),(10057,'Metropolitan Manila','MNL',1170),(10058,'La Paz','LP',1097),(10059,'Yinchuan','YN',1045),(10060,'Shizuishan','SZ',1045),(10061,'Wuzhong','WZ',1045),(10062,'Guyuan','GY',1045),(10063,'Zhongwei','ZW',1045),(10064,'Luxembourg','L',1126),(10065,'Aizkraukles novads','002',1119),(10066,'Jaunjelgavas novads','038',1119),(10067,'Pļaviņu novads','072',1119),(10068,'Kokneses novads','046',1119),(10069,'Neretas novads','065',1119),(10070,'Skrīveru novads','092',1119),(10071,'Alūksnes novads','007',1119),(10072,'Apes novads','009',1119),(10073,'Balvu novads','015',1119),(10074,'Viļakas novads','108',1119),(10075,'Baltinavas novads','014',1119),(10076,'Rugāju novads','082',1119),(10077,'Bauskas novads','016',1119),(10078,'Iecavas novads','034',1119),(10079,'Rundāles novads','083',1119),(10080,'Vecumnieku novads','105',1119),(10081,'Cēsu novads','022',1119),(10082,'Līgatnes novads','055',1119),(10083,'Amatas novads','008',1119),(10084,'Jaunpiebalgas novads','039',1119),(10085,'Priekuļu novads','075',1119),(10086,'Pārgaujas novads','070',1119),(10087,'Raunas novads','076',1119),(10088,'Vecpiebalgas novads','104',1119),(10089,'Daugavpils novads','025',1119),(10090,'Ilūkstes novads','036',1119),(10091,'Dobeles novads','026',1119),(10092,'Auces novads','010',1119),(10093,'Tērvetes novads','098',1119),(10094,'Gulbenes novads','033',1119),(10095,'Jelgavas novads','041',1119),(10096,'Ozolnieku novads','069',1119),(10097,'Jēkabpils novads','042',1119),(10098,'Aknīstes novads','004',1119),(10099,'Viesītes novads','107',1119),(10100,'Krustpils novads','049',1119),(10101,'Salas novads','085',1119),(10102,'Krāslavas novads','047',1119),(10103,'Dagdas novads','024',1119),(10104,'Aglonas novads','001',1119),(10105,'Kuldīgas novads','050',1119),(10106,'Skrundas novads','093',1119),(10107,'Alsungas novads','006',1119),(10108,'Aizputes novads','003',1119),(10109,'Durbes novads','028',1119),(10110,'Grobiņas novads','032',1119),(10111,'Pāvilostas novads','071',1119),(10112,'Priekules novads','074',1119),(10113,'Nīcas novads','066',1119),(10114,'Rucavas novads','081',1119),(10115,'Vaiņodes novads','100',1119),(10116,'Limbažu novads','054',1119),(10117,'Alojas novads','005',1119),(10118,'Salacgrīvas novads','086',1119),(10119,'Ludzas novads','058',1119),(10120,'Kārsavas novads','044',1119),(10121,'Zilupes novads','110',1119),(10122,'Ciblas novads','023',1119),(10123,'Madonas novads','059',1119),(10124,'Cesvaines novads','021',1119),(10125,'Lubānas novads','057',1119),(10126,'Varakļānu novads','102',1119),(10127,'Ērgļu novads','030',1119),(10128,'Ogres novads','067',1119),(10129,'Ikšķiles novads','035',1119),(10130,'Ķeguma novads','051',1119),(10131,'Lielvārdes novads','053',1119),(10132,'Preiļu novads','073',1119),(10133,'Līvānu novads','056',1119),(10134,'Riebiņu novads','078',1119),(10135,'Vārkavas novads','103',1119),(10136,'Rēzeknes novads','077',1119),(10137,'Viļānu novads','109',1119),(10138,'Baldones novads','013',1119),(10139,'Ķekavas novads','052',1119),(10140,'Olaines novads','068',1119),(10141,'Salaspils novads','087',1119),(10142,'Saulkrastu novads','089',1119),(10143,'Siguldas novads','091',1119),(10144,'Inčukalna novads','037',1119),(10145,'Ādažu novads','011',1119),(10146,'Babītes novads','012',1119),(10147,'Carnikavas novads','020',1119),(10148,'Garkalnes novads','031',1119),(10149,'Krimuldas novads','048',1119),(10150,'Mālpils novads','061',1119),(10151,'Mārupes novads','062',1119),(10152,'Ropažu novads','080',1119),(10153,'Sējas novads','090',1119),(10154,'Stopiņu novads','095',1119),(10155,'Saldus novads','088',1119),(10156,'Brocēnu novads','018',1119),(10157,'Talsu novads','097',1119),(10158,'Dundagas novads','027',1119),(10159,'Mērsraga novads','063',1119),(10160,'Rojas novads','079',1119),(10161,'Tukuma novads','099',1119),(10162,'Kandavas novads','043',1119),(10163,'Engures novads','029',1119),(10164,'Jaunpils novads','040',1119),(10165,'Valkas novads','101',1119),(10166,'Smiltenes novads','094',1119),(10167,'Strenču novads','096',1119),(10168,'Kocēnu novads','045',1119),(10169,'Mazsalacas novads','060',1119),(10170,'Rūjienas novads','084',1119),(10171,'Beverīnas novads','017',1119),(10172,'Burtnieku novads','019',1119),(10173,'Naukšēnu novads','064',1119),(10174,'Ventspils novads','106',1119),(10175,'Jēkabpils','JKB',1119),(10176,'Valmiera','VMR',1119),(10177,'Florida','FL',1229),(10178,'Rio Negro','RN',1229),(10179,'San Jose','SJ',1229),(10180,'Plateau','PL',1157),(10181,'Pieria','61',1085),(10182,'Los Rios','LR',1044),(10183,'Arica y Parinacota','AP',1044),(10184,'Amazonas','AMA',1169),(10185,'Kalimantan Tengah','KT',1102),(10186,'Sulawesi Barat','SR',1102),(10187,'Kalimantan Utara','KU',1102),(10188,'Ankaran','86',1193),(10189,'Apače','87',1193),(10190,'Cirkulane','88',1193),(10191,'Gorje','89',1193),(10192,'Kostanjevica na Krki','90',1193),(10193,'Log-Dragomer','91',1193),(10194,'Makole','92',1193),(10195,'Mirna','93',1193),(10196,'Mokronog-Trebelno','94',1193),(10197,'Odranci','95',1193),(10198,'Oplotnica','96',1193),(10199,'Ormož','97',1193),(10200,'Osilnica','98',1193),(10201,'Pesnica','99',1193),(10202,'Piran','100',1193),(10203,'Pivka','101',1193),(10204,'Podčetrtek','102',1193),(10205,'Podlehnik','103',1193),(10206,'Podvelka','104',1193),(10207,'Poljčane','105',1193),(10208,'Polzela','106',1193),(10209,'Postojna','107',1193),(10210,'Prebold','108',1193),(10211,'Preddvor','109',1193),(10212,'Prevalje','110',1193),(10213,'Ptuj','111',1193),(10214,'Puconci','112',1193),(10215,'Rače-Fram','113',1193),(10216,'Radeče','114',1193),(10217,'Radenci','115',1193),(10218,'Radlje ob Dravi','139',1193),(10219,'Radovljica','145',1193),(10220,'Ravne na Koroškem','171',1193),(10221,'Razkrižje','172',1193),(10222,'Rečica ob Savinji','173',1193),(10223,'Renče-Vogrsko','174',1193),(10224,'Ribnica','175',1193),(10225,'Ribnica na Pohorju','176',1193),(10226,'Rogaška Slatina','177',1193),(10227,'Rogašovci','178',1193),(10228,'Rogatec','179',1193),(10229,'Ruše','180',1193),(10230,'Selnica ob Dravi','195',1193),(10231,'Semič','196',1193),(10232,'Šentrupert','197',1193),(10233,'Sevnica','198',1193),(10234,'Sežana','199',1193),(10235,'Slovenj Gradec','200',1193),(10236,'Slovenska Bistrica','201',1193),(10237,'Slovenske Konjice','202',1193),(10238,'Šmarješke Toplice','203',1193),(10239,'Sodražica','204',1193),(10240,'Solčava','205',1193),(10241,'Središče ob Dravi','206',1193),(10242,'Starše','207',1193),(10243,'Straža','208',1193),(10244,'Sveta Trojica v Slovenskih goricah','209',1193),(10245,'Sveti Jurij v Slovenskih goricah','210',1193),(10246,'Sveti Tomaž','211',1193),(10247,'Vodice','212',1193),(10248,'Abkhazia','AB',1081),(10249,'Adjara','AJ',1081),(10250,'Tbilisi','TB',1081),(10251,'Guria','GU',1081),(10252,'Imereti','IM',1081),(10253,'Kakheti','KA',1081),(10254,'Kvemo Kartli','KK',1081),(10255,'Mtskheta-Mtianeti','MM',1081),(10256,'Racha-Lechkhumi and Kvemo Svaneti','RL',1081),(10257,'Samegrelo-Zemo Svaneti','SZ',1081),(10258,'Samtskhe-Javakheti','SJ',1081),(10259,'Shida Kartli','SK',1081),(10260,'Central','C',1074),(10261,'Punjab','PB',1163),(10262,'La Libertad','LI',1066),(10263,'La Paz','PA',1066),(10264,'La Union','UN',1066),(10265,'Littoral','LT',1038),(10266,'Nord-Ouest','NW',1038),(10267,'Telangana','TG',1101),(10268,'Ash Sharqiyah','04',1187),(10269,'Guadeloupe','GP',1076),(10270,'Martinique','MQ',1076),(10271,'Guyane','GF',1076),(10272,'La Réunion','RE',1076),(10273,'Mayotte','YT',1076),(10274,'Baringo','01',1112),(10275,'Bomet','02',1112),(10276,'Bungoma','03',1112),(10277,'Busia','04',1112),(10278,'Elgeyo/Marakwet','05',1112),(10279,'Embu','06',1112),(10280,'Garissa','07',1112),(10281,'Homa Bay','08',1112),(10282,'Isiolo','09',1112),(10283,'Kajiado','10',1112),(10284,'Kakamega','11',1112),(10285,'Kericho','12',1112),(10286,'Kiambu','13',1112),(10287,'Kilifi','14',1112),(10288,'Kirinyaga','15',1112),(10289,'Kisii','16',1112),(10290,'Kisumu','17',1112),(10291,'Kitui','18',1112),(10292,'Kwale','19',1112),(10293,'Laikipia','20',1112),(10294,'Lamu','21',1112),(10295,'Machakos','22',1112),(10296,'Makueni','23',1112),(10297,'Mandera','24',1112),(10298,'Marsabit','25',1112),(10299,'Meru','26',1112),(10300,'Migori','27',1112),(10301,'Mombasa','28',1112),(10302,'Murang\'a','29',1112),(10303,'Nairobi City','30',1112),(10304,'Nakuru','31',1112),(10305,'Nandi','32',1112),(10306,'Narok','33',1112),(10307,'Nyamira','34',1112),(10308,'Nyandarua','35',1112),(10309,'Nyeri','36',1112),(10310,'Samburu','37',1112),(10311,'Siaya','38',1112),(10312,'Taita/Taveta','39',1112),(10313,'Tana River','40',1112),(10314,'Tharaka-Nithi','41',1112),(10315,'Trans Nzoia','42',1112),(10316,'Turkana','43',1112),(10317,'Uasin Gishu','44',1112),(10318,'Vihiga','45',1112),(10319,'Wajir','46',1112),(10320,'West Pokot','47',1112),(10321,'Chandigarh','CH',1101),(10322,'Central','CP',1083),(10323,'Eastern','EP',1083),(10324,'Northern','NP',1083),(10325,'Western','WP',1083),(10326,'Saint Kitts','K',1181),(10327,'Nevis','N',1181),(10328,'Eastern','E',1190),(10329,'Northern','N',1190),(10330,'Southern','S',1190),(10331,'Dushanbe','DU',1209),(10332,'Nohiyahoi Tobei Jumhurí','RA',1209),(10333,'Wallis-et-Futuna','WF',1076),(10334,'Nouvelle-Calédonie','NC',1076),(10335,'Haute-Marne','52',1076),(10336,'Saint George','03',1009),(10337,'Saint John','04',1009),(10338,'Saint Mary','05',1009),(10339,'Saint Paul','06',1009),(10340,'Saint Peter','07',1009),(10341,'Saint Philip','08',1009),(10342,'Barbuda','10',1009),(10343,'Redonda','11',1009),(10344,'Christ Church','01',1018),(10345,'Saint Andrew','02',1018),(10346,'Saint George','03',1018),(10347,'Saint James','04',1018),(10348,'Saint John','05',1018),(10349,'Saint Joseph','06',1018),(10350,'Saint Lucy','07',1018),(10351,'Saint Michael','08',1018),(10352,'Saint Peter','09',1018),(10353,'Saint Philip','10',1018),(10354,'Saint Thomas','11',1018),(10355,'Estuaire','01',1080),(10356,'Haut-Ogooué','02',1080),(10357,'Moyen-Ogooué','03',1080),(10358,'Ngounié','04',1080),(10359,'Nyanga','05',1080),(10360,'Ogooué-Ivindo','06',1080),(10361,'Ogooué-Lolo','07',1080),(10362,'Ogooué-Maritime','08',1080),(10363,'Woleu-Ntem','09',1080);

--
-- Table structure for table `civicrm_status_pref`
--

CREATE TABLE `civicrm_status_pref` (
  `id` int(10) unsigned NOT NULL AUTO_INCREMENT COMMENT 'Unique Status Preference ID',
  `domain_id` int(10) unsigned NOT NULL COMMENT 'Which Domain is this Status Preference for',
  `name` varchar(255) COLLATE utf8_unicode_ci NOT NULL COMMENT 'Name of the status check this preference references.',
  `hush_until` date DEFAULT NULL COMMENT 'expires ignore_severity.  NULL never hushes.',
  `ignore_severity` int(10) unsigned DEFAULT '1' COMMENT 'Hush messages up to and including this severity.',
  `prefs` varchar(255) COLLATE utf8_unicode_ci DEFAULT NULL COMMENT 'These settings are per-check, and can''t be compared across checks.',
  `check_info` varchar(255) COLLATE utf8_unicode_ci DEFAULT NULL COMMENT 'These values are per-check, and can''t be compared across checks.',
  PRIMARY KEY (`id`),
  KEY `UI_status_pref_name` (`name`),
  KEY `FK_civicrm_status_pref_domain_id` (`domain_id`),
  CONSTRAINT `FK_civicrm_status_pref_domain_id` FOREIGN KEY (`domain_id`) REFERENCES `civicrm_domain` (`id`)
) ENGINE=InnoDB DEFAULT CHARSET=utf8 COLLATE=utf8_unicode_ci;

--
-- Dumping data for table `civicrm_status_pref`
--


--
-- Table structure for table `civicrm_subscription_history`
--

CREATE TABLE `civicrm_subscription_history` (
  `id` int(10) unsigned NOT NULL AUTO_INCREMENT COMMENT 'Internal Id',
  `contact_id` int(10) unsigned NOT NULL COMMENT 'Contact Id',
  `group_id` int(10) unsigned DEFAULT NULL COMMENT 'Group Id',
  `date` timestamp NOT NULL DEFAULT CURRENT_TIMESTAMP COMMENT 'Date of the (un)subscription',
  `method` varchar(8) COLLATE utf8_unicode_ci DEFAULT NULL COMMENT 'How the (un)subscription was triggered',
  `status` varchar(8) COLLATE utf8_unicode_ci DEFAULT NULL COMMENT 'The state of the contact within the group',
  `tracking` varchar(255) COLLATE utf8_unicode_ci DEFAULT NULL COMMENT 'IP address or other tracking info',
  PRIMARY KEY (`id`),
  KEY `FK_civicrm_subscription_history_contact_id` (`contact_id`),
  KEY `FK_civicrm_subscription_history_group_id` (`group_id`),
  CONSTRAINT `FK_civicrm_subscription_history_contact_id` FOREIGN KEY (`contact_id`) REFERENCES `civicrm_contact` (`id`) ON DELETE CASCADE,
  CONSTRAINT `FK_civicrm_subscription_history_group_id` FOREIGN KEY (`group_id`) REFERENCES `civicrm_group` (`id`) ON DELETE CASCADE
) ENGINE=InnoDB DEFAULT CHARSET=utf8 COLLATE=utf8_unicode_ci;

--
-- Dumping data for table `civicrm_subscription_history`
--


--
-- Table structure for table `civicrm_survey`
--

CREATE TABLE `civicrm_survey` (
  `id` int(10) unsigned NOT NULL AUTO_INCREMENT COMMENT 'Survey id.',
  `title` varchar(255) COLLATE utf8_unicode_ci NOT NULL COMMENT 'Title of the Survey.',
  `campaign_id` int(10) unsigned DEFAULT NULL COMMENT 'Foreign key to the Campaign.',
  `activity_type_id` int(10) unsigned DEFAULT NULL COMMENT 'Implicit FK to civicrm_option_value where option_group = activity_type',
  `recontact_interval` text COLLATE utf8_unicode_ci COMMENT 'Recontact intervals for each status.',
  `instructions` text COLLATE utf8_unicode_ci COMMENT 'Script instructions for volunteers to use for the survey.',
  `release_frequency` int(10) unsigned DEFAULT NULL COMMENT 'Number of days for recurrence of release.',
  `max_number_of_contacts` int(10) unsigned DEFAULT NULL COMMENT 'Maximum number of contacts to allow for survey.',
  `default_number_of_contacts` int(10) unsigned DEFAULT NULL COMMENT 'Default number of contacts to allow for survey.',
  `is_active` tinyint(4) DEFAULT '1' COMMENT 'Is this survey enabled or disabled/cancelled?',
  `is_default` tinyint(4) DEFAULT '0' COMMENT 'Is this default survey?',
  `created_id` int(10) unsigned DEFAULT NULL COMMENT 'FK to civicrm_contact, who created this Survey.',
  `created_date` datetime DEFAULT NULL COMMENT 'Date and time that Survey was created.',
  `last_modified_id` int(10) unsigned DEFAULT NULL COMMENT 'FK to civicrm_contact, who recently edited this Survey.',
  `last_modified_date` datetime DEFAULT NULL COMMENT 'Date and time that Survey was edited last time.',
  `result_id` int(10) unsigned DEFAULT NULL COMMENT 'Used to store option group id.',
  `bypass_confirm` tinyint(4) DEFAULT '0' COMMENT 'Bypass the email verification.',
  `thankyou_title` varchar(255) COLLATE utf8_unicode_ci DEFAULT NULL COMMENT 'Title for Thank-you page (header title tag, and display at the top of the page).',
  `thankyou_text` text COLLATE utf8_unicode_ci COMMENT 'text and html allowed. displayed above result on success page',
  `is_share` tinyint(4) DEFAULT '1' COMMENT 'Can people share the petition through social media?',
  PRIMARY KEY (`id`),
  KEY `UI_activity_type_id` (`activity_type_id`),
  KEY `FK_civicrm_survey_campaign_id` (`campaign_id`),
  KEY `FK_civicrm_survey_created_id` (`created_id`),
  KEY `FK_civicrm_survey_last_modified_id` (`last_modified_id`),
  CONSTRAINT `FK_civicrm_survey_campaign_id` FOREIGN KEY (`campaign_id`) REFERENCES `civicrm_campaign` (`id`) ON DELETE SET NULL,
  CONSTRAINT `FK_civicrm_survey_created_id` FOREIGN KEY (`created_id`) REFERENCES `civicrm_contact` (`id`) ON DELETE SET NULL,
  CONSTRAINT `FK_civicrm_survey_last_modified_id` FOREIGN KEY (`last_modified_id`) REFERENCES `civicrm_contact` (`id`) ON DELETE SET NULL
) ENGINE=InnoDB DEFAULT CHARSET=utf8 COLLATE=utf8_unicode_ci;

--
-- Dumping data for table `civicrm_survey`
--


--
-- Table structure for table `civicrm_system_log`
--

CREATE TABLE `civicrm_system_log` (
  `id` int(10) unsigned NOT NULL AUTO_INCREMENT COMMENT 'Primary key ID',
  `message` varchar(128) COLLATE utf8_unicode_ci NOT NULL COMMENT 'Standardized message',
  `context` longtext COLLATE utf8_unicode_ci COMMENT 'JSON encoded data',
  `level` varchar(9) COLLATE utf8_unicode_ci DEFAULT 'info' COMMENT 'error level per PSR3',
  `timestamp` timestamp NOT NULL DEFAULT CURRENT_TIMESTAMP COMMENT 'Timestamp of when event occurred.',
  `contact_id` int(10) unsigned DEFAULT NULL COMMENT 'Optional Contact ID that created the log. Not an FK as we keep this regardless',
  `hostname` varchar(128) COLLATE utf8_unicode_ci DEFAULT NULL COMMENT 'Optional Name of logging host',
  PRIMARY KEY (`id`)
) ENGINE=InnoDB DEFAULT CHARSET=utf8 COLLATE=utf8_unicode_ci;

--
-- Dumping data for table `civicrm_system_log`
--


--
-- Table structure for table `civicrm_tag`
--

CREATE TABLE `civicrm_tag` (
  `id` int(10) unsigned NOT NULL AUTO_INCREMENT COMMENT 'Tag ID',
  `name` varchar(64) COLLATE utf8_unicode_ci NOT NULL COMMENT 'Name of Tag.',
  `description` varchar(255) COLLATE utf8_unicode_ci DEFAULT NULL COMMENT 'Optional verbose description of the tag.',
  `parent_id` int(10) unsigned DEFAULT NULL COMMENT 'Optional parent id for this tag.',
  `is_selectable` tinyint(4) DEFAULT '1' COMMENT 'Is this tag selectable / displayed',
  `is_reserved` tinyint(4) DEFAULT '0',
  `is_tagset` tinyint(4) DEFAULT '0',
  `used_for` varchar(64) COLLATE utf8_unicode_ci DEFAULT NULL,
  `created_id` int(10) unsigned DEFAULT NULL COMMENT 'FK to civicrm_contact, who created this tag',
  `color` varchar(255) COLLATE utf8_unicode_ci DEFAULT NULL COMMENT 'Hex color value e.g. #ffffff',
  `created_date` datetime DEFAULT NULL COMMENT 'Date and time that tag was created.',
  PRIMARY KEY (`id`),
  UNIQUE KEY `UI_name` (`name`),
  KEY `FK_civicrm_tag_parent_id` (`parent_id`),
  KEY `FK_civicrm_tag_created_id` (`created_id`),
  CONSTRAINT `FK_civicrm_tag_created_id` FOREIGN KEY (`created_id`) REFERENCES `civicrm_contact` (`id`) ON DELETE SET NULL,
  CONSTRAINT `FK_civicrm_tag_parent_id` FOREIGN KEY (`parent_id`) REFERENCES `civicrm_tag` (`id`)
) ENGINE=InnoDB AUTO_INCREMENT=6 DEFAULT CHARSET=utf8 COLLATE=utf8_unicode_ci;

--
-- Dumping data for table `civicrm_tag`
--

INSERT INTO `civicrm_tag` VALUES (1,'Non-profit','Any not-for-profit organization.',NULL,1,0,0,'civicrm_contact',NULL,NULL,NULL),(2,'Company','For-profit organization.',NULL,1,0,0,'civicrm_contact',NULL,NULL,NULL),(3,'Government Entity','Any governmental entity.',NULL,1,0,0,'civicrm_contact',NULL,NULL,NULL),(4,'Major Donor','High-value supporter of our organization.',NULL,1,0,0,'civicrm_contact',NULL,NULL,NULL),(5,'Volunteer','Active volunteers.',NULL,1,0,0,'civicrm_contact',NULL,NULL,NULL);

--
-- Table structure for table `civicrm_tell_friend`
--

CREATE TABLE `civicrm_tell_friend` (
  `id` int(10) unsigned NOT NULL AUTO_INCREMENT COMMENT 'Friend ID',
  `entity_table` varchar(64) COLLATE utf8_unicode_ci NOT NULL COMMENT 'Name of table where item being referenced is stored.',
  `entity_id` int(10) unsigned NOT NULL COMMENT 'Foreign key to the referenced item.',
  `title` varchar(255) COLLATE utf8_unicode_ci DEFAULT NULL,
  `intro` text COLLATE utf8_unicode_ci COMMENT 'Introductory message to contributor or participant displayed on the Tell a Friend form.',
  `suggested_message` text COLLATE utf8_unicode_ci COMMENT 'Suggested message to friends, provided as default on the Tell A Friend form.',
  `general_link` varchar(255) COLLATE utf8_unicode_ci DEFAULT NULL COMMENT 'URL for general info about the organization - included in the email sent to friends.',
  `thankyou_title` varchar(255) COLLATE utf8_unicode_ci DEFAULT NULL COMMENT 'Text for Tell a Friend thank you page header and HTML title.',
  `thankyou_text` text COLLATE utf8_unicode_ci COMMENT 'Thank you message displayed on success page.',
  `is_active` tinyint(4) DEFAULT NULL,
  PRIMARY KEY (`id`)
) ENGINE=InnoDB DEFAULT CHARSET=utf8 COLLATE=utf8_unicode_ci;

--
-- Dumping data for table `civicrm_tell_friend`
--


--
-- Table structure for table `civicrm_timezone`
--

CREATE TABLE `civicrm_timezone` (
  `id` int(10) unsigned NOT NULL AUTO_INCREMENT COMMENT 'Timezone Id',
  `name` varchar(64) COLLATE utf8_unicode_ci DEFAULT NULL COMMENT 'Timezone full name',
  `abbreviation` char(3) COLLATE utf8_unicode_ci DEFAULT NULL COMMENT 'ISO Code for timezone abbreviation',
  `gmt` varchar(64) COLLATE utf8_unicode_ci DEFAULT NULL COMMENT 'GMT name of the timezone',
  `offset` int(11) DEFAULT NULL,
  `country_id` int(10) unsigned NOT NULL COMMENT 'Country Id',
  PRIMARY KEY (`id`),
  KEY `FK_civicrm_timezone_country_id` (`country_id`),
  CONSTRAINT `FK_civicrm_timezone_country_id` FOREIGN KEY (`country_id`) REFERENCES `civicrm_country` (`id`)
) ENGINE=InnoDB DEFAULT CHARSET=utf8 COLLATE=utf8_unicode_ci;

--
-- Dumping data for table `civicrm_timezone`
--


--
-- Table structure for table `civicrm_uf_field`
--

CREATE TABLE `civicrm_uf_field` (
  `id` int(10) unsigned NOT NULL AUTO_INCREMENT COMMENT 'Unique table ID',
  `uf_group_id` int(10) unsigned NOT NULL COMMENT 'Which form does this field belong to.',
  `field_name` varchar(64) COLLATE utf8_unicode_ci NOT NULL COMMENT 'Name for CiviCRM field which is being exposed for sharing.',
  `is_active` tinyint(4) DEFAULT '1' COMMENT 'Is this field currently shareable? If false, hide the field for all sharing contexts.',
  `is_view` tinyint(4) DEFAULT '0' COMMENT 'the field is view only and not editable in user forms.',
  `is_required` tinyint(4) DEFAULT '0' COMMENT 'Is this field required when included in a user or registration form?',
  `weight` int(11) NOT NULL DEFAULT '1' COMMENT 'Controls field display order when user framework fields are displayed in registration and account editing forms.',
  `help_post` text COLLATE utf8_unicode_ci COMMENT 'Description and/or help text to display after this field.',
  `help_pre` text COLLATE utf8_unicode_ci COMMENT 'Description and/or help text to display before this field.',
  `visibility` varchar(32) COLLATE utf8_unicode_ci DEFAULT 'User and User Admin Only' COMMENT 'In what context(s) is this field visible.',
  `in_selector` tinyint(4) DEFAULT '0' COMMENT 'Is this field included as a column in the selector table?',
  `is_searchable` tinyint(4) DEFAULT '0' COMMENT 'Is this field included search form of profile?',
  `location_type_id` int(10) unsigned DEFAULT NULL COMMENT 'Location type of this mapping, if required',
  `phone_type_id` int(10) unsigned DEFAULT NULL COMMENT 'Phone Type Id, if required',
  `website_type_id` int(10) unsigned DEFAULT NULL COMMENT 'Website Type Id, if required',
  `label` varchar(255) COLLATE utf8_unicode_ci NOT NULL COMMENT 'To save label for fields.',
  `field_type` varchar(255) COLLATE utf8_unicode_ci DEFAULT NULL COMMENT 'This field saves field type (ie individual,household.. field etc).',
  `is_reserved` tinyint(4) DEFAULT NULL COMMENT 'Is this field reserved for use by some other CiviCRM functionality?',
  `is_multi_summary` tinyint(4) DEFAULT '0' COMMENT 'Include in multi-record listing?',
  PRIMARY KEY (`id`),
  KEY `IX_website_type_id` (`website_type_id`),
  KEY `FK_civicrm_uf_field_uf_group_id` (`uf_group_id`),
  KEY `FK_civicrm_uf_field_location_type_id` (`location_type_id`),
  CONSTRAINT `FK_civicrm_uf_field_location_type_id` FOREIGN KEY (`location_type_id`) REFERENCES `civicrm_location_type` (`id`) ON DELETE SET NULL,
  CONSTRAINT `FK_civicrm_uf_field_uf_group_id` FOREIGN KEY (`uf_group_id`) REFERENCES `civicrm_uf_group` (`id`) ON DELETE CASCADE
) ENGINE=InnoDB AUTO_INCREMENT=86 DEFAULT CHARSET=utf8 COLLATE=utf8_unicode_ci;

--
-- Dumping data for table `civicrm_uf_field`
--

INSERT INTO `civicrm_uf_field` VALUES (1,1,'first_name',1,0,1,1,NULL,NULL,'User and User Admin Only',0,0,NULL,NULL,NULL,'First Name','Individual',0,0),(2,1,'last_name',1,0,1,2,NULL,NULL,'User and User Admin Only',0,0,NULL,NULL,NULL,'Last Name','Individual',0,0),(3,1,'street_address',1,0,0,3,NULL,NULL,'User and User Admin Only',0,0,1,NULL,NULL,'Street Address (Home)','Contact',0,0),(4,1,'city',1,0,0,4,NULL,NULL,'User and User Admin Only',0,0,1,NULL,NULL,'City (Home)','Contact',0,0),(5,1,'postal_code',1,0,0,5,NULL,NULL,'User and User Admin Only',0,0,1,NULL,NULL,'Postal Code (Home)','Contact',0,0),(6,1,'country',1,0,0,6,NULL,NULL,'User and User Admin Only',0,0,1,NULL,NULL,'Country (Home)','Contact',0,0),(7,1,'state_province',1,0,0,7,NULL,NULL,'User and User Admin Only',0,0,1,NULL,NULL,'State (Home)','Contact',0,0),(8,2,'first_name',1,0,1,1,NULL,NULL,'User and User Admin Only',0,0,NULL,NULL,NULL,'First Name','Individual',0,0),(9,2,'last_name',1,0,1,2,NULL,NULL,'User and User Admin Only',0,0,NULL,NULL,NULL,'Last Name','Individual',0,0),(10,2,'email',1,0,1,3,NULL,NULL,'User and User Admin Only',0,0,NULL,NULL,NULL,'Email Address','Contact',0,0),(11,3,'participant_status',1,0,1,1,NULL,NULL,'User and User Admin Only',0,0,NULL,NULL,NULL,'Participant Status','Participant',1,0),(12,4,'first_name',1,0,1,1,NULL,NULL,'User and User Admin Only',0,0,NULL,NULL,NULL,'First Name','Individual',0,0),(13,4,'last_name',1,0,1,2,NULL,NULL,'User and User Admin Only',0,0,NULL,NULL,NULL,'Last Name','Individual',0,0),(14,4,'email',1,0,0,3,NULL,NULL,'User and User Admin Only',0,0,NULL,NULL,NULL,'Email Address','Contact',0,0),(15,5,'organization_name',1,0,1,2,NULL,NULL,'User and User Admin Only',0,0,NULL,NULL,NULL,'Organization Name','Organization',0,0),(16,5,'email',1,0,0,3,NULL,NULL,'User and User Admin Only',0,0,NULL,NULL,NULL,'Email Address','Contact',0,0),(17,6,'household_name',1,0,1,2,NULL,NULL,'User and User Admin Only',0,0,NULL,NULL,NULL,'Household Name','Household',0,0),(18,6,'email',1,0,0,3,NULL,NULL,'User and User Admin Only',0,0,NULL,NULL,NULL,'Email Address','Contact',0,0),(19,7,'phone',1,0,1,1,NULL,NULL,'User and User Admin Only',0,0,1,1,NULL,'Home Phone','Contact',0,0),(20,7,'phone',1,0,1,2,NULL,NULL,'User and User Admin Only',0,0,1,2,NULL,'Home Mobile','Contact',0,0),(21,7,'street_address',1,0,1,3,NULL,NULL,'User and User Admin Only',0,0,NULL,NULL,NULL,'Primary Address','Contact',0,0),(22,7,'city',1,0,1,4,NULL,NULL,'User and User Admin Only',0,0,NULL,NULL,NULL,'City','Contact',0,0),(23,7,'state_province',1,0,1,5,NULL,NULL,'User and User Admin Only',0,0,NULL,NULL,NULL,'State','Contact',0,0),(24,7,'postal_code',1,0,1,6,NULL,NULL,'User and User Admin Only',0,0,NULL,NULL,NULL,'Postal Code','Contact',0,0),(25,7,'email',1,0,1,7,NULL,NULL,'User and User Admin Only',0,0,NULL,NULL,NULL,'Primary Email','Contact',0,0),(26,7,'group',1,0,1,8,NULL,NULL,'User and User Admin Only',0,0,NULL,NULL,NULL,'Groups','Contact',0,0),(27,7,'tag',1,0,1,9,NULL,NULL,'User and User Admin Only',0,0,NULL,NULL,NULL,'Tags','Contact',0,0),(28,7,'gender_id',1,0,1,10,NULL,NULL,'User and User Admin Only',0,0,NULL,NULL,NULL,'Gender','Individual',0,0),(29,7,'birth_date',1,0,1,11,NULL,NULL,'User and User Admin Only',0,0,NULL,NULL,NULL,'Date of Birth','Individual',0,0),(30,8,'street_address',1,0,1,1,NULL,NULL,'User and User Admin Only',0,0,1,NULL,NULL,'Street Address (Home)','Contact',1,0),(31,8,'city',1,0,1,2,NULL,NULL,'User and User Admin Only',0,0,1,NULL,NULL,'City (Home)','Contact',1,0),(32,8,'postal_code',1,0,0,3,NULL,NULL,'User and User Admin Only',0,0,1,NULL,NULL,'Postal Code (Home)','Contact',0,0),(33,8,'country',1,0,0,4,NULL,NULL,'User and User Admin Only',0,0,1,NULL,NULL,'Country (Home)','Contact',0,0),(34,8,'state_province',1,0,0,5,NULL,NULL,'User and User Admin Only',0,0,1,NULL,NULL,'State (Home)','Contact',0,0),(35,9,'organization_name',1,0,1,1,NULL,NULL,'User and User Admin Only',0,0,NULL,NULL,NULL,'Organization Name','Organization',0,0),(36,9,'phone',1,0,1,2,NULL,NULL,'User and User Admin Only',0,0,3,1,NULL,'Phone (Main) ','Contact',0,0),(37,9,'email',1,0,1,3,NULL,NULL,'User and User Admin Only',0,0,3,NULL,NULL,'Email (Main) ','Contact',0,0),(38,9,'street_address',1,0,1,4,NULL,NULL,'User and User Admin Only',0,0,3,NULL,NULL,'Street Address','Contact',0,0),(39,9,'city',1,0,1,5,NULL,NULL,'User and User Admin Only',0,0,3,NULL,NULL,'City','Contact',0,0),(40,9,'postal_code',1,0,1,6,NULL,NULL,'User and User Admin Only',0,0,3,NULL,NULL,'Postal Code','Contact',0,0),(41,9,'country',1,0,1,7,NULL,NULL,'User and User Admin Only',0,0,3,NULL,NULL,'Country','Contact',0,0),(42,9,'state_province',1,0,1,8,NULL,NULL,'User and User Admin Only',0,0,3,NULL,NULL,'State/Province','Contact',0,0),(43,10,'financial_type',1,0,0,1,NULL,NULL,'User and User Admin Only',0,0,NULL,NULL,NULL,'Financial Type','Contribution',1,0),(44,10,'total_amount',1,0,0,2,NULL,NULL,'User and User Admin Only',0,0,NULL,NULL,NULL,'Amount','Contribution',1,0),(45,10,'contribution_status_id',1,0,1,3,NULL,NULL,'User and User Admin Only',0,0,NULL,NULL,NULL,'Status','Contribution',1,0),(46,10,'receive_date',1,0,1,4,NULL,NULL,'User and User Admin Only',0,0,NULL,NULL,NULL,'Received','Contribution',1,0),(47,10,'contribution_source',1,0,0,5,NULL,NULL,'User and User Admin Only',0,0,NULL,NULL,NULL,'Source','Contribution',0,0),(48,10,'payment_instrument',1,0,0,6,NULL,NULL,'User and User Admin Only',0,0,NULL,NULL,NULL,'Payment Method','Contribution',0,0),(49,10,'contribution_check_number',1,0,0,7,NULL,NULL,'User and User Admin Only',0,0,NULL,NULL,NULL,'Check Number','Contribution',0,0),(50,10,'send_receipt',1,0,0,8,NULL,NULL,'User and User Admin Only',0,0,NULL,NULL,NULL,'Send Receipt','Contribution',0,0),(51,10,'invoice_id',1,0,0,9,NULL,NULL,'User and User Admin Only',0,0,NULL,NULL,NULL,'Invoice ID','Contribution',0,0),(52,10,'soft_credit',1,0,0,10,NULL,NULL,'User and User Admin Only',0,0,NULL,NULL,NULL,'Soft Credit','Contribution',0,0),(53,10,'soft_credit_type',1,0,0,11,NULL,NULL,'User and User Admin Only',0,0,NULL,NULL,NULL,'Soft Credit Type','Contribution',0,0),(54,11,'membership_type',1,0,1,1,NULL,NULL,'User and User Admin Only',0,0,NULL,NULL,NULL,'Membership Type','Membership',1,0),(55,11,'join_date',1,0,1,2,NULL,NULL,'User and User Admin Only',0,0,NULL,NULL,NULL,'Member Since','Membership',1,0),(56,11,'membership_start_date',1,0,0,3,NULL,NULL,'User and User Admin Only',0,0,NULL,NULL,NULL,'Start Date','Membership',1,0),(57,11,'membership_end_date',1,0,0,4,NULL,NULL,'User and User Admin Only',0,0,NULL,NULL,NULL,'End Date','Membership',1,0),(58,11,'membership_source',1,0,0,5,NULL,NULL,'User and User Admin Only',0,0,NULL,NULL,NULL,'Source','Membership',0,0),(59,11,'send_receipt',1,0,0,6,NULL,NULL,'User and User Admin Only',0,0,NULL,NULL,NULL,'Send Receipt','Membership',0,0),(60,11,'financial_type',1,0,0,7,NULL,NULL,'User and User Admin Only',0,0,NULL,NULL,NULL,'Financial Type','Membership',1,0),(61,11,'total_amount',1,0,0,8,NULL,NULL,'User and User Admin Only',0,0,NULL,NULL,NULL,'Amount','Membership',1,0),(62,11,'receive_date',1,0,1,9,NULL,NULL,'User and User Admin Only',0,0,NULL,NULL,NULL,'Received','Membership',1,0),(63,11,'payment_instrument',1,0,0,10,NULL,NULL,'User and User Admin Only',0,0,NULL,NULL,NULL,'Payment Method','Membership',0,0),(64,11,'contribution_check_number',1,0,0,11,NULL,NULL,'User and User Admin Only',0,0,NULL,NULL,NULL,'Check Number','Membership',0,0),(65,11,'contribution_status_id',1,0,1,12,NULL,NULL,'User and User Admin Only',0,0,NULL,NULL,NULL,'Payment Status','Membership',1,0),(66,11,'soft_credit',1,0,0,13,NULL,NULL,'User and User Admin Only',0,0,NULL,NULL,NULL,'Soft Credit','Membership',0,0),(67,11,'soft_credit_type',1,0,0,14,NULL,NULL,'User and User Admin Only',0,0,NULL,NULL,NULL,'Soft Credit Type','Membership',0,0),(68,12,'first_name',1,0,1,1,NULL,NULL,'User and User Admin Only',0,0,NULL,NULL,NULL,'First Name','Individual',0,0),(69,12,'last_name',1,0,1,2,NULL,NULL,'User and User Admin Only',0,0,NULL,NULL,NULL,'Last Name','Individual',0,0),(70,12,'email',1,0,1,3,NULL,NULL,'User and User Admin Only',0,0,NULL,NULL,NULL,'Email Address','Contact',0,0),(71,13,'prefix_id',1,0,0,1,NULL,NULL,'User and User Admin Only',0,0,NULL,NULL,NULL,'Individual Prefix','Individual',1,0),(72,13,'first_name',1,0,1,2,NULL,NULL,'User and User Admin Only',0,0,NULL,NULL,NULL,'First Name','Individual',1,0),(73,13,'last_name',1,0,1,3,NULL,NULL,'User and User Admin Only',0,0,NULL,NULL,NULL,'Last Name','Individual',1,0),(74,13,'email',1,0,0,4,NULL,NULL,'User and User Admin Only',0,0,1,NULL,NULL,'Email Address','Contact',1,0),(75,14,'custom_1',1,0,0,1,NULL,NULL,'Public Pages and Listings',0,0,NULL,NULL,NULL,'Primary Branch','Individual',NULL,NULL),(76,14,'custom_2',1,0,0,2,NULL,NULL,'User and User Admin Only',0,0,NULL,NULL,NULL,'Link to a family tree:','Individual',NULL,NULL),(77,14,'custom_3',1,0,0,3,NULL,NULL,'Public Pages and Listings',0,1,NULL,NULL,NULL,'Researching Ancestors','Individual',NULL,NULL),(78,14,'custom_4',1,0,0,4,NULL,NULL,'Public Pages and Listings',0,0,NULL,NULL,NULL,'Certificates and proven loyalist ancestors','Individual',NULL,NULL),(79,14,'custom_5',1,0,0,5,NULL,NULL,'Public Pages and Listings',0,0,NULL,NULL,NULL,'Date of birth (optional):','Individual',NULL,NULL),(80,14,'custom_8',1,0,0,8,NULL,NULL,'Public Pages and Listings',0,0,NULL,NULL,NULL,'Family history:','Individual',NULL,NULL),(81,14,'custom_9',1,0,0,9,NULL,NULL,'Public Pages and Listings',0,0,NULL,NULL,NULL,'Primary reason for joining:','Individual',NULL,NULL),(82,14,'custom_10',1,0,0,10,NULL,NULL,'Public Pages and Listings',0,0,NULL,NULL,NULL,'Additional Family Members:','Individual',NULL,NULL),(83,14,'custom_7',1,0,0,7,NULL,NULL,'Public Pages and Listings',0,0,NULL,NULL,NULL,'Communications:','Individual',NULL,NULL),(84,14,'custom_6',1,0,0,6,NULL,NULL,'Public Pages and Listings',0,0,NULL,NULL,NULL,'Membership class:','Individual',NULL,NULL),(85,14,'custom_12',1,NULL,NULL,11,NULL,NULL,'User and User Admin Only',0,0,NULL,NULL,NULL,'Date Paid','Individual',NULL,NULL);

--
-- Table structure for table `civicrm_uf_group`
--

CREATE TABLE `civicrm_uf_group` (
  `id` int(10) unsigned NOT NULL AUTO_INCREMENT COMMENT 'Unique table ID',
  `is_active` tinyint(4) DEFAULT '1' COMMENT 'Is this form currently active? If false, hide all related fields for all sharing contexts.',
  `group_type` varchar(255) COLLATE utf8_unicode_ci DEFAULT NULL COMMENT 'Comma separated list of the type(s) of profile fields.',
  `title` varchar(64) COLLATE utf8_unicode_ci NOT NULL COMMENT 'Form title.',
  `frontend_title` varchar(64) COLLATE utf8_unicode_ci DEFAULT NULL COMMENT 'Profile Form Public title',
  `description` text COLLATE utf8_unicode_ci COMMENT 'Optional verbose description of the profile.',
  `help_pre` text COLLATE utf8_unicode_ci COMMENT 'Description and/or help text to display before fields in form.',
  `help_post` text COLLATE utf8_unicode_ci COMMENT 'Description and/or help text to display after fields in form.',
  `limit_listings_group_id` int(10) unsigned DEFAULT NULL COMMENT 'Group id, foreign key from civicrm_group',
  `post_URL` varchar(255) COLLATE utf8_unicode_ci DEFAULT NULL COMMENT 'Redirect to URL.',
  `add_to_group_id` int(10) unsigned DEFAULT NULL COMMENT 'foreign key to civicrm_group_id',
  `add_captcha` tinyint(4) DEFAULT '0' COMMENT 'Should a CAPTCHA widget be included this Profile form.',
  `is_map` tinyint(4) DEFAULT '0' COMMENT 'Do we want to map results from this profile.',
  `is_edit_link` tinyint(4) DEFAULT '0' COMMENT 'Should edit link display in profile selector',
  `is_uf_link` tinyint(4) DEFAULT '0' COMMENT 'Should we display a link to the website profile in profile selector',
  `is_update_dupe` tinyint(4) DEFAULT '0' COMMENT 'Should we update the contact record if we find a duplicate',
  `cancel_URL` varchar(255) COLLATE utf8_unicode_ci DEFAULT NULL COMMENT 'Redirect to URL when Cancle button clik .',
  `is_cms_user` tinyint(4) DEFAULT '0' COMMENT 'Should we create a cms user for this profile ',
  `notify` text COLLATE utf8_unicode_ci,
  `is_reserved` tinyint(4) DEFAULT NULL COMMENT 'Is this group reserved for use by some other CiviCRM functionality?',
  `name` varchar(64) COLLATE utf8_unicode_ci DEFAULT NULL COMMENT 'Name of the UF group for directly addressing it in the codebase',
  `created_id` int(10) unsigned DEFAULT NULL COMMENT 'FK to civicrm_contact, who created this UF group',
  `created_date` datetime DEFAULT NULL COMMENT 'Date and time this UF group was created.',
  `is_proximity_search` tinyint(4) DEFAULT '0' COMMENT 'Should we include proximity search feature in this profile search form?',
  `cancel_button_text` varchar(64) COLLATE utf8_unicode_ci DEFAULT NULL COMMENT 'Custom Text to display on the Cancel button when used in create or edit mode',
  `submit_button_text` varchar(64) COLLATE utf8_unicode_ci DEFAULT NULL COMMENT 'Custom Text to display on the submit button on profile edit/create screens',
  PRIMARY KEY (`id`),
  UNIQUE KEY `UI_name` (`name`),
  KEY `FK_civicrm_uf_group_limit_listings_group_id` (`limit_listings_group_id`),
  KEY `FK_civicrm_uf_group_add_to_group_id` (`add_to_group_id`),
  KEY `FK_civicrm_uf_group_created_id` (`created_id`),
  CONSTRAINT `FK_civicrm_uf_group_add_to_group_id` FOREIGN KEY (`add_to_group_id`) REFERENCES `civicrm_group` (`id`) ON DELETE SET NULL,
  CONSTRAINT `FK_civicrm_uf_group_created_id` FOREIGN KEY (`created_id`) REFERENCES `civicrm_contact` (`id`) ON DELETE SET NULL,
  CONSTRAINT `FK_civicrm_uf_group_limit_listings_group_id` FOREIGN KEY (`limit_listings_group_id`) REFERENCES `civicrm_group` (`id`) ON DELETE SET NULL
) ENGINE=InnoDB AUTO_INCREMENT=15 DEFAULT CHARSET=utf8 COLLATE=utf8_unicode_ci;

--
-- Dumping data for table `civicrm_uf_group`
--

INSERT INTO `civicrm_uf_group` VALUES (1,1,'Individual,Contact','Name and Address',NULL,NULL,NULL,NULL,NULL,NULL,NULL,0,0,0,0,0,NULL,0,NULL,0,'name_and_address',NULL,NULL,0,NULL,NULL),(2,1,'Individual,Contact','Supporter Profile',NULL,NULL,NULL,'<p><strong>The information you provide will NOT be shared with any third party organisations.</strong></p><p>Thank you for getting involved in our campaign!</p>',NULL,NULL,NULL,0,0,0,0,0,NULL,2,NULL,0,'supporter_profile',NULL,NULL,0,NULL,NULL),(3,1,'Participant','Participant Status',NULL,NULL,NULL,NULL,NULL,NULL,NULL,0,0,0,0,0,NULL,0,NULL,1,'participant_status',NULL,NULL,0,NULL,NULL),(4,1,'Individual,Contact','New Individual',NULL,NULL,NULL,NULL,NULL,NULL,NULL,0,0,0,0,0,NULL,0,NULL,1,'new_individual',NULL,NULL,0,NULL,NULL),(5,1,'Organization,Contact','New Organization',NULL,NULL,NULL,NULL,NULL,NULL,NULL,0,0,0,0,0,NULL,0,NULL,1,'new_organization',NULL,NULL,0,NULL,NULL),(6,1,'Household,Contact','New Household',NULL,NULL,NULL,NULL,NULL,NULL,NULL,0,0,0,0,0,NULL,0,NULL,1,'new_household',NULL,NULL,0,NULL,NULL),(7,1,'Contact','Summary Overlay',NULL,NULL,NULL,NULL,NULL,NULL,NULL,0,0,0,0,0,NULL,0,NULL,1,'summary_overlay',NULL,NULL,0,NULL,NULL),(8,1,'Contact','Shared Address',NULL,NULL,NULL,NULL,NULL,NULL,NULL,0,0,0,0,0,NULL,0,NULL,1,'shared_address',NULL,NULL,0,NULL,NULL),(9,1,'Contact,Organization','On Behalf Of Organization',NULL,NULL,NULL,NULL,NULL,NULL,NULL,0,0,0,0,0,NULL,0,NULL,1,'on_behalf_organization',NULL,NULL,0,NULL,NULL),(10,1,'Contribution','Contribution Bulk Entry',NULL,NULL,NULL,NULL,NULL,NULL,NULL,0,0,0,0,0,NULL,0,NULL,1,'contribution_batch_entry',NULL,NULL,0,NULL,NULL),(11,1,'Membership','Membership Bulk Entry',NULL,NULL,NULL,NULL,NULL,NULL,NULL,0,0,0,0,0,NULL,0,NULL,1,'membership_batch_entry',NULL,NULL,0,NULL,NULL),(12,1,'Individual,Contact','Your Registration Info',NULL,NULL,NULL,NULL,NULL,NULL,NULL,0,0,0,0,0,NULL,0,NULL,0,'event_registration',NULL,NULL,0,NULL,NULL),(13,1,'Individual,Contact','Honoree Individual',NULL,NULL,NULL,NULL,NULL,NULL,NULL,0,0,0,0,0,NULL,0,NULL,1,'honoree_individual',NULL,NULL,0,NULL,NULL),(14,1,'Individual','Membership additional Signup',NULL,NULL,NULL,NULL,NULL,NULL,NULL,0,0,0,0,0,NULL,2,NULL,NULL,'Membership_additional_Signup_14',2,'2018-10-11 08:29:00',0,NULL,NULL);

--
-- Table structure for table `civicrm_uf_join`
--

CREATE TABLE `civicrm_uf_join` (
  `id` int(10) unsigned NOT NULL AUTO_INCREMENT COMMENT 'Unique table ID',
  `is_active` tinyint(4) DEFAULT '1' COMMENT 'Is this join currently active?',
  `module` varchar(64) COLLATE utf8_unicode_ci NOT NULL COMMENT 'Module which owns this uf_join instance, e.g. User Registration, CiviDonate, etc.',
  `entity_table` varchar(64) COLLATE utf8_unicode_ci DEFAULT NULL COMMENT 'Name of table where item being referenced is stored. Modules which only need a single collection of uf_join instances may choose not to populate entity_table and entity_id.',
  `entity_id` int(10) unsigned DEFAULT NULL COMMENT 'Foreign key to the referenced item.',
  `weight` int(11) NOT NULL DEFAULT '1' COMMENT 'Controls display order when multiple user framework groups are setup for concurrent display.',
  `uf_group_id` int(10) unsigned NOT NULL COMMENT 'Which form does this field belong to.',
  `module_data` longtext COLLATE utf8_unicode_ci COMMENT 'Json serialized array of data used by the ufjoin.module',
  PRIMARY KEY (`id`),
  KEY `index_entity` (`entity_table`,`entity_id`),
  KEY `FK_civicrm_uf_join_uf_group_id` (`uf_group_id`),
  CONSTRAINT `FK_civicrm_uf_join_uf_group_id` FOREIGN KEY (`uf_group_id`) REFERENCES `civicrm_uf_group` (`id`)
) ENGINE=InnoDB AUTO_INCREMENT=28 DEFAULT CHARSET=utf8 COLLATE=utf8_unicode_ci;

--
-- Dumping data for table `civicrm_uf_join`
--

INSERT INTO `civicrm_uf_join` VALUES (1,1,'User Registration',NULL,NULL,1,1,NULL),(2,1,'User Account',NULL,NULL,1,1,NULL),(3,1,'Profile',NULL,NULL,1,1,NULL),(4,1,'Profile',NULL,NULL,2,2,NULL),(5,1,'Profile',NULL,NULL,11,12,NULL),(13,1,'CiviContribute','civicrm_contribution_page',2,1,1,NULL),(14,1,'CiviContribute','civicrm_contribution_page',2,2,14,NULL),(17,1,'CiviContribute','civicrm_contribution_page',1,1,1,NULL),(18,1,'CiviContribute','civicrm_contribution_page',1,2,14,NULL),(19,1,'CiviContribute','civicrm_contribution_page',3,1,1,NULL),(20,1,'CiviContribute','civicrm_contribution_page',3,2,14,NULL),(21,1,'CiviContribute','civicrm_contribution_page',4,1,1,NULL),(22,1,'CiviContribute','civicrm_contribution_page',4,2,14,NULL),(23,1,'CiviContribute','civicrm_contribution_page',5,1,1,NULL),(24,1,'CiviContribute','civicrm_contribution_page',5,2,14,NULL),(25,1,'CiviContribute','civicrm_contribution_page',6,1,1,NULL),(26,1,'CiviContribute','civicrm_contribution_page',6,2,14,NULL),(27,1,'Profile',NULL,NULL,1,14,NULL);

--
-- Table structure for table `civicrm_uf_match`
--

CREATE TABLE `civicrm_uf_match` (
  `id` int(10) unsigned NOT NULL AUTO_INCREMENT COMMENT 'System generated ID.',
  `domain_id` int(10) unsigned NOT NULL COMMENT 'Which Domain is this match entry for',
  `uf_id` int(10) unsigned NOT NULL COMMENT 'UF ID',
  `uf_name` varchar(128) COLLATE utf8_unicode_ci DEFAULT NULL COMMENT 'UF Name',
  `contact_id` int(10) unsigned DEFAULT NULL COMMENT 'FK to Contact ID',
  `language` varchar(5) COLLATE utf8_unicode_ci DEFAULT NULL COMMENT 'UI language preferred by the given user/contact',
  PRIMARY KEY (`id`),
  UNIQUE KEY `UI_uf_name_domain_id` (`uf_name`,`domain_id`),
  UNIQUE KEY `UI_contact_domain_id` (`contact_id`,`domain_id`),
  KEY `I_civicrm_uf_match_uf_id` (`uf_id`),
  KEY `FK_civicrm_uf_match_domain_id` (`domain_id`),
  CONSTRAINT `FK_civicrm_uf_match_contact_id` FOREIGN KEY (`contact_id`) REFERENCES `civicrm_contact` (`id`) ON DELETE CASCADE,
  CONSTRAINT `FK_civicrm_uf_match_domain_id` FOREIGN KEY (`domain_id`) REFERENCES `civicrm_domain` (`id`)
) ENGINE=InnoDB AUTO_INCREMENT=17 DEFAULT CHARSET=utf8 COLLATE=utf8_unicode_ci;

--
-- Dumping data for table `civicrm_uf_match`
--

INSERT INTO `civicrm_uf_match` VALUES (10,1,1,'fox@foxjon.es',12,'en_US'),(11,1,19,'uelac_public@foxjon.es',13,NULL),(12,1,20,'uelac_council@foxjon.es',14,NULL),(13,1,21,'uelac_exec@foxjon.es',15,NULL),(14,1,22,'uelac_member@foxjon.es',16,NULL),(15,1,5,'paramjeetsingh715@gmail.com',17,NULL),(16,1,4,'loyalist.trails@uelac.org',971,NULL);

--
-- Table structure for table `civicrm_value_membership_ad_1`
--

CREATE TABLE `civicrm_value_membership_ad_1` (
  `id` int(10) unsigned NOT NULL AUTO_INCREMENT COMMENT 'Default MySQL primary key',
  `entity_id` int(10) unsigned NOT NULL COMMENT 'Table that this extends',
  `membership_additional_1` varchar(255) COLLATE utf8_unicode_ci DEFAULT NULL,
  `link_to_a_family_tree__2` varchar(255) COLLATE utf8_unicode_ci DEFAULT NULL,
  `researching_ancestors_3` varchar(255) COLLATE utf8_unicode_ci DEFAULT NULL,
  `certificates_and_proven_loyalist_4` varchar(255) COLLATE utf8_unicode_ci DEFAULT NULL,
  `date_of_birth_optional__5` datetime DEFAULT NULL,
  `membership_class__6` varchar(255) COLLATE utf8_unicode_ci DEFAULT NULL,
  `communications__7` varchar(255) COLLATE utf8_unicode_ci DEFAULT NULL,
  `family_history__8` varchar(255) COLLATE utf8_unicode_ci DEFAULT NULL,
  `primary_reason_for_joining__9` varchar(255) COLLATE utf8_unicode_ci DEFAULT NULL,
  `additional_family_members__10` varchar(255) COLLATE utf8_unicode_ci DEFAULT NULL,
  `email_11` varchar(255) COLLATE utf8_unicode_ci DEFAULT NULL,
  `date_paid_12` datetime DEFAULT NULL,
  PRIMARY KEY (`id`),
  UNIQUE KEY `unique_entity_id` (`entity_id`),
  KEY `INDEX_membership_additional_1` (`membership_additional_1`),
  KEY `INDEX_researching_ancestors_3` (`researching_ancestors_3`),
  KEY `INDEX_certificates_and_proven_loyalist_4` (`certificates_and_proven_loyalist_4`),
  KEY `INDEX_date_paid_12` (`date_paid_12`),
  CONSTRAINT `FK_civicrm_value_membership_ad_1_entity_id` FOREIGN KEY (`entity_id`) REFERENCES `civicrm_contact` (`id`) ON DELETE CASCADE
) ENGINE=InnoDB AUTO_INCREMENT=956 DEFAULT CHARSET=utf8 COLLATE=utf8_unicode_ci;

--
-- Dumping data for table `civicrm_value_membership_ad_1`
--

INSERT INTO `civicrm_value_membership_ad_1` VALUES (1,4,'New Brunswick',NULL,'abc',NULL,'2018-10-18 00:00:00','F','Loyalist TrailsLoyalist Gazette mail',NULL,'3',NULL,NULL,NULL),(2,11,'New Brunswick',NULL,'ajit','ajit','2018-10-19 00:00:00','IF','Loyalist Gazette mailLoyalist Gazette electronic only','abc','3',NULL,NULL,NULL),(3,18,'Abegweit',NULL,NULL,NULL,NULL,'I',NULL,NULL,NULL,NULL,NULL,'2017-05-24 00:00:00'),(4,19,'Abegweit',NULL,NULL,NULL,NULL,'I',NULL,NULL,NULL,NULL,NULL,'2017-02-01 00:00:00'),(5,20,'Abegweit',NULL,NULL,NULL,NULL,'I',NULL,NULL,NULL,NULL,NULL,'2017-09-08 00:00:00'),(6,21,'Assiniboine',NULL,NULL,NULL,NULL,'I',NULL,NULL,NULL,NULL,NULL,'2016-11-29 00:00:00'),(7,22,'Assiniboine',NULL,NULL,NULL,NULL,'I',NULL,NULL,NULL,NULL,NULL,'2016-12-14 00:00:00'),(8,23,'Assiniboine',NULL,NULL,NULL,NULL,'I',NULL,NULL,NULL,NULL,NULL,'2016-12-14 00:00:00'),(9,24,'Assiniboine',NULL,NULL,NULL,NULL,'I',NULL,NULL,NULL,NULL,NULL,'2016-06-19 00:00:00'),(10,25,'Assiniboine',NULL,NULL,NULL,NULL,'I',NULL,NULL,NULL,NULL,NULL,'2017-06-12 00:00:00'),(11,26,'Assiniboine',NULL,NULL,NULL,NULL,'I',NULL,NULL,NULL,NULL,NULL,'2016-06-19 00:00:00'),(12,27,'Assiniboine',NULL,NULL,NULL,NULL,'I',NULL,NULL,NULL,NULL,NULL,'2017-09-12 00:00:00'),(13,28,'Assiniboine',NULL,NULL,NULL,NULL,'I',NULL,NULL,NULL,NULL,NULL,'2016-11-29 00:00:00'),(14,29,'Assiniboine',NULL,NULL,NULL,NULL,'I',NULL,NULL,NULL,NULL,NULL,'2016-11-29 00:00:00'),(15,30,'Assiniboine',NULL,NULL,NULL,NULL,'I',NULL,NULL,NULL,NULL,NULL,'2017-01-06 00:00:00'),(16,31,'Assiniboine',NULL,NULL,NULL,NULL,'I',NULL,NULL,NULL,NULL,NULL,'2017-06-12 00:00:00'),(17,32,'Assiniboine',NULL,NULL,NULL,NULL,'I',NULL,NULL,NULL,NULL,NULL,'2016-12-14 00:00:00'),(18,33,'Bay of Quinte',NULL,NULL,NULL,NULL,'I',NULL,NULL,NULL,NULL,NULL,'2017-01-03 00:00:00'),(19,34,'Bay of Quinte',NULL,NULL,NULL,NULL,'I',NULL,NULL,NULL,NULL,NULL,'2016-11-17 00:00:00'),(20,35,'Bay of Quinte',NULL,NULL,NULL,NULL,'I',NULL,NULL,NULL,NULL,NULL,'2016-08-15 00:00:00'),(21,36,'Bay of Quinte',NULL,NULL,NULL,NULL,'I',NULL,NULL,NULL,NULL,NULL,'2017-04-13 00:00:00'),(22,37,'Bay of Quinte',NULL,NULL,NULL,NULL,'I',NULL,NULL,NULL,NULL,NULL,'2016-11-17 00:00:00'),(23,38,'Bay of Quinte',NULL,NULL,NULL,NULL,'I',NULL,NULL,NULL,NULL,NULL,'2017-01-17 00:00:00'),(24,39,'Bay of Quinte',NULL,NULL,NULL,NULL,'I',NULL,NULL,NULL,NULL,NULL,'2017-02-22 00:00:00'),(25,40,'Bay of Quinte',NULL,NULL,NULL,NULL,'I',NULL,NULL,NULL,NULL,NULL,'2017-01-17 00:00:00'),(26,41,'Bay of Quinte',NULL,NULL,NULL,NULL,'I',NULL,NULL,NULL,NULL,NULL,'2017-01-03 00:00:00'),(27,42,'Bay of Quinte',NULL,NULL,NULL,NULL,'I',NULL,NULL,NULL,NULL,NULL,'2017-01-17 00:00:00'),(28,43,'Bay of Quinte',NULL,NULL,NULL,NULL,'I',NULL,NULL,NULL,NULL,NULL,'2017-04-25 00:00:00'),(29,44,'Bay of Quinte',NULL,NULL,NULL,NULL,'I',NULL,NULL,NULL,NULL,NULL,'2017-06-20 00:00:00'),(30,45,'Bay of Quinte',NULL,NULL,NULL,NULL,'I',NULL,NULL,NULL,NULL,NULL,'2017-01-17 00:00:00'),(31,46,'Bay of Quinte',NULL,NULL,NULL,NULL,'I',NULL,NULL,NULL,NULL,NULL,'2017-01-17 00:00:00'),(32,47,'Bay of Quinte',NULL,NULL,NULL,NULL,'I',NULL,NULL,NULL,NULL,NULL,'2017-02-22 00:00:00'),(33,48,'Bay of Quinte',NULL,NULL,NULL,NULL,'I',NULL,NULL,NULL,NULL,NULL,'2017-01-03 00:00:00'),(34,49,'Bay of Quinte',NULL,NULL,NULL,NULL,'I',NULL,NULL,NULL,NULL,NULL,'2017-01-17 00:00:00'),(35,50,'Bay of Quinte',NULL,NULL,NULL,NULL,'I',NULL,NULL,NULL,NULL,NULL,'2017-02-22 00:00:00'),(36,51,'Bay of Quinte',NULL,NULL,NULL,NULL,'I',NULL,NULL,NULL,NULL,NULL,'2017-01-17 00:00:00'),(37,52,'Bay of Quinte',NULL,NULL,NULL,NULL,'I',NULL,NULL,NULL,NULL,NULL,'2017-04-13 00:00:00'),(38,53,'Bay of Quinte',NULL,NULL,NULL,NULL,'I',NULL,NULL,NULL,NULL,NULL,'2016-11-17 00:00:00'),(39,54,'Bay of Quinte',NULL,NULL,NULL,NULL,'I',NULL,NULL,NULL,NULL,NULL,'2016-11-17 00:00:00'),(40,55,'Bay of Quinte',NULL,NULL,NULL,NULL,'I',NULL,NULL,NULL,NULL,NULL,'2017-08-15 00:00:00'),(41,56,'Bay of Quinte',NULL,NULL,NULL,NULL,'I',NULL,NULL,NULL,NULL,NULL,'2017-04-13 00:00:00'),(42,57,'Bay of Quinte',NULL,NULL,NULL,NULL,'I',NULL,NULL,NULL,NULL,NULL,'2017-01-17 00:00:00'),(43,58,'Bay of Quinte',NULL,NULL,NULL,NULL,'I',NULL,NULL,NULL,NULL,NULL,'2017-02-22 00:00:00'),(44,59,'Bay of Quinte',NULL,NULL,NULL,NULL,'I',NULL,NULL,NULL,NULL,NULL,'2017-04-13 00:00:00'),(45,60,'Bay of Quinte',NULL,NULL,NULL,NULL,'I',NULL,NULL,NULL,NULL,NULL,'2016-11-17 00:00:00'),(46,61,'Bay of Quinte',NULL,NULL,NULL,NULL,'I',NULL,NULL,NULL,NULL,NULL,'2017-04-13 00:00:00'),(47,62,'Bay of Quinte',NULL,NULL,NULL,NULL,'I',NULL,NULL,NULL,NULL,NULL,'2017-02-22 00:00:00'),(48,63,'Bay of Quinte',NULL,NULL,NULL,NULL,'I',NULL,NULL,NULL,NULL,NULL,'2017-02-22 00:00:00'),(49,64,'Bay of Quinte',NULL,NULL,NULL,NULL,'I',NULL,NULL,NULL,NULL,NULL,'2016-08-15 00:00:00'),(50,65,'Bay of Quinte',NULL,NULL,NULL,NULL,'I',NULL,NULL,NULL,NULL,NULL,'2017-02-22 00:00:00'),(51,66,'Bay of Quinte',NULL,NULL,NULL,NULL,'I',NULL,NULL,NULL,NULL,NULL,'2017-02-22 00:00:00'),(52,67,'Bay of Quinte',NULL,NULL,NULL,NULL,'I',NULL,NULL,NULL,NULL,NULL,'2017-01-17 00:00:00'),(53,68,'Bay of Quinte',NULL,NULL,NULL,NULL,'I',NULL,NULL,NULL,NULL,NULL,'2017-01-17 00:00:00'),(54,69,'Bay of Quinte',NULL,NULL,NULL,NULL,'I',NULL,NULL,NULL,NULL,NULL,'2017-01-03 00:00:00'),(55,70,'Bay of Quinte',NULL,NULL,NULL,NULL,'I',NULL,NULL,NULL,NULL,NULL,'2017-01-03 00:00:00'),(56,71,'Bay of Quinte',NULL,NULL,NULL,NULL,'I',NULL,NULL,NULL,NULL,NULL,'2017-04-13 00:00:00'),(57,72,'Bay of Quinte',NULL,NULL,NULL,NULL,'I',NULL,NULL,NULL,NULL,NULL,'2016-11-17 00:00:00'),(58,73,'Bay of Quinte',NULL,NULL,NULL,NULL,'I',NULL,NULL,NULL,NULL,NULL,'2017-06-20 00:00:00'),(59,74,'Bay of Quinte',NULL,NULL,NULL,NULL,'I',NULL,NULL,NULL,NULL,NULL,'2017-01-03 00:00:00'),(60,75,'Bay of Quinte',NULL,NULL,NULL,NULL,'I',NULL,NULL,NULL,NULL,NULL,'2017-01-03 00:00:00'),(61,76,'Bay of Quinte',NULL,NULL,NULL,NULL,'I',NULL,NULL,NULL,NULL,NULL,'2017-04-13 00:00:00'),(62,77,'Bay of Quinte',NULL,NULL,NULL,NULL,'I',NULL,NULL,NULL,NULL,NULL,'2017-01-03 00:00:00'),(63,78,'Bay of Quinte',NULL,NULL,NULL,NULL,'I',NULL,NULL,NULL,NULL,NULL,'2017-04-13 00:00:00'),(64,79,'Bay of Quinte',NULL,NULL,NULL,NULL,'I',NULL,NULL,NULL,NULL,NULL,'2017-01-03 00:00:00'),(65,80,'Bay of Quinte',NULL,NULL,NULL,NULL,'I',NULL,NULL,NULL,NULL,NULL,'2017-01-03 00:00:00'),(66,81,'Bay of Quinte',NULL,NULL,NULL,NULL,'I',NULL,NULL,NULL,NULL,NULL,'2016-11-17 00:00:00'),(67,82,'Bay of Quinte',NULL,NULL,NULL,NULL,'I',NULL,NULL,NULL,NULL,NULL,'2017-02-22 00:00:00'),(68,83,'Bay of Quinte',NULL,NULL,NULL,NULL,'I',NULL,NULL,NULL,NULL,NULL,'2017-06-20 00:00:00'),(69,84,'Bay of Quinte',NULL,NULL,NULL,NULL,'I',NULL,NULL,NULL,NULL,NULL,'2017-04-25 00:00:00'),(70,85,'Bay of Quinte',NULL,NULL,NULL,NULL,'I',NULL,NULL,NULL,NULL,NULL,'2017-01-17 00:00:00'),(71,86,'Bay of Quinte',NULL,NULL,NULL,NULL,'I',NULL,NULL,NULL,NULL,NULL,'2017-02-22 00:00:00'),(72,87,'Bay of Quinte',NULL,NULL,NULL,NULL,'I',NULL,NULL,NULL,NULL,NULL,'2017-06-20 00:00:00'),(73,88,'Bay of Quinte',NULL,NULL,NULL,NULL,'I',NULL,NULL,NULL,NULL,NULL,'2016-11-17 00:00:00'),(74,89,'Bay of Quinte',NULL,NULL,NULL,NULL,'I',NULL,NULL,NULL,NULL,NULL,'2017-01-03 00:00:00'),(75,90,'Bay of Quinte',NULL,NULL,NULL,NULL,'I',NULL,NULL,NULL,NULL,NULL,'2017-04-13 00:00:00'),(76,91,'Bay of Quinte',NULL,NULL,NULL,NULL,'I',NULL,NULL,NULL,NULL,NULL,'2016-11-17 00:00:00'),(77,92,'Bay of Quinte',NULL,NULL,NULL,NULL,'I',NULL,NULL,NULL,NULL,NULL,'2017-01-03 00:00:00'),(78,93,'Bay of Quinte',NULL,NULL,NULL,NULL,'I',NULL,NULL,NULL,NULL,NULL,'2017-06-20 00:00:00'),(79,94,'Bay of Quinte',NULL,NULL,NULL,NULL,'I',NULL,NULL,NULL,NULL,NULL,'2017-01-03 00:00:00'),(80,95,'Bay of Quinte',NULL,NULL,NULL,NULL,'I',NULL,NULL,NULL,NULL,NULL,'2017-01-17 00:00:00'),(81,96,'Bay of Quinte',NULL,NULL,NULL,NULL,'I',NULL,NULL,NULL,NULL,NULL,'2016-11-17 00:00:00'),(82,97,'Bay of Quinte',NULL,NULL,NULL,NULL,'I',NULL,NULL,NULL,NULL,NULL,'2016-11-17 00:00:00'),(83,98,'Bay of Quinte',NULL,NULL,NULL,NULL,'I',NULL,NULL,NULL,NULL,NULL,'2017-01-03 00:00:00'),(84,99,'Bay of Quinte',NULL,NULL,NULL,NULL,'I',NULL,NULL,NULL,NULL,NULL,'2017-06-20 00:00:00'),(85,100,'Bay of Quinte',NULL,NULL,NULL,NULL,'I',NULL,NULL,NULL,NULL,NULL,'2017-06-20 00:00:00'),(86,101,'Bay of Quinte',NULL,NULL,NULL,NULL,'I',NULL,NULL,NULL,NULL,NULL,'2017-02-22 00:00:00'),(87,102,'Bay of Quinte',NULL,NULL,NULL,NULL,'I',NULL,NULL,NULL,NULL,NULL,'2017-01-17 00:00:00'),(88,103,'Bay of Quinte',NULL,NULL,NULL,NULL,'I',NULL,NULL,NULL,NULL,NULL,'2017-01-17 00:00:00'),(89,104,'Bay of Quinte',NULL,NULL,NULL,NULL,'I',NULL,NULL,NULL,NULL,NULL,'2017-01-17 00:00:00'),(90,105,'Bay of Quinte',NULL,NULL,NULL,NULL,'I',NULL,NULL,NULL,NULL,NULL,'2017-06-20 00:00:00'),(91,106,'Bay of Quinte',NULL,NULL,NULL,NULL,'I',NULL,NULL,NULL,NULL,NULL,'2017-02-22 00:00:00'),(92,107,'Bay of Quinte',NULL,NULL,NULL,NULL,'I',NULL,NULL,NULL,NULL,NULL,'2016-11-17 00:00:00'),(93,108,'Bay of Quinte',NULL,NULL,NULL,NULL,'I',NULL,NULL,NULL,NULL,NULL,'2017-01-03 00:00:00'),(94,109,'Bay of Quinte',NULL,NULL,NULL,NULL,'I',NULL,NULL,NULL,NULL,NULL,'2017-04-13 00:00:00'),(95,110,'Bay of Quinte',NULL,NULL,NULL,NULL,'I',NULL,NULL,NULL,NULL,NULL,'2017-01-03 00:00:00'),(96,111,'Bay of Quinte',NULL,NULL,NULL,NULL,'I',NULL,NULL,NULL,NULL,NULL,'2017-08-15 00:00:00'),(97,112,'Bay of Quinte',NULL,NULL,NULL,NULL,'I',NULL,NULL,NULL,NULL,NULL,'2016-11-17 00:00:00'),(98,113,'Bay of Quinte',NULL,NULL,NULL,NULL,'I',NULL,NULL,NULL,NULL,NULL,'2017-02-22 00:00:00'),(99,114,'Bay of Quinte',NULL,NULL,NULL,NULL,'I',NULL,NULL,NULL,NULL,NULL,'2017-02-22 00:00:00'),(100,115,'Bay of Quinte',NULL,NULL,NULL,NULL,'I',NULL,NULL,NULL,NULL,NULL,'2016-11-17 00:00:00'),(101,116,'Bay of Quinte',NULL,NULL,NULL,NULL,'I',NULL,NULL,NULL,NULL,NULL,'2016-08-15 00:00:00'),(102,117,'Bay of Quinte',NULL,NULL,NULL,NULL,'I',NULL,NULL,NULL,NULL,NULL,'2017-01-17 00:00:00'),(103,118,'Bay of Quinte',NULL,NULL,NULL,NULL,'I',NULL,NULL,NULL,NULL,NULL,'2017-01-03 00:00:00'),(104,119,'Bicentennial',NULL,NULL,NULL,NULL,'I',NULL,NULL,NULL,NULL,NULL,'2016-11-09 00:00:00'),(105,120,'Bicentennial',NULL,NULL,NULL,NULL,'I',NULL,NULL,NULL,NULL,NULL,'2016-11-09 00:00:00'),(106,121,'Bicentennial',NULL,NULL,NULL,NULL,'I',NULL,NULL,NULL,NULL,NULL,'2016-11-09 00:00:00'),(107,122,'Bicentennial',NULL,NULL,NULL,NULL,'I',NULL,NULL,NULL,NULL,NULL,'2017-01-23 00:00:00'),(108,123,'Bicentennial',NULL,NULL,NULL,NULL,'I',NULL,NULL,NULL,NULL,NULL,'2017-01-23 00:00:00'),(109,124,'Bicentennial',NULL,NULL,NULL,NULL,'I',NULL,NULL,NULL,NULL,NULL,'2017-01-23 00:00:00'),(110,125,'Bicentennial',NULL,NULL,NULL,NULL,'I',NULL,NULL,NULL,NULL,NULL,'2016-11-09 00:00:00'),(111,126,'Bicentennial',NULL,NULL,NULL,NULL,'I',NULL,NULL,NULL,NULL,NULL,'2016-11-09 00:00:00'),(112,127,'Bicentennial',NULL,NULL,NULL,NULL,'I',NULL,NULL,NULL,NULL,NULL,'2016-11-09 00:00:00'),(113,128,'Bicentennial',NULL,NULL,NULL,NULL,'I',NULL,NULL,NULL,NULL,NULL,'2017-01-23 00:00:00'),(114,129,'Bicentennial',NULL,NULL,NULL,NULL,'I',NULL,NULL,NULL,NULL,NULL,'2017-03-03 00:00:00'),(115,130,'Bicentennial',NULL,NULL,NULL,NULL,'I',NULL,NULL,NULL,NULL,NULL,'2017-01-23 00:00:00'),(116,131,'Bicentennial',NULL,NULL,NULL,NULL,'I',NULL,NULL,NULL,NULL,NULL,'2017-02-16 00:00:00'),(117,132,'Bicentennial',NULL,NULL,NULL,NULL,'I',NULL,NULL,NULL,NULL,NULL,'2017-01-23 00:00:00'),(118,133,'Bicentennial',NULL,NULL,NULL,NULL,'I',NULL,NULL,NULL,NULL,NULL,'2017-01-23 00:00:00'),(119,134,'Bicentennial',NULL,NULL,NULL,NULL,'I',NULL,NULL,NULL,NULL,NULL,'2016-11-09 00:00:00'),(120,135,'Bicentennial',NULL,NULL,NULL,NULL,'I',NULL,NULL,NULL,NULL,NULL,'2017-06-14 00:00:00'),(121,136,'Bicentennial',NULL,NULL,NULL,NULL,'I',NULL,NULL,NULL,NULL,NULL,'2016-11-09 00:00:00'),(122,137,'Bicentennial',NULL,NULL,NULL,NULL,'I',NULL,NULL,NULL,NULL,NULL,'2016-11-09 00:00:00'),(123,138,'Bicentennial',NULL,NULL,NULL,NULL,'I',NULL,NULL,NULL,NULL,NULL,'2017-01-23 00:00:00'),(124,139,'Bicentennial',NULL,NULL,NULL,NULL,'I',NULL,NULL,NULL,NULL,NULL,'2017-03-03 00:00:00'),(125,140,'Bicentennial',NULL,NULL,NULL,NULL,'I',NULL,NULL,NULL,NULL,NULL,'2016-11-09 00:00:00'),(126,141,'Bicentennial',NULL,NULL,NULL,NULL,'I',NULL,NULL,NULL,NULL,NULL,'2017-01-23 00:00:00'),(127,142,'Calgary',NULL,NULL,NULL,NULL,'I',NULL,NULL,NULL,NULL,NULL,'2017-02-01 00:00:00'),(128,143,'Calgary',NULL,NULL,NULL,NULL,'I',NULL,NULL,NULL,NULL,NULL,'2017-02-01 00:00:00'),(129,144,'Calgary',NULL,NULL,NULL,NULL,'I',NULL,NULL,NULL,NULL,NULL,'2017-02-01 00:00:00'),(130,145,'Calgary',NULL,NULL,NULL,NULL,'I',NULL,NULL,NULL,NULL,NULL,'2017-02-01 00:00:00'),(131,146,'Calgary',NULL,NULL,NULL,NULL,'I',NULL,NULL,NULL,NULL,NULL,'2017-02-01 00:00:00'),(132,147,'Calgary',NULL,NULL,NULL,NULL,'I',NULL,NULL,NULL,NULL,NULL,'2017-02-01 00:00:00'),(133,148,'Calgary',NULL,NULL,NULL,NULL,'I',NULL,NULL,NULL,NULL,NULL,'2017-02-01 00:00:00'),(134,149,'Calgary',NULL,NULL,NULL,NULL,'I',NULL,NULL,NULL,NULL,NULL,'2017-02-01 00:00:00'),(135,150,'Calgary',NULL,NULL,NULL,NULL,'I',NULL,NULL,NULL,NULL,NULL,'2017-02-01 00:00:00'),(136,151,'Calgary',NULL,NULL,NULL,NULL,'I',NULL,NULL,NULL,NULL,NULL,'2017-02-01 00:00:00'),(137,152,'Calgary',NULL,NULL,NULL,NULL,'I',NULL,NULL,NULL,NULL,NULL,'2017-02-01 00:00:00'),(138,153,'Calgary',NULL,NULL,NULL,NULL,'I',NULL,NULL,NULL,NULL,NULL,'2017-02-01 00:00:00'),(139,154,'Calgary',NULL,NULL,NULL,NULL,'I',NULL,NULL,NULL,NULL,NULL,'2017-02-01 00:00:00'),(140,155,'Calgary',NULL,NULL,NULL,NULL,'I',NULL,NULL,NULL,NULL,NULL,'2017-02-01 00:00:00'),(141,156,'Calgary',NULL,NULL,NULL,NULL,'I',NULL,NULL,NULL,NULL,NULL,'2017-02-01 00:00:00'),(142,157,'Calgary',NULL,NULL,NULL,NULL,'I',NULL,NULL,NULL,NULL,NULL,'2017-02-01 00:00:00'),(143,158,'Calgary',NULL,NULL,NULL,NULL,'I',NULL,NULL,NULL,NULL,NULL,'2017-03-27 00:00:00'),(144,159,'Calgary',NULL,NULL,NULL,NULL,'I',NULL,NULL,NULL,NULL,NULL,'2017-06-01 00:00:00'),(145,160,'Calgary',NULL,NULL,NULL,NULL,'I',NULL,NULL,NULL,NULL,NULL,'2017-06-01 00:00:00'),(146,161,'Calgary',NULL,NULL,NULL,NULL,'I',NULL,NULL,NULL,NULL,NULL,'2017-02-01 00:00:00'),(147,162,'Calgary',NULL,NULL,NULL,NULL,'I',NULL,NULL,NULL,NULL,NULL,'2017-06-01 00:00:00'),(148,163,'Calgary',NULL,NULL,NULL,NULL,'I',NULL,NULL,NULL,NULL,NULL,'2017-03-27 00:00:00'),(149,164,'Calgary',NULL,NULL,NULL,NULL,'I',NULL,NULL,NULL,NULL,NULL,'2017-02-01 00:00:00'),(150,165,'Chilliwack',NULL,NULL,NULL,NULL,'I',NULL,NULL,NULL,NULL,NULL,'2017-03-16 00:00:00'),(151,166,'Chilliwack',NULL,NULL,NULL,NULL,'I',NULL,NULL,NULL,NULL,NULL,'2017-03-16 00:00:00'),(152,167,'Chilliwack',NULL,NULL,NULL,NULL,'I',NULL,NULL,NULL,NULL,NULL,'2017-02-06 00:00:00'),(153,168,'Chilliwack',NULL,NULL,NULL,NULL,'I',NULL,NULL,NULL,NULL,NULL,'2017-02-06 00:00:00'),(154,169,'Chilliwack',NULL,NULL,NULL,NULL,'I',NULL,NULL,NULL,NULL,NULL,'2017-03-16 00:00:00'),(155,170,'Chilliwack',NULL,NULL,NULL,NULL,'I',NULL,NULL,NULL,NULL,NULL,'2017-02-06 00:00:00'),(156,171,'Chilliwack',NULL,NULL,NULL,NULL,'I',NULL,NULL,NULL,NULL,NULL,'2017-02-06 00:00:00'),(157,172,'Chilliwack',NULL,NULL,NULL,NULL,'I',NULL,NULL,NULL,NULL,NULL,'2017-02-06 00:00:00'),(158,173,'Chilliwack',NULL,NULL,NULL,NULL,'I',NULL,NULL,NULL,NULL,NULL,'2017-02-06 00:00:00'),(159,174,'Chilliwack',NULL,NULL,NULL,NULL,'I',NULL,NULL,NULL,NULL,NULL,'2017-02-06 00:00:00'),(160,175,'Chilliwack',NULL,NULL,NULL,NULL,'I',NULL,NULL,NULL,NULL,NULL,'2017-02-06 00:00:00'),(161,176,'Chilliwack',NULL,NULL,NULL,NULL,'I',NULL,NULL,NULL,NULL,NULL,'2017-03-16 00:00:00'),(162,177,'Chilliwack',NULL,NULL,NULL,NULL,'I',NULL,NULL,NULL,NULL,NULL,'2017-07-18 00:00:00'),(163,178,'Chilliwack',NULL,NULL,NULL,NULL,'I',NULL,NULL,NULL,NULL,NULL,'2017-02-06 00:00:00'),(164,179,'Chilliwack',NULL,NULL,NULL,NULL,'I',NULL,NULL,NULL,NULL,NULL,'2017-02-06 00:00:00'),(165,180,'Chilliwack',NULL,NULL,NULL,NULL,'I',NULL,NULL,NULL,NULL,NULL,'2017-02-06 00:00:00'),(166,181,'Chilliwack',NULL,NULL,NULL,NULL,'I',NULL,NULL,NULL,NULL,NULL,'2017-07-18 00:00:00'),(167,182,'Chilliwack',NULL,NULL,NULL,NULL,'I',NULL,NULL,NULL,NULL,NULL,'2017-02-06 00:00:00'),(168,183,'Chilliwack',NULL,NULL,NULL,NULL,'I',NULL,NULL,NULL,NULL,NULL,'2017-03-16 00:00:00'),(169,184,'Chilliwack',NULL,NULL,NULL,NULL,'I',NULL,NULL,NULL,NULL,NULL,'2017-03-16 00:00:00'),(170,185,'Chilliwack',NULL,NULL,NULL,NULL,'I',NULL,NULL,NULL,NULL,NULL,'2017-07-18 00:00:00'),(171,186,'Chilliwack',NULL,NULL,NULL,NULL,'I',NULL,NULL,NULL,NULL,NULL,'2017-02-06 00:00:00'),(172,187,'Chilliwack',NULL,NULL,NULL,NULL,'I',NULL,NULL,NULL,NULL,NULL,'2017-03-16 00:00:00'),(173,188,'Chilliwack',NULL,NULL,NULL,NULL,'I',NULL,NULL,NULL,NULL,NULL,'2017-02-06 00:00:00'),(174,189,'Chilliwack',NULL,NULL,NULL,NULL,'I',NULL,NULL,NULL,NULL,NULL,'2017-03-16 00:00:00'),(175,190,'Chilliwack',NULL,NULL,NULL,NULL,'I',NULL,NULL,NULL,NULL,NULL,'2017-03-16 00:00:00'),(176,191,'Chilliwack',NULL,NULL,NULL,NULL,'I',NULL,NULL,NULL,NULL,NULL,'2017-02-06 00:00:00'),(177,192,'Chilliwack',NULL,NULL,NULL,NULL,'I',NULL,NULL,NULL,NULL,NULL,'2017-02-06 00:00:00'),(178,193,'Chilliwack',NULL,NULL,NULL,NULL,'I',NULL,NULL,NULL,NULL,NULL,'2017-02-06 00:00:00'),(179,194,'Col. Edward Jessup',NULL,NULL,NULL,NULL,'I',NULL,NULL,NULL,NULL,NULL,'2017-02-10 00:00:00'),(180,195,'Col. Edward Jessup',NULL,NULL,NULL,NULL,'I',NULL,NULL,NULL,NULL,NULL,'2017-02-10 00:00:00'),(181,196,'Col. Edward Jessup',NULL,NULL,NULL,NULL,'I',NULL,NULL,NULL,NULL,NULL,'2017-02-10 00:00:00'),(182,197,'Col. Edward Jessup',NULL,NULL,NULL,NULL,'I',NULL,NULL,NULL,NULL,NULL,'2017-02-10 00:00:00'),(183,198,'Col. Edward Jessup',NULL,NULL,NULL,NULL,'I',NULL,NULL,NULL,NULL,NULL,'2017-02-10 00:00:00'),(184,199,'Col. Edward Jessup',NULL,NULL,NULL,NULL,'I',NULL,NULL,NULL,NULL,NULL,'2017-02-10 00:00:00'),(185,200,'Col. Edward Jessup',NULL,NULL,NULL,NULL,'I',NULL,NULL,NULL,NULL,NULL,'2017-02-10 00:00:00'),(186,201,'Col. Edward Jessup',NULL,NULL,NULL,NULL,'I',NULL,NULL,NULL,NULL,NULL,'2017-02-10 00:00:00'),(187,202,'Col. Edward Jessup',NULL,NULL,NULL,NULL,'I',NULL,NULL,NULL,NULL,NULL,'2017-02-10 00:00:00'),(188,203,'Col. Edward Jessup',NULL,NULL,NULL,NULL,'I',NULL,NULL,NULL,NULL,NULL,'2017-02-10 00:00:00'),(189,204,'Col. Edward Jessup',NULL,NULL,NULL,NULL,'I',NULL,NULL,NULL,NULL,NULL,'2017-02-10 00:00:00'),(190,205,'Col. Edward Jessup',NULL,NULL,NULL,NULL,'I',NULL,NULL,NULL,NULL,NULL,'2017-02-10 00:00:00'),(191,206,'Col. Edward Jessup',NULL,NULL,NULL,NULL,'I',NULL,NULL,NULL,NULL,NULL,'2017-02-10 00:00:00'),(192,207,'Col. Edward Jessup',NULL,NULL,NULL,NULL,'I',NULL,NULL,NULL,NULL,NULL,'2017-02-10 00:00:00'),(193,208,'Col. Edward Jessup',NULL,NULL,NULL,NULL,'I',NULL,NULL,NULL,NULL,NULL,'2017-02-10 00:00:00'),(194,209,'Col. Edward Jessup',NULL,NULL,NULL,NULL,'I',NULL,NULL,NULL,NULL,NULL,'2017-02-16 00:00:00'),(195,210,'Col. Edward Jessup',NULL,NULL,NULL,NULL,'I',NULL,NULL,NULL,NULL,NULL,'2017-02-10 00:00:00'),(196,211,'Col. Edward Jessup',NULL,NULL,NULL,NULL,'I',NULL,NULL,NULL,NULL,NULL,'2017-02-10 00:00:00'),(197,212,'Col. Edward Jessup',NULL,NULL,NULL,NULL,'I',NULL,NULL,NULL,NULL,NULL,'2017-02-10 00:00:00'),(198,213,'Col. Edward Jessup',NULL,NULL,NULL,NULL,'I',NULL,NULL,NULL,NULL,NULL,'2017-02-10 00:00:00'),(199,214,'Col. Edward Jessup',NULL,NULL,NULL,NULL,'I',NULL,NULL,NULL,NULL,NULL,'2017-02-10 00:00:00'),(200,215,'Col. John Butler',NULL,NULL,NULL,NULL,'I',NULL,NULL,NULL,NULL,NULL,'2017-04-06 00:00:00'),(201,216,'Col. John Butler',NULL,NULL,NULL,NULL,'I',NULL,NULL,NULL,NULL,NULL,'2017-01-03 00:00:00'),(202,217,'Col. John Butler',NULL,NULL,NULL,NULL,'I',NULL,NULL,NULL,NULL,NULL,'2017-04-06 00:00:00'),(203,218,'Col. John Butler',NULL,NULL,NULL,NULL,'I',NULL,NULL,NULL,NULL,NULL,'2017-01-03 00:00:00'),(204,219,'Col. John Butler',NULL,NULL,NULL,NULL,'I',NULL,NULL,NULL,NULL,NULL,'2017-04-06 00:00:00'),(205,220,'Col. John Butler',NULL,NULL,NULL,NULL,'I',NULL,NULL,NULL,NULL,NULL,'2017-01-03 00:00:00'),(206,221,'Col. John Butler',NULL,NULL,NULL,NULL,'I',NULL,NULL,NULL,NULL,NULL,'2017-01-03 00:00:00'),(207,222,'Col. John Butler',NULL,NULL,NULL,NULL,'I',NULL,NULL,NULL,NULL,NULL,'2017-01-03 00:00:00'),(208,223,'Col. John Butler',NULL,NULL,NULL,NULL,'I',NULL,NULL,NULL,NULL,NULL,'2017-01-03 00:00:00'),(209,224,'Col. John Butler',NULL,NULL,NULL,NULL,'I',NULL,NULL,NULL,NULL,NULL,'2017-04-06 00:00:00'),(210,225,'Col. John Butler',NULL,NULL,NULL,NULL,'I',NULL,NULL,NULL,NULL,NULL,'2017-04-06 00:00:00'),(211,226,'Col. John Butler',NULL,NULL,NULL,NULL,'I',NULL,NULL,NULL,NULL,NULL,'2017-04-06 00:00:00'),(212,227,'Col. John Butler',NULL,NULL,NULL,NULL,'I',NULL,NULL,NULL,NULL,NULL,'2017-01-03 00:00:00'),(213,228,'Col. John Butler',NULL,NULL,NULL,NULL,'I',NULL,NULL,NULL,NULL,NULL,'2017-01-03 00:00:00'),(214,229,'Col. John Butler',NULL,NULL,NULL,NULL,'I',NULL,NULL,NULL,NULL,NULL,'2017-01-03 00:00:00'),(215,230,'Col. John Butler',NULL,NULL,NULL,NULL,'I',NULL,NULL,NULL,NULL,NULL,'2017-01-03 00:00:00'),(216,231,'Col. John Butler',NULL,NULL,NULL,NULL,'I',NULL,NULL,NULL,NULL,NULL,'2017-01-03 00:00:00'),(217,232,'Col. John Butler',NULL,NULL,NULL,NULL,'I',NULL,NULL,NULL,NULL,NULL,'2017-01-03 00:00:00'),(218,233,'Col. John Butler',NULL,NULL,NULL,NULL,'I',NULL,NULL,NULL,NULL,NULL,'2017-01-03 00:00:00'),(219,234,'Col. John Butler',NULL,NULL,NULL,NULL,'I',NULL,NULL,NULL,NULL,NULL,'2017-01-03 00:00:00'),(220,235,'Col. John Butler',NULL,NULL,NULL,NULL,'I',NULL,NULL,NULL,NULL,NULL,'2017-04-06 00:00:00'),(221,236,'Col. John Butler',NULL,NULL,NULL,NULL,'I',NULL,NULL,NULL,NULL,NULL,'2017-04-06 00:00:00'),(222,237,'Col. John Butler',NULL,NULL,NULL,NULL,'I',NULL,NULL,NULL,NULL,NULL,'2017-01-03 00:00:00'),(223,238,'Col. John Butler',NULL,NULL,NULL,NULL,'I',NULL,NULL,NULL,NULL,NULL,'2017-04-06 00:00:00'),(224,239,'Col. John Butler',NULL,NULL,NULL,NULL,'I',NULL,NULL,NULL,NULL,NULL,'2017-04-06 00:00:00'),(225,240,'Col. John Butler',NULL,NULL,NULL,NULL,'I',NULL,NULL,NULL,NULL,NULL,'2017-01-03 00:00:00'),(226,241,'Col. John Butler',NULL,NULL,NULL,NULL,'I',NULL,NULL,NULL,NULL,NULL,'2017-01-03 00:00:00'),(227,242,'Col. John Butler',NULL,NULL,NULL,NULL,'I',NULL,NULL,NULL,NULL,NULL,'2017-04-06 00:00:00'),(228,243,'Col. John Butler',NULL,NULL,NULL,NULL,'I',NULL,NULL,NULL,NULL,NULL,'2017-01-03 00:00:00'),(229,244,'Col. John Butler',NULL,NULL,NULL,NULL,'I',NULL,NULL,NULL,NULL,NULL,'2017-01-03 00:00:00'),(230,245,'Col. John Butler',NULL,NULL,NULL,NULL,'I',NULL,NULL,NULL,NULL,NULL,'2017-01-03 00:00:00'),(231,246,'Col. John Butler',NULL,NULL,NULL,NULL,'I',NULL,NULL,NULL,NULL,NULL,'2017-01-03 00:00:00'),(232,247,'Col. John Butler',NULL,NULL,NULL,NULL,'I',NULL,NULL,NULL,NULL,NULL,'2017-01-03 00:00:00'),(233,248,'Col. John Butler',NULL,NULL,NULL,NULL,'I',NULL,NULL,NULL,NULL,NULL,'2017-04-06 00:00:00'),(234,249,'Col. John Butler',NULL,NULL,NULL,NULL,'I',NULL,NULL,NULL,NULL,NULL,'2017-04-06 00:00:00'),(235,250,'Col. John Butler',NULL,NULL,NULL,NULL,'I',NULL,NULL,NULL,NULL,NULL,'2017-04-06 00:00:00'),(236,251,'Col. John Butler',NULL,NULL,NULL,NULL,'I',NULL,NULL,NULL,NULL,NULL,'2017-04-06 00:00:00'),(237,252,'Col. John Butler',NULL,NULL,NULL,NULL,'I',NULL,NULL,NULL,NULL,NULL,'2017-04-06 00:00:00'),(238,253,'Col. John Butler',NULL,NULL,NULL,NULL,'I',NULL,NULL,NULL,NULL,NULL,'2017-01-03 00:00:00'),(239,254,'Col. John Butler',NULL,NULL,NULL,NULL,'I',NULL,NULL,NULL,NULL,NULL,'2017-01-03 00:00:00'),(240,255,'Col. John Butler',NULL,NULL,NULL,NULL,'I',NULL,NULL,NULL,NULL,NULL,'2017-01-03 00:00:00'),(241,256,'Col. John Butler',NULL,NULL,NULL,NULL,'I',NULL,NULL,NULL,NULL,NULL,'2017-01-03 00:00:00'),(242,257,'Col. John Butler',NULL,NULL,NULL,NULL,'I',NULL,NULL,NULL,NULL,NULL,'2017-04-06 00:00:00'),(243,258,'Col. John Butler',NULL,NULL,NULL,NULL,'I',NULL,NULL,NULL,NULL,NULL,'2017-04-06 00:00:00'),(244,259,'Col. John Butler',NULL,NULL,NULL,NULL,'I',NULL,NULL,NULL,NULL,NULL,'2017-01-03 00:00:00'),(245,260,'Col. John Butler',NULL,NULL,NULL,NULL,'I',NULL,NULL,NULL,NULL,NULL,'2017-04-06 00:00:00'),(246,261,'Col. John Butler',NULL,NULL,NULL,NULL,'I',NULL,NULL,NULL,NULL,NULL,'2017-04-06 00:00:00'),(247,262,'Col. John Butler',NULL,NULL,NULL,NULL,'I',NULL,NULL,NULL,NULL,NULL,'2017-01-03 00:00:00'),(248,263,'Col. John Butler',NULL,NULL,NULL,NULL,'I',NULL,NULL,NULL,NULL,NULL,'2017-04-06 00:00:00'),(249,264,'Col. John Butler',NULL,NULL,NULL,NULL,'I',NULL,NULL,NULL,NULL,NULL,'2017-01-03 00:00:00'),(250,265,'Col. John Butler',NULL,NULL,NULL,NULL,'I',NULL,NULL,NULL,NULL,NULL,'2017-01-03 00:00:00'),(251,266,'Col. John Butler',NULL,NULL,NULL,NULL,'I',NULL,NULL,NULL,NULL,NULL,'2017-04-06 00:00:00'),(252,267,'Col. John Butler',NULL,NULL,NULL,NULL,'I',NULL,NULL,NULL,NULL,NULL,'2017-01-03 00:00:00'),(253,268,'Col. John Butler',NULL,NULL,NULL,NULL,'I',NULL,NULL,NULL,NULL,NULL,'2017-01-03 00:00:00'),(254,269,'Col. John Butler',NULL,NULL,NULL,NULL,'I',NULL,NULL,NULL,NULL,NULL,'2017-04-06 00:00:00'),(255,270,'Col. John Butler',NULL,NULL,NULL,NULL,'I',NULL,NULL,NULL,NULL,NULL,'2017-01-03 00:00:00'),(256,271,'Col. John Butler',NULL,NULL,NULL,NULL,'I',NULL,NULL,NULL,NULL,NULL,'2017-01-03 00:00:00'),(257,272,'Col. John Butler',NULL,NULL,NULL,NULL,'I',NULL,NULL,NULL,NULL,NULL,'2017-01-03 00:00:00'),(258,273,'Col. John Butler',NULL,NULL,NULL,NULL,'I',NULL,NULL,NULL,NULL,NULL,'2017-01-03 00:00:00'),(259,274,'Col. John Butler',NULL,NULL,NULL,NULL,'I',NULL,NULL,NULL,NULL,NULL,'2017-04-06 00:00:00'),(260,275,'Col. John Butler',NULL,NULL,NULL,NULL,'I',NULL,NULL,NULL,NULL,NULL,'2017-01-03 00:00:00'),(261,276,'Col. John Butler',NULL,NULL,NULL,NULL,'I',NULL,NULL,NULL,NULL,NULL,'2017-01-03 00:00:00'),(262,277,'Col. John Butler',NULL,NULL,NULL,NULL,'I',NULL,NULL,NULL,NULL,NULL,'2017-04-06 00:00:00'),(263,278,'Col. John Butler',NULL,NULL,NULL,NULL,'I',NULL,NULL,NULL,NULL,NULL,'2017-01-03 00:00:00'),(264,279,'Col. John Butler',NULL,NULL,NULL,NULL,'I',NULL,NULL,NULL,NULL,NULL,'2017-01-03 00:00:00'),(265,280,'Col. John Butler',NULL,NULL,NULL,NULL,'I',NULL,NULL,NULL,NULL,NULL,'2017-01-03 00:00:00'),(266,281,'Col. John Butler',NULL,NULL,NULL,NULL,'I',NULL,NULL,NULL,NULL,NULL,'2017-04-06 00:00:00'),(267,282,'Col. John Butler',NULL,NULL,NULL,NULL,'I',NULL,NULL,NULL,NULL,NULL,'2017-04-06 00:00:00'),(268,283,'Col. John Butler',NULL,NULL,NULL,NULL,'I',NULL,NULL,NULL,NULL,NULL,'2017-04-06 00:00:00'),(269,284,'Col. John Butler',NULL,NULL,NULL,NULL,'I',NULL,NULL,NULL,NULL,NULL,'2017-01-03 00:00:00'),(270,285,'Col. John Butler',NULL,NULL,NULL,NULL,'I',NULL,NULL,NULL,NULL,NULL,'2017-01-03 00:00:00'),(271,286,'Col. John Butler',NULL,NULL,NULL,NULL,'I',NULL,NULL,NULL,NULL,NULL,'2017-01-03 00:00:00'),(272,287,'Col. John Butler',NULL,NULL,NULL,NULL,'I',NULL,NULL,NULL,NULL,NULL,'2017-04-06 00:00:00'),(273,288,'Col. John Butler',NULL,NULL,NULL,NULL,'I',NULL,NULL,NULL,NULL,NULL,'2017-01-03 00:00:00'),(274,289,'Col. John Butler',NULL,NULL,NULL,NULL,'I',NULL,NULL,NULL,NULL,NULL,'2017-01-03 00:00:00'),(275,290,'Col. John Butler',NULL,NULL,NULL,NULL,'I',NULL,NULL,NULL,NULL,NULL,'2017-01-03 00:00:00'),(276,291,'Col. John Butler',NULL,NULL,NULL,NULL,'I',NULL,NULL,NULL,NULL,NULL,'2017-01-03 00:00:00'),(277,292,'Col. John Butler',NULL,NULL,NULL,NULL,'I',NULL,NULL,NULL,NULL,NULL,'2017-01-03 00:00:00'),(278,293,'Col. John Butler',NULL,NULL,NULL,NULL,'I',NULL,NULL,NULL,NULL,NULL,'2017-01-03 00:00:00'),(279,294,'Col. John Butler',NULL,NULL,NULL,NULL,'I',NULL,NULL,NULL,NULL,NULL,'2017-04-06 00:00:00'),(280,295,'Col. John Butler',NULL,NULL,NULL,NULL,'I',NULL,NULL,NULL,NULL,NULL,'2017-01-03 00:00:00'),(281,296,'Col. John Butler',NULL,NULL,NULL,NULL,'I',NULL,NULL,NULL,NULL,NULL,'2017-01-03 00:00:00'),(282,297,'Col. John Butler',NULL,NULL,NULL,NULL,'I',NULL,NULL,NULL,NULL,NULL,'2017-01-03 00:00:00'),(283,298,'Col. John Butler',NULL,NULL,NULL,NULL,'I',NULL,NULL,NULL,NULL,NULL,'2017-01-03 00:00:00'),(284,299,'Col. John Butler',NULL,NULL,NULL,NULL,'I',NULL,NULL,NULL,NULL,NULL,'2017-01-03 00:00:00'),(285,300,'Col. John Butler',NULL,NULL,NULL,NULL,'I',NULL,NULL,NULL,NULL,NULL,'2017-04-06 00:00:00'),(286,301,'Col. John Butler',NULL,NULL,NULL,NULL,'I',NULL,NULL,NULL,NULL,NULL,'2017-01-03 00:00:00'),(287,302,'Col. John Butler',NULL,NULL,NULL,NULL,'I',NULL,NULL,NULL,NULL,NULL,'2017-01-03 00:00:00'),(288,303,'Col. John Butler',NULL,NULL,NULL,NULL,'I',NULL,NULL,NULL,NULL,NULL,'2017-04-06 00:00:00'),(289,304,'Col. John Butler',NULL,NULL,NULL,NULL,'I',NULL,NULL,NULL,NULL,NULL,'2017-01-03 00:00:00'),(290,305,'Col. John Butler',NULL,NULL,NULL,NULL,'I',NULL,NULL,NULL,NULL,NULL,'2017-01-03 00:00:00'),(291,306,'Col. John Butler',NULL,NULL,NULL,NULL,'I',NULL,NULL,NULL,NULL,NULL,'2017-01-03 00:00:00'),(292,307,'Col. John Butler',NULL,NULL,NULL,NULL,'I',NULL,NULL,NULL,NULL,NULL,'2017-01-03 00:00:00'),(293,308,'Col. John Butler',NULL,NULL,NULL,NULL,'I',NULL,NULL,NULL,NULL,NULL,'2017-01-03 00:00:00'),(294,309,'Col. John Butler',NULL,NULL,NULL,NULL,'I',NULL,NULL,NULL,NULL,NULL,'2017-01-03 00:00:00'),(295,310,'Edmonton',NULL,NULL,NULL,NULL,'I',NULL,NULL,NULL,NULL,NULL,'2016-11-15 00:00:00'),(296,311,'Edmonton',NULL,NULL,NULL,NULL,'I',NULL,NULL,NULL,NULL,NULL,'2016-12-14 00:00:00'),(297,312,'Edmonton',NULL,NULL,NULL,NULL,'I',NULL,NULL,NULL,NULL,NULL,'2017-03-15 00:00:00'),(298,313,'Edmonton',NULL,NULL,NULL,NULL,'I',NULL,NULL,NULL,NULL,NULL,'2016-11-15 00:00:00'),(299,314,'Edmonton',NULL,NULL,NULL,NULL,'I',NULL,NULL,NULL,NULL,NULL,'2017-05-26 00:00:00'),(300,315,'Edmonton',NULL,NULL,NULL,NULL,'I',NULL,NULL,NULL,NULL,NULL,'2017-05-23 00:00:00'),(301,316,'Edmonton',NULL,NULL,NULL,NULL,'I',NULL,NULL,NULL,NULL,NULL,'2017-05-11 00:00:00'),(302,317,'Edmonton',NULL,NULL,NULL,NULL,'I',NULL,NULL,NULL,NULL,NULL,'2016-11-15 00:00:00'),(303,318,'Edmonton',NULL,NULL,NULL,NULL,'I',NULL,NULL,NULL,NULL,NULL,'2016-12-14 00:00:00'),(304,319,'Edmonton',NULL,NULL,NULL,NULL,'I',NULL,NULL,NULL,NULL,NULL,'2017-03-16 00:00:00'),(305,320,'Edmonton',NULL,NULL,NULL,NULL,'I',NULL,NULL,NULL,NULL,NULL,'2017-01-10 00:00:00'),(306,321,'Edmonton',NULL,NULL,NULL,NULL,'I',NULL,NULL,NULL,NULL,NULL,'2017-01-10 00:00:00'),(307,322,'Edmonton',NULL,NULL,NULL,NULL,'I',NULL,NULL,NULL,NULL,NULL,'2016-11-15 00:00:00'),(308,323,'Edmonton',NULL,NULL,NULL,NULL,'I',NULL,NULL,NULL,NULL,NULL,'2016-11-29 00:00:00'),(309,324,'Edmonton',NULL,NULL,NULL,NULL,'I',NULL,NULL,NULL,NULL,NULL,'2017-09-15 00:00:00'),(310,325,'Edmonton',NULL,NULL,NULL,NULL,'I',NULL,NULL,NULL,NULL,NULL,'2017-01-23 00:00:00'),(311,326,'Edmonton',NULL,NULL,NULL,NULL,'I',NULL,NULL,NULL,NULL,NULL,'2016-11-29 00:00:00'),(312,327,'Governor Simcoe',NULL,NULL,NULL,NULL,'I',NULL,NULL,NULL,NULL,NULL,'2017-03-24 00:00:00'),(313,328,'Governor Simcoe',NULL,NULL,NULL,NULL,'I',NULL,NULL,NULL,NULL,NULL,'2017-01-19 00:00:00'),(314,329,'Governor Simcoe',NULL,NULL,NULL,NULL,'I',NULL,NULL,NULL,NULL,NULL,'2017-01-19 00:00:00'),(315,330,'Governor Simcoe',NULL,NULL,NULL,NULL,'I',NULL,NULL,NULL,NULL,NULL,'2017-03-24 00:00:00'),(316,331,'Governor Simcoe',NULL,NULL,NULL,NULL,'I',NULL,NULL,NULL,NULL,NULL,'2017-01-19 00:00:00'),(317,332,'Governor Simcoe',NULL,NULL,NULL,NULL,'I',NULL,NULL,NULL,NULL,NULL,'2017-01-19 00:00:00'),(318,333,'Governor Simcoe',NULL,NULL,NULL,NULL,'I',NULL,NULL,NULL,NULL,NULL,'2017-03-24 00:00:00'),(319,334,'Governor Simcoe',NULL,NULL,NULL,NULL,'I',NULL,NULL,NULL,NULL,NULL,'2017-01-19 00:00:00'),(320,335,'Governor Simcoe',NULL,NULL,NULL,NULL,'I',NULL,NULL,NULL,NULL,NULL,'2017-03-24 00:00:00'),(321,336,'Governor Simcoe',NULL,NULL,NULL,NULL,'I',NULL,NULL,NULL,NULL,NULL,'2017-01-19 00:00:00'),(322,337,'Governor Simcoe',NULL,NULL,NULL,NULL,'I',NULL,NULL,NULL,NULL,NULL,'2017-01-19 00:00:00'),(323,338,'Governor Simcoe',NULL,NULL,NULL,NULL,'I',NULL,NULL,NULL,NULL,NULL,'2017-03-24 00:00:00'),(324,339,'Governor Simcoe',NULL,NULL,NULL,NULL,'I',NULL,NULL,NULL,NULL,NULL,'2017-01-19 00:00:00'),(325,340,'Governor Simcoe',NULL,NULL,NULL,NULL,'I',NULL,NULL,NULL,NULL,NULL,'2017-01-19 00:00:00'),(326,341,'Governor Simcoe',NULL,NULL,NULL,NULL,'I',NULL,NULL,NULL,NULL,NULL,'2017-01-19 00:00:00'),(327,342,'Governor Simcoe',NULL,NULL,NULL,NULL,'I',NULL,NULL,NULL,NULL,NULL,'2017-01-19 00:00:00'),(328,343,'Governor Simcoe',NULL,NULL,NULL,NULL,'I',NULL,NULL,NULL,NULL,NULL,'2017-06-01 00:00:00'),(329,344,'Governor Simcoe',NULL,NULL,NULL,NULL,'I',NULL,NULL,NULL,NULL,NULL,'2017-03-24 00:00:00'),(330,345,'Governor Simcoe',NULL,NULL,NULL,NULL,'I',NULL,NULL,NULL,NULL,NULL,'2017-03-24 00:00:00'),(331,346,'Governor Simcoe',NULL,NULL,NULL,NULL,'I',NULL,NULL,NULL,NULL,NULL,'2017-01-19 00:00:00'),(332,347,'Governor Simcoe',NULL,NULL,NULL,NULL,'I',NULL,NULL,NULL,NULL,NULL,'2017-03-24 00:00:00'),(333,348,'Governor Simcoe',NULL,NULL,NULL,NULL,'I',NULL,NULL,NULL,NULL,NULL,'2017-01-19 00:00:00'),(334,349,'Governor Simcoe',NULL,NULL,NULL,NULL,'I',NULL,NULL,NULL,NULL,NULL,'2017-01-19 00:00:00'),(335,350,'Governor Simcoe',NULL,NULL,NULL,NULL,'I',NULL,NULL,NULL,NULL,NULL,'2017-03-24 00:00:00'),(336,351,'Governor Simcoe',NULL,NULL,NULL,NULL,'I',NULL,NULL,NULL,NULL,NULL,'2017-01-19 00:00:00'),(337,352,'Governor Simcoe',NULL,NULL,NULL,NULL,'I',NULL,NULL,NULL,NULL,NULL,'2017-06-01 00:00:00'),(338,353,'Governor Simcoe',NULL,NULL,NULL,NULL,'I',NULL,NULL,NULL,NULL,NULL,'2017-01-19 00:00:00'),(339,354,'Governor Simcoe',NULL,NULL,NULL,NULL,'I',NULL,NULL,NULL,NULL,NULL,'2017-01-19 00:00:00'),(340,355,'Governor Simcoe',NULL,NULL,NULL,NULL,'I',NULL,NULL,NULL,NULL,NULL,'2017-01-19 00:00:00'),(341,356,'Governor Simcoe',NULL,NULL,NULL,NULL,'I',NULL,NULL,NULL,NULL,NULL,'2017-01-19 00:00:00'),(342,357,'Governor Simcoe',NULL,NULL,NULL,NULL,'I',NULL,NULL,NULL,NULL,NULL,'2017-03-24 00:00:00'),(343,358,'Governor Simcoe',NULL,NULL,NULL,NULL,'I',NULL,NULL,NULL,NULL,NULL,'2017-01-19 00:00:00'),(344,359,'Governor Simcoe',NULL,NULL,NULL,NULL,'I',NULL,NULL,NULL,NULL,NULL,'2017-01-19 00:00:00'),(345,360,'Governor Simcoe',NULL,NULL,NULL,NULL,'I',NULL,NULL,NULL,NULL,NULL,'2017-03-24 00:00:00'),(346,361,'Governor Simcoe',NULL,NULL,NULL,NULL,'I',NULL,NULL,NULL,NULL,NULL,'2017-01-19 00:00:00'),(347,362,'Governor Simcoe',NULL,NULL,NULL,NULL,'I',NULL,NULL,NULL,NULL,NULL,'2017-01-19 00:00:00'),(348,363,'Governor Simcoe',NULL,NULL,NULL,NULL,'I',NULL,NULL,NULL,NULL,NULL,'2017-01-19 00:00:00'),(349,364,'Governor Simcoe',NULL,NULL,NULL,NULL,'I',NULL,NULL,NULL,NULL,NULL,'2017-01-19 00:00:00'),(350,365,'Governor Simcoe',NULL,NULL,NULL,NULL,'I',NULL,NULL,NULL,NULL,NULL,'2017-03-24 00:00:00'),(351,366,'Governor Simcoe',NULL,NULL,NULL,NULL,'I',NULL,NULL,NULL,NULL,NULL,'2017-01-19 00:00:00'),(352,367,'Governor Simcoe',NULL,NULL,NULL,NULL,'I',NULL,NULL,NULL,NULL,NULL,'2017-01-19 00:00:00'),(353,368,'Governor Simcoe',NULL,NULL,NULL,NULL,'I',NULL,NULL,NULL,NULL,NULL,'2017-03-24 00:00:00'),(354,369,'Governor Simcoe',NULL,NULL,NULL,NULL,'I',NULL,NULL,NULL,NULL,NULL,'2017-03-24 00:00:00'),(355,370,'Governor Simcoe',NULL,NULL,NULL,NULL,'I',NULL,NULL,NULL,NULL,NULL,'2017-01-19 00:00:00'),(356,371,'Governor Simcoe',NULL,NULL,NULL,NULL,'I',NULL,NULL,NULL,NULL,NULL,'2017-03-24 00:00:00'),(357,372,'Governor Simcoe',NULL,NULL,NULL,NULL,'I',NULL,NULL,NULL,NULL,NULL,'2017-01-19 00:00:00'),(358,373,'Grand River',NULL,NULL,NULL,NULL,'I',NULL,NULL,NULL,NULL,NULL,'2017-01-03 00:00:00'),(359,374,'Grand River',NULL,NULL,NULL,NULL,'I',NULL,NULL,NULL,NULL,NULL,'2017-01-05 00:00:00'),(360,375,'Grand River',NULL,NULL,NULL,NULL,'I',NULL,NULL,NULL,NULL,NULL,'2016-10-27 00:00:00'),(361,376,'Grand River',NULL,NULL,NULL,NULL,'I',NULL,NULL,NULL,NULL,NULL,'2017-03-31 00:00:00'),(362,377,'Grand River',NULL,NULL,NULL,NULL,'I',NULL,NULL,NULL,NULL,NULL,'2016-10-27 00:00:00'),(363,378,'Grand River',NULL,NULL,NULL,NULL,'I',NULL,NULL,NULL,NULL,NULL,'2016-10-27 00:00:00'),(364,379,'Grand River',NULL,NULL,NULL,NULL,'I',NULL,NULL,NULL,NULL,NULL,'2016-10-27 00:00:00'),(365,380,'Grand River',NULL,NULL,NULL,NULL,'I',NULL,NULL,NULL,NULL,NULL,'2016-10-27 00:00:00'),(366,381,'Grand River',NULL,NULL,NULL,NULL,'I',NULL,NULL,NULL,NULL,NULL,'2016-12-06 00:00:00'),(367,382,'Grand River',NULL,NULL,NULL,NULL,'I',NULL,NULL,NULL,NULL,NULL,'2016-12-06 00:00:00'),(368,383,'Grand River',NULL,NULL,NULL,NULL,'I',NULL,NULL,NULL,NULL,NULL,'2016-11-09 00:00:00'),(369,384,'Grand River',NULL,NULL,NULL,NULL,'I',NULL,NULL,NULL,NULL,NULL,'2017-02-23 00:00:00'),(370,385,'Grand River',NULL,NULL,NULL,NULL,'I',NULL,NULL,NULL,NULL,NULL,'2016-11-22 00:00:00'),(371,386,'Grand River',NULL,NULL,NULL,NULL,'I',NULL,NULL,NULL,NULL,NULL,'2016-12-06 00:00:00'),(372,387,'Grand River',NULL,NULL,NULL,NULL,'I',NULL,NULL,NULL,NULL,NULL,'2016-10-27 00:00:00'),(373,388,'Grand River',NULL,NULL,NULL,NULL,'I',NULL,NULL,NULL,NULL,NULL,'2016-10-27 00:00:00'),(374,389,'Grand River',NULL,NULL,NULL,NULL,'I',NULL,NULL,NULL,NULL,NULL,'2017-01-03 00:00:00'),(375,390,'Grand River',NULL,NULL,NULL,NULL,'I',NULL,NULL,NULL,NULL,NULL,'2016-10-27 00:00:00'),(376,391,'Grand River',NULL,NULL,NULL,NULL,'I',NULL,NULL,NULL,NULL,NULL,'2017-01-26 00:00:00'),(377,392,'Grand River',NULL,NULL,NULL,NULL,'I',NULL,NULL,NULL,NULL,NULL,'2016-10-27 00:00:00'),(378,393,'Grand River',NULL,NULL,NULL,NULL,'I',NULL,NULL,NULL,NULL,NULL,'2017-01-03 00:00:00'),(379,394,'Grand River',NULL,NULL,NULL,NULL,'I',NULL,NULL,NULL,NULL,NULL,'2016-12-14 00:00:00'),(380,395,'Grand River',NULL,NULL,NULL,NULL,'I',NULL,NULL,NULL,NULL,NULL,'2016-10-27 00:00:00'),(381,396,'Grand River',NULL,NULL,NULL,NULL,'I',NULL,NULL,NULL,NULL,NULL,'2016-12-06 00:00:00'),(382,397,'Grand River',NULL,NULL,NULL,NULL,'I',NULL,NULL,NULL,NULL,NULL,'2017-03-31 00:00:00'),(383,398,'Grand River',NULL,NULL,NULL,NULL,'I',NULL,NULL,NULL,NULL,NULL,'2016-11-09 00:00:00'),(384,399,'Grand River',NULL,NULL,NULL,NULL,'I',NULL,NULL,NULL,NULL,NULL,'2016-11-09 00:00:00'),(385,400,'Grand River',NULL,NULL,NULL,NULL,'I',NULL,NULL,NULL,NULL,NULL,'2017-01-03 00:00:00'),(386,401,'Grand River',NULL,NULL,NULL,NULL,'I',NULL,NULL,NULL,NULL,NULL,'2016-10-27 00:00:00'),(387,402,'Grand River',NULL,NULL,NULL,NULL,'I',NULL,NULL,NULL,NULL,NULL,'2016-12-14 00:00:00'),(388,403,'Grand River',NULL,NULL,NULL,NULL,'I',NULL,NULL,NULL,NULL,NULL,'2017-01-03 00:00:00'),(389,404,'Grand River',NULL,NULL,NULL,NULL,'I',NULL,NULL,NULL,NULL,NULL,'2017-01-26 00:00:00'),(390,405,'Grand River',NULL,NULL,NULL,NULL,'I',NULL,NULL,NULL,NULL,NULL,'2016-12-06 00:00:00'),(391,406,'Grand River',NULL,NULL,NULL,NULL,'I',NULL,NULL,NULL,NULL,NULL,'2017-02-23 00:00:00'),(392,407,'Grand River',NULL,NULL,NULL,NULL,'I',NULL,NULL,NULL,NULL,NULL,'2017-01-03 00:00:00'),(393,408,'Grand River',NULL,NULL,NULL,NULL,'I',NULL,NULL,NULL,NULL,NULL,'2017-03-31 00:00:00'),(394,409,'Grand River',NULL,NULL,NULL,NULL,'I',NULL,NULL,NULL,NULL,NULL,'2017-03-31 00:00:00'),(395,410,'Grand River',NULL,NULL,NULL,NULL,'I',NULL,NULL,NULL,NULL,NULL,'2017-01-26 00:00:00'),(396,411,'Grand River',NULL,NULL,NULL,NULL,'I',NULL,NULL,NULL,NULL,NULL,'2016-12-06 00:00:00'),(397,412,'Grand River',NULL,NULL,NULL,NULL,'I',NULL,NULL,NULL,NULL,NULL,'2016-11-09 00:00:00'),(398,413,'Grand River',NULL,NULL,NULL,NULL,'I',NULL,NULL,NULL,NULL,NULL,'2017-03-31 00:00:00'),(399,414,'Grand River',NULL,NULL,NULL,NULL,'I',NULL,NULL,NULL,NULL,NULL,'2017-01-05 00:00:00'),(400,415,'Grand River',NULL,NULL,NULL,NULL,'I',NULL,NULL,NULL,NULL,NULL,'2016-12-06 00:00:00'),(401,416,'Grand River',NULL,NULL,NULL,NULL,'I',NULL,NULL,NULL,NULL,NULL,'2016-12-06 00:00:00'),(402,417,'Grand River',NULL,NULL,NULL,NULL,'I',NULL,NULL,NULL,NULL,NULL,'2016-12-14 00:00:00'),(403,418,'Grand River',NULL,NULL,NULL,NULL,'I',NULL,NULL,NULL,NULL,NULL,'2016-12-06 00:00:00'),(404,419,'Grand River',NULL,NULL,NULL,NULL,'I',NULL,NULL,NULL,NULL,NULL,'2017-01-05 00:00:00'),(405,420,'Grand River',NULL,NULL,NULL,NULL,'I',NULL,NULL,NULL,NULL,NULL,'2017-01-03 00:00:00'),(406,421,'Grand River',NULL,NULL,NULL,NULL,'I',NULL,NULL,NULL,NULL,NULL,'2016-12-06 00:00:00'),(407,422,'Grand River',NULL,NULL,NULL,NULL,'I',NULL,NULL,NULL,NULL,NULL,'2017-07-20 00:00:00'),(408,423,'Grand River',NULL,NULL,NULL,NULL,'I',NULL,NULL,NULL,NULL,NULL,'2016-10-27 00:00:00'),(409,424,'Grand River',NULL,NULL,NULL,NULL,'I',NULL,NULL,NULL,NULL,NULL,'2017-01-26 00:00:00'),(410,425,'Grand River',NULL,NULL,NULL,NULL,'I',NULL,NULL,NULL,NULL,NULL,'2016-12-06 00:00:00'),(411,426,'Grand River',NULL,NULL,NULL,NULL,'I',NULL,NULL,NULL,NULL,NULL,'2016-11-09 00:00:00'),(412,427,'Grand River',NULL,NULL,NULL,NULL,'I',NULL,NULL,NULL,NULL,NULL,'2017-01-26 00:00:00'),(413,428,'Grand River',NULL,NULL,NULL,NULL,'I',NULL,NULL,NULL,NULL,NULL,'2016-10-27 00:00:00'),(414,429,'Grand River',NULL,NULL,NULL,NULL,'I',NULL,NULL,NULL,NULL,NULL,'2016-12-14 00:00:00'),(415,430,'Grand River',NULL,NULL,NULL,NULL,'I',NULL,NULL,NULL,NULL,NULL,'2016-11-22 00:00:00'),(416,431,'Grand River',NULL,NULL,NULL,NULL,'I',NULL,NULL,NULL,NULL,NULL,'2016-10-27 00:00:00'),(417,432,'Grand River',NULL,NULL,NULL,NULL,'I',NULL,NULL,NULL,NULL,NULL,'2017-01-05 00:00:00'),(418,433,'Grand River',NULL,NULL,NULL,NULL,'I',NULL,NULL,NULL,NULL,NULL,'2016-11-09 00:00:00'),(419,434,'Grand River',NULL,NULL,NULL,NULL,'I',NULL,NULL,NULL,NULL,NULL,'2016-11-22 00:00:00'),(420,435,'Grand River',NULL,NULL,NULL,NULL,'I',NULL,NULL,NULL,NULL,NULL,'2017-01-18 00:00:00'),(421,436,'Grand River',NULL,NULL,NULL,NULL,'I',NULL,NULL,NULL,NULL,NULL,'2016-10-27 00:00:00'),(422,437,'Grand River',NULL,NULL,NULL,NULL,'I',NULL,NULL,NULL,NULL,NULL,'2017-01-03 00:00:00'),(423,438,'Grand River',NULL,NULL,NULL,NULL,'I',NULL,NULL,NULL,NULL,NULL,'2016-12-14 00:00:00'),(424,439,'Grand River',NULL,NULL,NULL,NULL,'I',NULL,NULL,NULL,NULL,NULL,'2017-04-04 00:00:00'),(425,440,'Grand River',NULL,NULL,NULL,NULL,'I',NULL,NULL,NULL,NULL,NULL,'2016-11-09 00:00:00'),(426,441,'Grand River',NULL,NULL,NULL,NULL,'I',NULL,NULL,NULL,NULL,NULL,'2017-01-03 00:00:00'),(427,442,'Grand River',NULL,NULL,NULL,NULL,'I',NULL,NULL,NULL,NULL,NULL,'2017-02-23 00:00:00'),(428,443,'Grand River',NULL,NULL,NULL,NULL,'I',NULL,NULL,NULL,NULL,NULL,'2016-12-14 00:00:00'),(429,444,'Grand River',NULL,NULL,NULL,NULL,'I',NULL,NULL,NULL,NULL,NULL,'2016-10-27 00:00:00'),(430,445,'Grand River',NULL,NULL,NULL,NULL,'I',NULL,NULL,NULL,NULL,NULL,'2017-01-05 00:00:00'),(431,446,'Grand River',NULL,NULL,NULL,NULL,'I',NULL,NULL,NULL,NULL,NULL,'2017-06-12 00:00:00'),(432,447,'Grand River',NULL,NULL,NULL,NULL,'I',NULL,NULL,NULL,NULL,NULL,'2016-10-27 00:00:00'),(433,448,'Kawartha',NULL,NULL,NULL,NULL,'I',NULL,NULL,NULL,NULL,NULL,'2017-01-31 00:00:00'),(434,449,'Kawartha',NULL,NULL,NULL,NULL,'I',NULL,NULL,NULL,NULL,NULL,'2017-01-31 00:00:00'),(435,450,'Kawartha',NULL,NULL,NULL,NULL,'I',NULL,NULL,NULL,NULL,NULL,'2017-03-16 00:00:00'),(436,451,'Kawartha',NULL,NULL,NULL,NULL,'I',NULL,NULL,NULL,NULL,NULL,'2017-01-31 00:00:00'),(437,452,'Kawartha',NULL,NULL,NULL,NULL,'I',NULL,NULL,NULL,NULL,NULL,'2017-01-31 00:00:00'),(438,453,'Kawartha',NULL,NULL,NULL,NULL,'I',NULL,NULL,NULL,NULL,NULL,'2017-03-16 00:00:00'),(439,454,'Kawartha',NULL,NULL,NULL,NULL,'I',NULL,NULL,NULL,NULL,NULL,'2017-01-31 00:00:00'),(440,455,'Kawartha',NULL,NULL,NULL,NULL,'I',NULL,NULL,NULL,NULL,NULL,'2017-01-31 00:00:00'),(441,456,'Kawartha',NULL,NULL,NULL,NULL,'I',NULL,NULL,NULL,NULL,NULL,'2017-01-31 00:00:00'),(442,457,'Kawartha',NULL,NULL,NULL,NULL,'I',NULL,NULL,NULL,NULL,NULL,'2017-05-26 00:00:00'),(443,458,'Kawartha',NULL,NULL,NULL,NULL,'I',NULL,NULL,NULL,NULL,NULL,'2017-03-16 00:00:00'),(444,459,'Kawartha',NULL,NULL,NULL,NULL,'I',NULL,NULL,NULL,NULL,NULL,'2017-03-16 00:00:00'),(445,460,'Kawartha',NULL,NULL,NULL,NULL,'I',NULL,NULL,NULL,NULL,NULL,'2017-03-16 00:00:00'),(446,461,'Kawartha',NULL,NULL,NULL,NULL,'I',NULL,NULL,NULL,NULL,NULL,'2017-01-31 00:00:00'),(447,462,'Kawartha',NULL,NULL,NULL,NULL,'I',NULL,NULL,NULL,NULL,NULL,'2017-05-26 00:00:00'),(448,463,'Kawartha',NULL,NULL,NULL,NULL,'I',NULL,NULL,NULL,NULL,NULL,'2017-01-31 00:00:00'),(449,464,'Kawartha',NULL,NULL,NULL,NULL,'I',NULL,NULL,NULL,NULL,NULL,'2017-03-16 00:00:00'),(450,465,'Kawartha',NULL,NULL,NULL,NULL,'I',NULL,NULL,NULL,NULL,NULL,'2017-01-31 00:00:00'),(451,466,'Kawartha',NULL,NULL,NULL,NULL,'I',NULL,NULL,NULL,NULL,NULL,'2017-03-16 00:00:00'),(452,467,'Kawartha',NULL,NULL,NULL,NULL,'I',NULL,NULL,NULL,NULL,NULL,'2017-01-31 00:00:00'),(453,468,'Kawartha',NULL,NULL,NULL,NULL,'I',NULL,NULL,NULL,NULL,NULL,'2017-01-31 00:00:00'),(454,469,'Kawartha',NULL,NULL,NULL,NULL,'I',NULL,NULL,NULL,NULL,NULL,'2017-03-16 00:00:00'),(455,470,'Kawartha',NULL,NULL,NULL,NULL,'I',NULL,NULL,NULL,NULL,NULL,'2017-05-26 00:00:00'),(456,471,'Kingston & District',NULL,NULL,NULL,NULL,'I',NULL,NULL,NULL,NULL,NULL,'2017-01-17 00:00:00'),(457,472,'Kingston & District',NULL,NULL,NULL,NULL,'I',NULL,NULL,NULL,NULL,NULL,'2017-03-16 00:00:00'),(458,473,'Kingston & District',NULL,NULL,NULL,NULL,'I',NULL,NULL,NULL,NULL,NULL,'2017-02-13 00:00:00'),(459,474,'Kingston & District',NULL,NULL,NULL,NULL,'I',NULL,NULL,NULL,NULL,NULL,'2017-03-16 00:00:00'),(460,475,'Kingston & District',NULL,NULL,NULL,NULL,'I',NULL,NULL,NULL,NULL,NULL,'2017-01-17 00:00:00'),(461,476,'Kingston & District',NULL,NULL,NULL,NULL,'I',NULL,NULL,NULL,NULL,NULL,'2017-01-17 00:00:00'),(462,477,'Kingston & District',NULL,NULL,NULL,NULL,'I',NULL,NULL,NULL,NULL,NULL,'2017-05-31 00:00:00'),(463,478,'Kingston & District',NULL,NULL,NULL,NULL,'I',NULL,NULL,NULL,NULL,NULL,'2017-01-17 00:00:00'),(464,479,'Kingston & District',NULL,NULL,NULL,NULL,'I',NULL,NULL,NULL,NULL,NULL,'2017-03-16 00:00:00'),(465,480,'Kingston & District',NULL,NULL,NULL,NULL,'I',NULL,NULL,NULL,NULL,NULL,'2017-05-31 00:00:00'),(466,481,'Kingston & District',NULL,NULL,NULL,NULL,'I',NULL,NULL,NULL,NULL,NULL,'2017-01-17 00:00:00'),(467,482,'Kingston & District',NULL,NULL,NULL,NULL,'I',NULL,NULL,NULL,NULL,NULL,'2017-01-17 00:00:00'),(468,483,'Kingston & District',NULL,NULL,NULL,NULL,'I',NULL,NULL,NULL,NULL,NULL,'2017-02-13 00:00:00'),(469,484,'Kingston & District',NULL,NULL,NULL,NULL,'I',NULL,NULL,NULL,NULL,NULL,'2017-01-17 00:00:00'),(470,485,'Kingston & District',NULL,NULL,NULL,NULL,'I',NULL,NULL,NULL,NULL,NULL,'2017-01-17 00:00:00'),(471,486,'Kingston & District',NULL,NULL,NULL,NULL,'I',NULL,NULL,NULL,NULL,NULL,'2017-01-17 00:00:00'),(472,487,'Kingston & District',NULL,NULL,NULL,NULL,'I',NULL,NULL,NULL,NULL,NULL,'2017-05-31 00:00:00'),(473,488,'Kingston & District',NULL,NULL,NULL,NULL,'I',NULL,NULL,NULL,NULL,NULL,'2017-03-16 00:00:00'),(474,489,'Kingston & District',NULL,NULL,NULL,NULL,'I',NULL,NULL,NULL,NULL,NULL,'2017-09-13 00:00:00'),(475,490,'Kingston & District',NULL,NULL,NULL,NULL,'I',NULL,NULL,NULL,NULL,NULL,'2017-01-17 00:00:00'),(476,491,'Kingston & District',NULL,NULL,NULL,NULL,'I',NULL,NULL,NULL,NULL,NULL,'2017-01-17 00:00:00'),(477,492,'Kingston & District',NULL,NULL,NULL,NULL,'I',NULL,NULL,NULL,NULL,NULL,'2017-03-16 00:00:00'),(478,493,'Kingston & District',NULL,NULL,NULL,NULL,'I',NULL,NULL,NULL,NULL,NULL,'2017-05-31 00:00:00'),(479,494,'Kingston & District',NULL,NULL,NULL,NULL,'I',NULL,NULL,NULL,NULL,NULL,'2017-03-16 00:00:00'),(480,495,'Kingston & District',NULL,NULL,NULL,NULL,'I',NULL,NULL,NULL,NULL,NULL,'2017-01-17 00:00:00'),(481,496,'Kingston & District',NULL,NULL,NULL,NULL,'I',NULL,NULL,NULL,NULL,NULL,'2017-01-17 00:00:00'),(482,497,'Kingston & District',NULL,NULL,NULL,NULL,'I',NULL,NULL,NULL,NULL,NULL,'2017-01-17 00:00:00'),(483,498,'Kingston & District',NULL,NULL,NULL,NULL,'I',NULL,NULL,NULL,NULL,NULL,'2017-01-17 00:00:00'),(484,499,'Kingston & District',NULL,NULL,NULL,NULL,'I',NULL,NULL,NULL,NULL,NULL,'2017-01-17 00:00:00'),(485,500,'Kingston & District',NULL,NULL,NULL,NULL,'I',NULL,NULL,NULL,NULL,NULL,'2017-01-17 00:00:00'),(486,501,'Kingston & District',NULL,NULL,NULL,NULL,'I',NULL,NULL,NULL,NULL,NULL,'2017-03-16 00:00:00'),(487,502,'Kingston & District',NULL,NULL,NULL,NULL,'I',NULL,NULL,NULL,NULL,NULL,'2017-02-13 00:00:00'),(488,503,'Kingston & District',NULL,NULL,NULL,NULL,'I',NULL,NULL,NULL,NULL,NULL,'2017-03-16 00:00:00'),(489,504,'Kingston & District',NULL,NULL,NULL,NULL,'I',NULL,NULL,NULL,NULL,NULL,'2017-03-16 00:00:00'),(490,505,'Kingston & District',NULL,NULL,NULL,NULL,'I',NULL,NULL,NULL,NULL,NULL,'2017-01-17 00:00:00'),(491,506,'Kingston & District',NULL,NULL,NULL,NULL,'I',NULL,NULL,NULL,NULL,NULL,'2017-02-13 00:00:00'),(492,507,'Kingston & District',NULL,NULL,NULL,NULL,'I',NULL,NULL,NULL,NULL,NULL,'2017-02-13 00:00:00'),(493,508,'Kingston & District',NULL,NULL,NULL,NULL,'I',NULL,NULL,NULL,NULL,NULL,'2017-05-31 00:00:00'),(494,509,'Kingston & District',NULL,NULL,NULL,NULL,'I',NULL,NULL,NULL,NULL,NULL,'2017-03-16 00:00:00'),(495,510,'Kingston & District',NULL,NULL,NULL,NULL,'I',NULL,NULL,NULL,NULL,NULL,'2017-07-31 00:00:00'),(496,511,'Kingston & District',NULL,NULL,NULL,NULL,'I',NULL,NULL,NULL,NULL,NULL,'2017-01-17 00:00:00'),(497,512,'Kingston & District',NULL,NULL,NULL,NULL,'I',NULL,NULL,NULL,NULL,NULL,'2017-03-16 00:00:00'),(498,513,'Kingston & District',NULL,NULL,NULL,NULL,'I',NULL,NULL,NULL,NULL,NULL,'2017-02-13 00:00:00'),(499,514,'Kingston & District',NULL,NULL,NULL,NULL,'I',NULL,NULL,NULL,NULL,NULL,'2017-01-17 00:00:00'),(500,515,'Kingston & District',NULL,NULL,NULL,NULL,'I',NULL,NULL,NULL,NULL,NULL,'2017-01-17 00:00:00'),(501,516,'Kingston & District',NULL,NULL,NULL,NULL,'I',NULL,NULL,NULL,NULL,NULL,'2017-01-17 00:00:00'),(502,517,'Kingston & District',NULL,NULL,NULL,NULL,'I',NULL,NULL,NULL,NULL,NULL,'2017-03-16 00:00:00'),(503,518,'Kingston & District',NULL,NULL,NULL,NULL,'I',NULL,NULL,NULL,NULL,NULL,'2017-05-31 00:00:00'),(504,519,'Kingston & District',NULL,NULL,NULL,NULL,'I',NULL,NULL,NULL,NULL,NULL,'2017-03-16 00:00:00'),(505,520,'Kingston & District',NULL,NULL,NULL,NULL,'I',NULL,NULL,NULL,NULL,NULL,'2017-03-16 00:00:00'),(506,521,'Kingston & District',NULL,NULL,NULL,NULL,'I',NULL,NULL,NULL,NULL,NULL,'2017-01-17 00:00:00'),(507,522,'Kingston & District',NULL,NULL,NULL,NULL,'I',NULL,NULL,NULL,NULL,NULL,'2017-02-13 00:00:00'),(508,523,'Kingston & District',NULL,NULL,NULL,NULL,'I',NULL,NULL,NULL,NULL,NULL,'2017-03-16 00:00:00'),(509,524,'Kingston & District',NULL,NULL,NULL,NULL,'I',NULL,NULL,NULL,NULL,NULL,'2017-05-31 00:00:00'),(510,525,'Kingston & District',NULL,NULL,NULL,NULL,'I',NULL,NULL,NULL,NULL,NULL,'2017-03-16 00:00:00'),(511,526,'Kingston & District',NULL,NULL,NULL,NULL,'I',NULL,NULL,NULL,NULL,NULL,'2017-05-31 00:00:00'),(512,527,'Kingston & District',NULL,NULL,NULL,NULL,'I',NULL,NULL,NULL,NULL,NULL,'2017-01-17 00:00:00'),(513,528,'Kingston & District',NULL,NULL,NULL,NULL,'I',NULL,NULL,NULL,NULL,NULL,'2017-05-31 00:00:00'),(514,529,'Little Forks',NULL,NULL,NULL,NULL,'I',NULL,NULL,NULL,NULL,NULL,'2017-02-09 00:00:00'),(515,530,'Little Forks',NULL,NULL,NULL,NULL,'I',NULL,NULL,NULL,NULL,NULL,'2017-02-09 00:00:00'),(516,531,'Little Forks',NULL,NULL,NULL,NULL,'I',NULL,NULL,NULL,NULL,NULL,'2017-02-09 00:00:00'),(517,532,'Little Forks',NULL,NULL,NULL,NULL,'I',NULL,NULL,NULL,NULL,NULL,'2017-02-09 00:00:00'),(518,533,'Little Forks',NULL,NULL,NULL,NULL,'I',NULL,NULL,NULL,NULL,NULL,'2017-02-09 00:00:00'),(519,534,'Little Forks',NULL,NULL,NULL,NULL,'I',NULL,NULL,NULL,NULL,NULL,'2017-02-09 00:00:00'),(520,535,'Little Forks',NULL,NULL,NULL,NULL,'I',NULL,NULL,NULL,NULL,NULL,'2017-02-09 00:00:00'),(521,536,'Little Forks',NULL,NULL,NULL,NULL,'I',NULL,NULL,NULL,NULL,NULL,'2017-02-09 00:00:00'),(522,537,'Little Forks',NULL,NULL,NULL,NULL,'I',NULL,NULL,NULL,NULL,NULL,'2017-02-09 00:00:00'),(523,538,'Little Forks',NULL,NULL,NULL,NULL,'I',NULL,NULL,NULL,NULL,NULL,'2017-02-09 00:00:00'),(524,539,'Little Forks',NULL,NULL,NULL,NULL,'I',NULL,NULL,NULL,NULL,NULL,'2017-02-09 00:00:00'),(525,540,'Little Forks',NULL,NULL,NULL,NULL,'I',NULL,NULL,NULL,NULL,NULL,'2017-02-09 00:00:00'),(526,541,'Little Forks',NULL,NULL,NULL,NULL,'I',NULL,NULL,NULL,NULL,NULL,'2017-02-09 00:00:00'),(527,542,'Little Forks',NULL,NULL,NULL,NULL,'I',NULL,NULL,NULL,NULL,NULL,'2017-02-09 00:00:00'),(528,543,'Little Forks',NULL,NULL,NULL,NULL,'I',NULL,NULL,NULL,NULL,NULL,'2017-02-09 00:00:00'),(529,544,'Little Forks',NULL,NULL,NULL,NULL,'I',NULL,NULL,NULL,NULL,NULL,'2017-02-09 00:00:00'),(530,545,'Little Forks',NULL,NULL,NULL,NULL,'I',NULL,NULL,NULL,NULL,NULL,'2017-02-09 00:00:00'),(531,546,'Little Forks',NULL,NULL,NULL,NULL,'I',NULL,NULL,NULL,NULL,NULL,'2017-02-09 00:00:00'),(532,547,'Little Forks',NULL,NULL,NULL,NULL,'I',NULL,NULL,NULL,NULL,NULL,'2017-02-09 00:00:00'),(533,548,'Little Forks',NULL,NULL,NULL,NULL,'I',NULL,NULL,NULL,NULL,NULL,'2017-02-09 00:00:00'),(534,549,'Little Forks',NULL,NULL,NULL,NULL,'I',NULL,NULL,NULL,NULL,NULL,'2017-02-09 00:00:00'),(535,550,'Little Forks',NULL,NULL,NULL,NULL,'I',NULL,NULL,NULL,NULL,NULL,'2017-02-09 00:00:00'),(536,551,'Little Forks',NULL,NULL,NULL,NULL,'I',NULL,NULL,NULL,NULL,NULL,'2017-02-09 00:00:00'),(537,552,'Little Forks',NULL,NULL,NULL,NULL,'I',NULL,NULL,NULL,NULL,NULL,'2017-02-09 00:00:00'),(538,553,'London & W Ontario',NULL,NULL,NULL,NULL,'I',NULL,NULL,NULL,NULL,NULL,'2017-02-23 00:00:00'),(539,554,'London & W Ontario',NULL,NULL,NULL,NULL,'I',NULL,NULL,NULL,NULL,NULL,'2017-01-19 00:00:00'),(540,555,'London & W Ontario',NULL,NULL,NULL,NULL,'I',NULL,NULL,NULL,NULL,NULL,'2017-04-18 00:00:00'),(541,556,'London & W Ontario',NULL,NULL,NULL,NULL,'I',NULL,NULL,NULL,NULL,NULL,'2017-01-19 00:00:00'),(542,557,'London & W Ontario',NULL,NULL,NULL,NULL,'I',NULL,NULL,NULL,NULL,NULL,'2017-01-19 00:00:00'),(543,558,'London & W Ontario',NULL,NULL,NULL,NULL,'I',NULL,NULL,NULL,NULL,NULL,'2017-01-19 00:00:00'),(544,559,'London & W Ontario',NULL,NULL,NULL,NULL,'I',NULL,NULL,NULL,NULL,NULL,'2017-01-19 00:00:00'),(545,560,'London & W Ontario',NULL,NULL,NULL,NULL,'I',NULL,NULL,NULL,NULL,NULL,'2017-01-19 00:00:00'),(546,561,'London & W Ontario',NULL,NULL,NULL,NULL,'I',NULL,NULL,NULL,NULL,NULL,'2017-01-19 00:00:00'),(547,562,'London & W Ontario',NULL,NULL,NULL,NULL,'I',NULL,NULL,NULL,NULL,NULL,'2017-02-23 00:00:00'),(548,563,'London & W Ontario',NULL,NULL,NULL,NULL,'I',NULL,NULL,NULL,NULL,NULL,'2017-01-19 00:00:00'),(549,564,'London & W Ontario',NULL,NULL,NULL,NULL,'I',NULL,NULL,NULL,NULL,NULL,'2017-01-19 00:00:00'),(550,565,'London & W Ontario',NULL,NULL,NULL,NULL,'I',NULL,NULL,NULL,NULL,NULL,'2017-02-23 00:00:00'),(551,566,'London & W Ontario',NULL,NULL,NULL,NULL,'I',NULL,NULL,NULL,NULL,NULL,'2017-04-18 00:00:00'),(552,567,'London & W Ontario',NULL,NULL,NULL,NULL,'I',NULL,NULL,NULL,NULL,NULL,'2017-04-18 00:00:00'),(553,568,'London & W Ontario',NULL,NULL,NULL,NULL,'I',NULL,NULL,NULL,NULL,NULL,'2017-01-19 00:00:00'),(554,569,'London & W Ontario',NULL,NULL,NULL,NULL,'I',NULL,NULL,NULL,NULL,NULL,'2017-02-23 00:00:00'),(555,570,'London & W Ontario',NULL,NULL,NULL,NULL,'I',NULL,NULL,NULL,NULL,NULL,'2017-01-19 00:00:00'),(556,571,'London & W Ontario',NULL,NULL,NULL,NULL,'I',NULL,NULL,NULL,NULL,NULL,'2017-04-18 00:00:00'),(557,572,'London & W Ontario',NULL,NULL,NULL,NULL,'I',NULL,NULL,NULL,NULL,NULL,'2017-01-19 00:00:00'),(558,573,'London & W Ontario',NULL,NULL,NULL,NULL,'I',NULL,NULL,NULL,NULL,NULL,'2017-01-19 00:00:00'),(559,574,'London & W Ontario',NULL,NULL,NULL,NULL,'I',NULL,NULL,NULL,NULL,NULL,'2017-04-18 00:00:00'),(560,575,'London & W Ontario',NULL,NULL,NULL,NULL,'I',NULL,NULL,NULL,NULL,NULL,'2017-02-23 00:00:00'),(561,576,'Manitoba',NULL,NULL,NULL,NULL,'I',NULL,NULL,NULL,NULL,NULL,'2017-01-10 00:00:00'),(562,577,'Manitoba',NULL,NULL,NULL,NULL,'I',NULL,NULL,NULL,NULL,NULL,'2017-02-13 00:00:00'),(563,578,'Manitoba',NULL,NULL,NULL,NULL,'I',NULL,NULL,NULL,NULL,NULL,'2017-01-10 00:00:00'),(564,579,'Manitoba',NULL,NULL,NULL,NULL,'I',NULL,NULL,NULL,NULL,NULL,'2017-04-27 00:00:00'),(565,580,'Manitoba',NULL,NULL,NULL,NULL,'I',NULL,NULL,NULL,NULL,NULL,'2017-01-10 00:00:00'),(566,581,'Manitoba',NULL,NULL,NULL,NULL,'I',NULL,NULL,NULL,NULL,NULL,'2017-01-10 00:00:00'),(567,582,'Manitoba',NULL,NULL,NULL,NULL,'I',NULL,NULL,NULL,NULL,NULL,'2017-01-10 00:00:00'),(568,583,'Manitoba',NULL,NULL,NULL,NULL,'I',NULL,NULL,NULL,NULL,NULL,'2017-01-10 00:00:00'),(569,584,'Manitoba',NULL,NULL,NULL,NULL,'I',NULL,NULL,NULL,NULL,NULL,'2017-01-10 00:00:00'),(570,585,'Manitoba',NULL,NULL,NULL,NULL,'I',NULL,NULL,NULL,NULL,NULL,'2017-01-10 00:00:00'),(571,586,'Manitoba',NULL,NULL,NULL,NULL,'I',NULL,NULL,NULL,NULL,NULL,'2017-01-10 00:00:00'),(572,587,'Manitoba',NULL,NULL,NULL,NULL,'I',NULL,NULL,NULL,NULL,NULL,'2017-01-10 00:00:00'),(573,588,'Manitoba',NULL,NULL,NULL,NULL,'I',NULL,NULL,NULL,NULL,NULL,'2017-01-10 00:00:00'),(574,589,'Manitoba',NULL,NULL,NULL,NULL,'I',NULL,NULL,NULL,NULL,NULL,'2017-01-10 00:00:00'),(575,590,'Manitoba',NULL,NULL,NULL,NULL,'I',NULL,NULL,NULL,NULL,NULL,'2017-01-10 00:00:00'),(576,591,'Manitoba',NULL,NULL,NULL,NULL,'I',NULL,NULL,NULL,NULL,NULL,'2017-01-10 00:00:00'),(577,592,'Manitoba',NULL,NULL,NULL,NULL,'I',NULL,NULL,NULL,NULL,NULL,'2017-01-10 00:00:00'),(578,593,'Manitoba',NULL,NULL,NULL,NULL,'I',NULL,NULL,NULL,NULL,NULL,'2017-01-10 00:00:00'),(579,594,'Manitoba',NULL,NULL,NULL,NULL,'I',NULL,NULL,NULL,NULL,NULL,'2017-02-13 00:00:00'),(580,595,'Manitoba',NULL,NULL,NULL,NULL,'I',NULL,NULL,NULL,NULL,NULL,'2017-01-10 00:00:00'),(581,596,'New Brunswick',NULL,NULL,NULL,NULL,'I',NULL,NULL,NULL,NULL,NULL,'2017-05-11 00:00:00'),(582,597,'New Brunswick',NULL,NULL,NULL,NULL,'I',NULL,NULL,NULL,NULL,NULL,'2017-05-15 00:00:00'),(583,598,'New Brunswick',NULL,NULL,NULL,NULL,'I',NULL,NULL,NULL,NULL,NULL,'2017-03-28 00:00:00'),(584,599,'New Brunswick',NULL,NULL,NULL,NULL,'I',NULL,NULL,NULL,NULL,NULL,'2017-04-11 00:00:00'),(585,600,'New Brunswick',NULL,NULL,NULL,NULL,'I',NULL,NULL,NULL,NULL,NULL,'2017-03-28 00:00:00'),(586,601,'New Brunswick',NULL,NULL,NULL,NULL,'I',NULL,NULL,NULL,NULL,NULL,'2017-03-28 00:00:00'),(587,602,'New Brunswick',NULL,NULL,NULL,NULL,'I',NULL,NULL,NULL,NULL,NULL,'2017-08-15 00:00:00'),(588,603,'New Brunswick',NULL,NULL,NULL,NULL,'I',NULL,NULL,NULL,NULL,NULL,'2017-04-11 00:00:00'),(589,604,'New Brunswick',NULL,NULL,NULL,NULL,'I',NULL,NULL,NULL,NULL,NULL,'2017-03-28 00:00:00'),(590,605,'New Brunswick',NULL,NULL,NULL,NULL,'I',NULL,NULL,NULL,NULL,NULL,'2017-03-28 00:00:00'),(591,606,'New Brunswick',NULL,NULL,NULL,NULL,'I',NULL,NULL,NULL,NULL,NULL,'2017-03-28 00:00:00'),(592,607,'New Brunswick',NULL,NULL,NULL,NULL,'I',NULL,NULL,NULL,NULL,NULL,'2017-03-28 00:00:00'),(593,608,'New Brunswick',NULL,NULL,NULL,NULL,'I',NULL,NULL,NULL,NULL,NULL,'2017-03-28 00:00:00'),(594,609,'New Brunswick',NULL,NULL,NULL,NULL,'I',NULL,NULL,NULL,NULL,NULL,'2017-03-28 00:00:00'),(595,610,'New Brunswick',NULL,NULL,NULL,NULL,'I',NULL,NULL,NULL,NULL,NULL,'2017-03-28 00:00:00'),(596,611,'New Brunswick',NULL,NULL,NULL,NULL,'I',NULL,NULL,NULL,NULL,NULL,'2017-03-28 00:00:00'),(597,612,'New Brunswick',NULL,NULL,NULL,NULL,'I',NULL,NULL,NULL,NULL,NULL,'2017-03-28 00:00:00'),(598,613,'New Brunswick',NULL,NULL,NULL,NULL,'I',NULL,NULL,NULL,NULL,NULL,'2017-03-28 00:00:00'),(599,614,'New Brunswick',NULL,NULL,NULL,NULL,'I',NULL,NULL,NULL,NULL,NULL,'2017-03-28 00:00:00'),(600,615,'New Brunswick',NULL,NULL,NULL,NULL,'I',NULL,NULL,NULL,NULL,NULL,'2017-04-11 00:00:00'),(601,616,'New Brunswick',NULL,NULL,NULL,NULL,'I',NULL,NULL,NULL,NULL,NULL,'2017-04-25 00:00:00'),(602,617,'New Brunswick',NULL,NULL,NULL,NULL,'I',NULL,NULL,NULL,NULL,NULL,'2017-04-11 00:00:00'),(603,618,'New Brunswick',NULL,NULL,NULL,NULL,'I',NULL,NULL,NULL,NULL,NULL,'2017-03-28 00:00:00'),(604,619,'New Brunswick',NULL,NULL,NULL,NULL,'I',NULL,NULL,NULL,NULL,NULL,'2017-06-06 00:00:00'),(605,620,'New Brunswick',NULL,NULL,NULL,NULL,'I',NULL,NULL,NULL,NULL,NULL,'2017-05-11 00:00:00'),(606,621,'New Brunswick',NULL,NULL,NULL,NULL,'I',NULL,NULL,NULL,NULL,NULL,'2017-03-28 00:00:00'),(607,622,'New Brunswick',NULL,NULL,NULL,NULL,'I',NULL,NULL,NULL,NULL,NULL,'2017-04-11 00:00:00'),(608,623,'New Brunswick',NULL,NULL,NULL,NULL,'I',NULL,NULL,NULL,NULL,NULL,'2017-03-28 00:00:00'),(609,624,'New Brunswick',NULL,NULL,NULL,NULL,'I',NULL,NULL,NULL,NULL,NULL,'2017-05-11 00:00:00'),(610,625,'New Brunswick',NULL,NULL,NULL,NULL,'I',NULL,NULL,NULL,NULL,NULL,'2017-03-28 00:00:00'),(611,626,'New Brunswick',NULL,NULL,NULL,NULL,'I',NULL,NULL,NULL,NULL,NULL,'2017-03-28 00:00:00'),(612,627,'New Brunswick',NULL,NULL,NULL,NULL,'I',NULL,NULL,NULL,NULL,NULL,'2017-03-28 00:00:00'),(613,628,'New Brunswick',NULL,NULL,NULL,NULL,'I',NULL,NULL,NULL,NULL,NULL,'2017-08-15 00:00:00'),(614,629,'New Brunswick',NULL,NULL,NULL,NULL,'I',NULL,NULL,NULL,NULL,NULL,'2017-03-28 00:00:00'),(615,630,'New Brunswick',NULL,NULL,NULL,NULL,'I',NULL,NULL,NULL,NULL,NULL,'2017-06-23 00:00:00'),(616,631,'New Brunswick',NULL,NULL,NULL,NULL,'I',NULL,NULL,NULL,NULL,NULL,'2017-04-11 00:00:00'),(617,632,'New Brunswick',NULL,NULL,NULL,NULL,'I',NULL,NULL,NULL,NULL,NULL,'2017-03-28 00:00:00'),(618,633,'New Brunswick',NULL,NULL,NULL,NULL,'I',NULL,NULL,NULL,NULL,NULL,'2017-03-28 00:00:00'),(619,634,'New Brunswick',NULL,NULL,NULL,NULL,'I',NULL,NULL,NULL,NULL,NULL,'2017-03-28 00:00:00'),(620,635,'New Brunswick',NULL,NULL,NULL,NULL,'I',NULL,NULL,NULL,NULL,NULL,'2017-03-28 00:00:00'),(621,636,'New Brunswick',NULL,NULL,NULL,NULL,'I',NULL,NULL,NULL,NULL,NULL,'2017-03-28 00:00:00'),(622,637,'New Brunswick',NULL,NULL,NULL,NULL,'I',NULL,NULL,NULL,NULL,NULL,'2017-03-28 00:00:00'),(623,638,'New Brunswick',NULL,NULL,NULL,NULL,'I',NULL,NULL,NULL,NULL,NULL,'2017-06-23 00:00:00'),(624,639,'New Brunswick',NULL,NULL,NULL,NULL,'I',NULL,NULL,NULL,NULL,NULL,'2017-05-15 00:00:00'),(625,640,'New Brunswick',NULL,NULL,NULL,NULL,'I',NULL,NULL,NULL,NULL,NULL,'2017-05-11 00:00:00'),(626,641,'New Brunswick',NULL,NULL,NULL,NULL,'I',NULL,NULL,NULL,NULL,NULL,'2017-03-28 00:00:00'),(627,642,'New Brunswick',NULL,NULL,NULL,NULL,'I',NULL,NULL,NULL,NULL,NULL,'2017-03-28 00:00:00'),(628,643,'New Brunswick',NULL,NULL,NULL,NULL,'I',NULL,NULL,NULL,NULL,NULL,'2017-04-11 00:00:00'),(629,644,'New Brunswick',NULL,NULL,NULL,NULL,'I',NULL,NULL,NULL,NULL,NULL,'2017-03-28 00:00:00'),(630,645,'New Brunswick',NULL,NULL,NULL,NULL,'I',NULL,NULL,NULL,NULL,NULL,'2017-03-28 00:00:00'),(631,646,'Nova Scotia',NULL,NULL,NULL,NULL,'I',NULL,NULL,NULL,NULL,NULL,'2016-11-23 00:00:00'),(632,647,'Nova Scotia',NULL,NULL,NULL,NULL,'I',NULL,NULL,NULL,NULL,NULL,'2016-11-23 00:00:00'),(633,648,'Nova Scotia',NULL,NULL,NULL,NULL,'I',NULL,NULL,NULL,NULL,NULL,'2017-01-05 00:00:00'),(634,649,'Nova Scotia',NULL,NULL,NULL,NULL,'I',NULL,NULL,NULL,NULL,NULL,'2017-11-09 00:00:00'),(635,650,'Nova Scotia',NULL,NULL,NULL,NULL,'I',NULL,NULL,NULL,NULL,NULL,'2016-11-03 00:00:00'),(636,651,'Nova Scotia',NULL,NULL,NULL,NULL,'I',NULL,NULL,NULL,NULL,NULL,'2016-11-15 00:00:00'),(637,652,'Nova Scotia',NULL,NULL,NULL,NULL,'I',NULL,NULL,NULL,NULL,NULL,'2017-08-09 00:00:00'),(638,653,'Nova Scotia',NULL,NULL,NULL,NULL,'I',NULL,NULL,NULL,NULL,NULL,'2017-01-26 00:00:00'),(639,654,'Nova Scotia',NULL,NULL,NULL,NULL,'I',NULL,NULL,NULL,NULL,NULL,'2017-02-03 00:00:00'),(640,655,'Nova Scotia',NULL,NULL,NULL,NULL,'I',NULL,NULL,NULL,NULL,NULL,'2017-06-09 00:00:00'),(641,656,'Nova Scotia',NULL,NULL,NULL,NULL,'I',NULL,NULL,NULL,NULL,NULL,'2016-11-03 00:00:00'),(642,657,'Nova Scotia',NULL,NULL,NULL,NULL,'I',NULL,NULL,NULL,NULL,NULL,'2017-03-13 00:00:00'),(643,658,'Nova Scotia',NULL,NULL,NULL,NULL,'I',NULL,NULL,NULL,NULL,NULL,'2017-01-03 00:00:00'),(644,659,'Nova Scotia',NULL,NULL,NULL,NULL,'I',NULL,NULL,NULL,NULL,NULL,'2017-01-26 00:00:00'),(645,660,'Nova Scotia',NULL,NULL,NULL,NULL,'I',NULL,NULL,NULL,NULL,NULL,'2017-02-21 00:00:00'),(646,661,'Nova Scotia',NULL,NULL,NULL,NULL,'I',NULL,NULL,NULL,NULL,NULL,'2016-11-15 00:00:00'),(647,662,'Nova Scotia',NULL,NULL,NULL,NULL,'I',NULL,NULL,NULL,NULL,NULL,'2017-03-27 00:00:00'),(648,663,'Nova Scotia',NULL,NULL,NULL,NULL,'I',NULL,NULL,NULL,NULL,NULL,'2017-02-03 00:00:00'),(649,664,'Nova Scotia',NULL,NULL,NULL,NULL,'I',NULL,NULL,NULL,NULL,NULL,'2017-01-03 00:00:00'),(650,665,'Nova Scotia',NULL,NULL,NULL,NULL,'I',NULL,NULL,NULL,NULL,NULL,'2017-01-26 00:00:00'),(651,666,'Nova Scotia',NULL,NULL,NULL,NULL,'I',NULL,NULL,NULL,NULL,NULL,'2016-11-03 00:00:00'),(652,667,'Nova Scotia',NULL,NULL,NULL,NULL,'I',NULL,NULL,NULL,NULL,NULL,'2017-09-13 00:00:00'),(653,668,'Nova Scotia',NULL,NULL,NULL,NULL,'I',NULL,NULL,NULL,NULL,NULL,'2016-11-15 00:00:00'),(654,669,'Nova Scotia',NULL,NULL,NULL,NULL,'I',NULL,NULL,NULL,NULL,NULL,'2017-03-06 00:00:00'),(655,670,'Nova Scotia',NULL,NULL,NULL,NULL,'I',NULL,NULL,NULL,NULL,NULL,'2017-02-03 00:00:00'),(656,671,'Nova Scotia',NULL,NULL,NULL,NULL,'I',NULL,NULL,NULL,NULL,NULL,'2017-02-03 00:00:00'),(657,672,'Nova Scotia',NULL,NULL,NULL,NULL,'I',NULL,NULL,NULL,NULL,NULL,'2017-01-05 00:00:00'),(658,673,'Nova Scotia',NULL,NULL,NULL,NULL,'I',NULL,NULL,NULL,NULL,NULL,'2017-06-09 00:00:00'),(659,674,'Nova Scotia',NULL,NULL,NULL,NULL,'I',NULL,NULL,NULL,NULL,NULL,'2017-03-06 00:00:00'),(660,675,'Nova Scotia',NULL,NULL,NULL,NULL,'I',NULL,NULL,NULL,NULL,NULL,'2017-02-21 00:00:00'),(661,676,'Nova Scotia',NULL,NULL,NULL,NULL,'I',NULL,NULL,NULL,NULL,NULL,'2017-02-03 00:00:00'),(662,677,'Nova Scotia',NULL,NULL,NULL,NULL,'I',NULL,NULL,NULL,NULL,NULL,'2017-07-25 00:00:00'),(663,678,'Nova Scotia',NULL,NULL,NULL,NULL,'I',NULL,NULL,NULL,NULL,NULL,'2017-03-20 00:00:00'),(664,679,'Nova Scotia',NULL,NULL,NULL,NULL,'I',NULL,NULL,NULL,NULL,NULL,'2017-01-26 00:00:00'),(665,680,'Nova Scotia',NULL,NULL,NULL,NULL,'I',NULL,NULL,NULL,NULL,NULL,'2017-03-13 00:00:00'),(666,681,'Nova Scotia',NULL,NULL,NULL,NULL,'I',NULL,NULL,NULL,NULL,NULL,'2017-01-03 00:00:00'),(667,682,'Saskatchewan',NULL,NULL,NULL,NULL,'I',NULL,NULL,NULL,NULL,NULL,'2017-01-10 00:00:00'),(668,683,'Saskatchewan',NULL,NULL,NULL,NULL,'I',NULL,NULL,NULL,NULL,NULL,'2017-01-10 00:00:00'),(669,684,'Saskatchewan',NULL,NULL,NULL,NULL,'I',NULL,NULL,NULL,NULL,NULL,'2017-01-10 00:00:00'),(670,685,'Saskatchewan',NULL,NULL,NULL,NULL,'I',NULL,NULL,NULL,NULL,NULL,'2017-01-10 00:00:00'),(671,686,'Saskatchewan',NULL,NULL,NULL,NULL,'I',NULL,NULL,NULL,NULL,NULL,'2017-01-10 00:00:00'),(672,687,'Saskatchewan',NULL,NULL,NULL,NULL,'I',NULL,NULL,NULL,NULL,NULL,'2017-01-10 00:00:00'),(673,688,'Saskatchewan',NULL,NULL,NULL,NULL,'I',NULL,NULL,NULL,NULL,NULL,'2017-01-10 00:00:00'),(674,689,'Saskatchewan',NULL,NULL,NULL,NULL,'I',NULL,NULL,NULL,NULL,NULL,'2017-01-10 00:00:00'),(675,690,'Saskatchewan',NULL,NULL,NULL,NULL,'I',NULL,NULL,NULL,NULL,NULL,'2017-01-10 00:00:00'),(676,691,'Saskatchewan',NULL,NULL,NULL,NULL,'I',NULL,NULL,NULL,NULL,NULL,'2017-01-10 00:00:00'),(677,692,'Saskatchewan',NULL,NULL,NULL,NULL,'I',NULL,NULL,NULL,NULL,NULL,'2017-01-10 00:00:00'),(678,693,'Saskatchewan',NULL,NULL,NULL,NULL,'I',NULL,NULL,NULL,NULL,NULL,'2017-01-10 00:00:00'),(679,694,'Saskatchewan',NULL,NULL,NULL,NULL,'I',NULL,NULL,NULL,NULL,NULL,'2017-01-10 00:00:00'),(680,695,'Saskatchewan',NULL,NULL,NULL,NULL,'I',NULL,NULL,NULL,NULL,NULL,'2017-01-10 00:00:00'),(681,696,'Saskatchewan',NULL,NULL,NULL,NULL,'I',NULL,NULL,NULL,NULL,NULL,'2017-01-10 00:00:00'),(682,697,'Saskatchewan',NULL,NULL,NULL,NULL,'I',NULL,NULL,NULL,NULL,NULL,'2017-01-10 00:00:00'),(683,698,'Saskatchewan',NULL,NULL,NULL,NULL,'I',NULL,NULL,NULL,NULL,NULL,'2017-01-10 00:00:00'),(684,699,'Saskatchewan',NULL,NULL,NULL,NULL,'I',NULL,NULL,NULL,NULL,NULL,'2017-01-10 00:00:00'),(685,700,'Saskatchewan',NULL,NULL,NULL,NULL,'I',NULL,NULL,NULL,NULL,NULL,'2017-01-10 00:00:00'),(686,701,'Saskatchewan',NULL,NULL,NULL,NULL,'I',NULL,NULL,NULL,NULL,NULL,'2017-04-11 00:00:00'),(687,702,'Saskatchewan',NULL,NULL,NULL,NULL,'I',NULL,NULL,NULL,NULL,NULL,'2017-04-11 00:00:00'),(688,703,'Saskatchewan',NULL,NULL,NULL,NULL,'I',NULL,NULL,NULL,NULL,NULL,'2017-01-10 00:00:00'),(689,704,'Saskatchewan',NULL,NULL,NULL,NULL,'I',NULL,NULL,NULL,NULL,NULL,'2017-01-10 00:00:00'),(690,705,'Saskatchewan',NULL,NULL,NULL,NULL,'I',NULL,NULL,NULL,NULL,NULL,'2017-04-25 00:00:00'),(691,706,'Saskatchewan',NULL,NULL,NULL,NULL,'I',NULL,NULL,NULL,NULL,NULL,'2017-01-10 00:00:00'),(692,707,'Saskatchewan',NULL,NULL,NULL,NULL,'I',NULL,NULL,NULL,NULL,NULL,'2017-01-10 00:00:00'),(693,708,'Saskatchewan',NULL,NULL,NULL,NULL,'I',NULL,NULL,NULL,NULL,NULL,'2017-01-10 00:00:00'),(694,709,'Saskatchewan',NULL,NULL,NULL,NULL,'I',NULL,NULL,NULL,NULL,NULL,'2017-01-10 00:00:00'),(695,710,'Sir Guy Carleton',NULL,NULL,NULL,NULL,'I',NULL,NULL,NULL,NULL,NULL,'2017-02-10 00:00:00'),(696,711,'Sir Guy Carleton',NULL,NULL,NULL,NULL,'I',NULL,NULL,NULL,NULL,NULL,'2017-08-29 00:00:00'),(697,712,'Sir Guy Carleton',NULL,NULL,NULL,NULL,'I',NULL,NULL,NULL,NULL,NULL,'2017-02-10 00:00:00'),(698,713,'Sir Guy Carleton',NULL,NULL,NULL,NULL,'I',NULL,NULL,NULL,NULL,NULL,'2017-02-10 00:00:00'),(699,714,'Sir Guy Carleton',NULL,NULL,NULL,NULL,'I',NULL,NULL,NULL,NULL,NULL,'2017-02-10 00:00:00'),(700,715,'Sir Guy Carleton',NULL,NULL,NULL,NULL,'I',NULL,NULL,NULL,NULL,NULL,'2017-05-12 00:00:00'),(701,716,'Sir Guy Carleton',NULL,NULL,NULL,NULL,'I',NULL,NULL,NULL,NULL,NULL,'2017-05-12 00:00:00'),(702,717,'Sir Guy Carleton',NULL,NULL,NULL,NULL,'I',NULL,NULL,NULL,NULL,NULL,'2017-08-29 00:00:00'),(703,718,'Sir Guy Carleton',NULL,NULL,NULL,NULL,'I',NULL,NULL,NULL,NULL,NULL,'2017-02-10 00:00:00'),(704,719,'Sir Guy Carleton',NULL,NULL,NULL,NULL,'I',NULL,NULL,NULL,NULL,NULL,'2017-06-06 00:00:00'),(705,720,'Sir Guy Carleton',NULL,NULL,NULL,NULL,'I',NULL,NULL,NULL,NULL,NULL,'2017-11-14 00:00:00'),(706,721,'Sir Guy Carleton',NULL,NULL,NULL,NULL,'I',NULL,NULL,NULL,NULL,NULL,'2017-02-10 00:00:00'),(707,722,'Sir Guy Carleton',NULL,NULL,NULL,NULL,'I',NULL,NULL,NULL,NULL,NULL,'2017-02-10 00:00:00'),(708,723,'Sir Guy Carleton',NULL,NULL,NULL,NULL,'I',NULL,NULL,NULL,NULL,NULL,'2017-02-10 00:00:00'),(709,724,'Sir Guy Carleton',NULL,NULL,NULL,NULL,'I',NULL,NULL,NULL,NULL,NULL,'2017-02-10 00:00:00'),(710,725,'Sir Guy Carleton',NULL,NULL,NULL,NULL,'I',NULL,NULL,NULL,NULL,NULL,'2017-05-12 00:00:00'),(711,726,'Sir Guy Carleton',NULL,NULL,NULL,NULL,'I',NULL,NULL,NULL,NULL,NULL,'2017-02-10 00:00:00'),(712,727,'Sir Guy Carleton',NULL,NULL,NULL,NULL,'I',NULL,NULL,NULL,NULL,NULL,'2017-02-10 00:00:00'),(713,728,'Sir Guy Carleton',NULL,NULL,NULL,NULL,'I',NULL,NULL,NULL,NULL,NULL,'2017-02-10 00:00:00'),(714,729,'Sir Guy Carleton',NULL,NULL,NULL,NULL,'I',NULL,NULL,NULL,NULL,NULL,'2017-05-12 00:00:00'),(715,730,'Sir Guy Carleton',NULL,NULL,NULL,NULL,'I',NULL,NULL,NULL,NULL,NULL,'2017-02-10 00:00:00'),(716,731,'Sir Guy Carleton',NULL,NULL,NULL,NULL,'I',NULL,NULL,NULL,NULL,NULL,'2017-02-10 00:00:00'),(717,732,'Sir Guy Carleton',NULL,NULL,NULL,NULL,'I',NULL,NULL,NULL,NULL,NULL,'2017-02-10 00:00:00'),(718,733,'Sir Guy Carleton',NULL,NULL,NULL,NULL,'I',NULL,NULL,NULL,NULL,NULL,'2017-05-12 00:00:00'),(719,734,'Sir Guy Carleton',NULL,NULL,NULL,NULL,'I',NULL,NULL,NULL,NULL,NULL,'2017-02-10 00:00:00'),(720,735,'Sir Guy Carleton',NULL,NULL,NULL,NULL,'I',NULL,NULL,NULL,NULL,NULL,'2017-02-10 00:00:00'),(721,736,'Sir Guy Carleton',NULL,NULL,NULL,NULL,'I',NULL,NULL,NULL,NULL,NULL,'2017-02-10 00:00:00'),(722,737,'Sir John Johnson',NULL,NULL,NULL,NULL,'I',NULL,NULL,NULL,NULL,NULL,'2017-04-08 00:00:00'),(723,738,'Sir John Johnson',NULL,NULL,NULL,NULL,'I',NULL,NULL,NULL,NULL,NULL,'2017-01-03 00:00:00'),(724,739,'Sir John Johnson',NULL,NULL,NULL,NULL,'I',NULL,NULL,NULL,NULL,NULL,'2017-06-22 00:00:00'),(725,740,'Sir John Johnson',NULL,NULL,NULL,NULL,'I',NULL,NULL,NULL,NULL,NULL,'2017-02-06 00:00:00'),(726,741,'Sir John Johnson',NULL,NULL,NULL,NULL,'I',NULL,NULL,NULL,NULL,NULL,'2016-11-22 00:00:00'),(727,742,'Sir John Johnson',NULL,NULL,NULL,NULL,'I',NULL,NULL,NULL,NULL,NULL,'2016-11-22 00:00:00'),(728,743,'Sir John Johnson',NULL,NULL,NULL,NULL,'I',NULL,NULL,NULL,NULL,NULL,'2016-11-22 00:00:00'),(729,744,'Sir John Johnson',NULL,NULL,NULL,NULL,'I',NULL,NULL,NULL,NULL,NULL,'2017-01-03 00:00:00'),(730,745,'Sir John Johnson',NULL,NULL,NULL,NULL,'I',NULL,NULL,NULL,NULL,NULL,'2017-02-06 00:00:00'),(731,746,'Sir John Johnson',NULL,NULL,NULL,NULL,'I',NULL,NULL,NULL,NULL,NULL,'2016-11-22 00:00:00'),(732,747,'Sir John Johnson',NULL,NULL,NULL,NULL,'I',NULL,NULL,NULL,NULL,NULL,'2017-01-03 00:00:00'),(733,748,'Sir John Johnson',NULL,NULL,NULL,NULL,'I',NULL,NULL,NULL,NULL,NULL,'2017-02-06 00:00:00'),(734,749,'Sir John Johnson',NULL,NULL,NULL,NULL,'I',NULL,NULL,NULL,NULL,NULL,'2017-02-06 00:00:00'),(735,750,'Sir John Johnson',NULL,NULL,NULL,NULL,'I',NULL,NULL,NULL,NULL,NULL,'2017-04-08 00:00:00'),(736,751,'Sir John Johnson',NULL,NULL,NULL,NULL,'I',NULL,NULL,NULL,NULL,NULL,'2016-11-22 00:00:00'),(737,752,'Sir John Johnson',NULL,NULL,NULL,NULL,'I',NULL,NULL,NULL,NULL,NULL,'2017-02-06 00:00:00'),(738,753,'Sir John Johnson',NULL,NULL,NULL,NULL,'I',NULL,NULL,NULL,NULL,NULL,'2017-01-03 00:00:00'),(739,754,'Sir John Johnson',NULL,NULL,NULL,NULL,'I',NULL,NULL,NULL,NULL,NULL,'2017-01-03 00:00:00'),(740,755,'Sir John Johnson',NULL,NULL,NULL,NULL,'I',NULL,NULL,NULL,NULL,NULL,'2017-02-06 00:00:00'),(741,756,'Sir John Johnson',NULL,NULL,NULL,NULL,'I',NULL,NULL,NULL,NULL,NULL,'2017-01-03 00:00:00'),(742,757,'Sir John Johnson',NULL,NULL,NULL,NULL,'I',NULL,NULL,NULL,NULL,NULL,'2017-02-06 00:00:00'),(743,758,'Sir John Johnson',NULL,NULL,NULL,NULL,'I',NULL,NULL,NULL,NULL,NULL,'2017-04-08 00:00:00'),(744,759,'Sir John Johnson',NULL,NULL,NULL,NULL,'I',NULL,NULL,NULL,NULL,NULL,'2017-02-06 00:00:00'),(745,760,'Sir John Johnson',NULL,NULL,NULL,NULL,'I',NULL,NULL,NULL,NULL,NULL,'2017-04-08 00:00:00'),(746,761,'Sir John Johnson',NULL,NULL,NULL,NULL,'I',NULL,NULL,NULL,NULL,NULL,'2017-01-03 00:00:00'),(747,762,'Sir John Johnson',NULL,NULL,NULL,NULL,'I',NULL,NULL,NULL,NULL,NULL,'2017-06-22 00:00:00'),(748,763,'Sir John Johnson',NULL,NULL,NULL,NULL,'I',NULL,NULL,NULL,NULL,NULL,'2017-01-03 00:00:00'),(749,764,'Sir John Johnson',NULL,NULL,NULL,NULL,'I',NULL,NULL,NULL,NULL,NULL,'2016-11-22 00:00:00'),(750,765,'Sir John Johnson',NULL,NULL,NULL,NULL,'I',NULL,NULL,NULL,NULL,NULL,'2017-09-11 00:00:00'),(751,766,'St. Lawrence',NULL,NULL,NULL,NULL,'I',NULL,NULL,NULL,NULL,NULL,'2017-03-15 00:00:00'),(752,767,'St. Lawrence',NULL,NULL,NULL,NULL,'I',NULL,NULL,NULL,NULL,NULL,'2017-06-15 00:00:00'),(753,768,'St. Lawrence',NULL,NULL,NULL,NULL,'I',NULL,NULL,NULL,NULL,NULL,'2017-03-15 00:00:00'),(754,769,'St. Lawrence',NULL,NULL,NULL,NULL,'I',NULL,NULL,NULL,NULL,NULL,'2017-03-15 00:00:00'),(755,770,'St. Lawrence',NULL,NULL,NULL,NULL,'I',NULL,NULL,NULL,NULL,NULL,'2017-09-14 00:00:00'),(756,771,'St. Lawrence',NULL,NULL,NULL,NULL,'I',NULL,NULL,NULL,NULL,NULL,'2017-03-15 00:00:00'),(757,772,'St. Lawrence',NULL,NULL,NULL,NULL,'I',NULL,NULL,NULL,NULL,NULL,'2017-08-15 00:00:00'),(758,773,'St. Lawrence',NULL,NULL,NULL,NULL,'I',NULL,NULL,NULL,NULL,NULL,'2017-03-15 00:00:00'),(759,774,'St. Lawrence',NULL,NULL,NULL,NULL,'I',NULL,NULL,NULL,NULL,NULL,'2017-03-15 00:00:00'),(760,775,'St. Lawrence',NULL,NULL,NULL,NULL,'I',NULL,NULL,NULL,NULL,NULL,'2017-03-15 00:00:00'),(761,776,'St. Lawrence',NULL,NULL,NULL,NULL,'I',NULL,NULL,NULL,NULL,NULL,'2017-09-14 00:00:00'),(762,777,'St. Lawrence',NULL,NULL,NULL,NULL,'I',NULL,NULL,NULL,NULL,NULL,'2017-03-15 00:00:00'),(763,778,'St. Lawrence',NULL,NULL,NULL,NULL,'I',NULL,NULL,NULL,NULL,NULL,'2017-05-04 00:00:00'),(764,779,'St. Lawrence',NULL,NULL,NULL,NULL,'I',NULL,NULL,NULL,NULL,NULL,'2017-03-15 00:00:00'),(765,780,'St. Lawrence',NULL,NULL,NULL,NULL,'I',NULL,NULL,NULL,NULL,NULL,'2017-09-14 00:00:00'),(766,781,'St. Lawrence',NULL,NULL,NULL,NULL,'I',NULL,NULL,NULL,NULL,NULL,'2017-03-15 00:00:00'),(767,782,'St. Lawrence',NULL,NULL,NULL,NULL,'I',NULL,NULL,NULL,NULL,NULL,'2017-03-15 00:00:00'),(768,783,'St. Lawrence',NULL,NULL,NULL,NULL,'I',NULL,NULL,NULL,NULL,NULL,'2017-09-14 00:00:00'),(769,784,'St. Lawrence',NULL,NULL,NULL,NULL,'I',NULL,NULL,NULL,NULL,NULL,'2017-03-15 00:00:00'),(770,785,'St. Lawrence',NULL,NULL,NULL,NULL,'I',NULL,NULL,NULL,NULL,NULL,'2017-03-15 00:00:00'),(771,786,'St. Lawrence',NULL,NULL,NULL,NULL,'I',NULL,NULL,NULL,NULL,NULL,'2017-03-15 00:00:00'),(772,787,'St. Lawrence',NULL,NULL,NULL,NULL,'I',NULL,NULL,NULL,NULL,NULL,'2017-09-14 00:00:00'),(773,788,'St. Lawrence',NULL,NULL,NULL,NULL,'I',NULL,NULL,NULL,NULL,NULL,'2017-07-11 00:00:00'),(774,789,'St. Lawrence',NULL,NULL,NULL,NULL,'I',NULL,NULL,NULL,NULL,NULL,'2017-03-15 00:00:00'),(775,790,'St. Lawrence',NULL,NULL,NULL,NULL,'I',NULL,NULL,NULL,NULL,NULL,'2017-04-11 00:00:00'),(776,791,'St. Lawrence',NULL,NULL,NULL,NULL,'I',NULL,NULL,NULL,NULL,NULL,'2017-03-15 00:00:00'),(777,792,'St. Lawrence',NULL,NULL,NULL,NULL,'I',NULL,NULL,NULL,NULL,NULL,'2017-03-15 00:00:00'),(778,793,'Thompson-Okanagan',NULL,NULL,NULL,NULL,'I',NULL,NULL,NULL,NULL,NULL,'2017-03-09 00:00:00'),(779,794,'Thompson-Okanagan',NULL,NULL,NULL,NULL,'I',NULL,NULL,NULL,NULL,NULL,'2017-03-09 00:00:00'),(780,795,'Thompson-Okanagan',NULL,NULL,NULL,NULL,'I',NULL,NULL,NULL,NULL,NULL,'2017-04-10 00:00:00'),(781,796,'Thompson-Okanagan',NULL,NULL,NULL,NULL,'I',NULL,NULL,NULL,NULL,NULL,'2017-03-09 00:00:00'),(782,797,'Thompson-Okanagan',NULL,NULL,NULL,NULL,'I',NULL,NULL,NULL,NULL,NULL,'2017-03-09 00:00:00'),(783,798,'Thompson-Okanagan',NULL,NULL,NULL,NULL,'I',NULL,NULL,NULL,NULL,NULL,'2017-03-09 00:00:00'),(784,799,'Thompson-Okanagan',NULL,NULL,NULL,NULL,'I',NULL,NULL,NULL,NULL,NULL,'2017-03-09 00:00:00'),(785,800,'Thompson-Okanagan',NULL,NULL,NULL,NULL,'I',NULL,NULL,NULL,NULL,NULL,'2017-03-09 00:00:00'),(786,801,'Thompson-Okanagan',NULL,NULL,NULL,NULL,'I',NULL,NULL,NULL,NULL,NULL,'2017-03-09 00:00:00'),(787,802,'Thompson-Okanagan',NULL,NULL,NULL,NULL,'I',NULL,NULL,NULL,NULL,NULL,'2017-03-09 00:00:00'),(788,803,'Thompson-Okanagan',NULL,NULL,NULL,NULL,'I',NULL,NULL,NULL,NULL,NULL,'2017-03-09 00:00:00'),(789,804,'Thompson-Okanagan',NULL,NULL,NULL,NULL,'I',NULL,NULL,NULL,NULL,NULL,'2017-03-09 00:00:00'),(790,805,'Thompson-Okanagan',NULL,NULL,NULL,NULL,'I',NULL,NULL,NULL,NULL,NULL,'2017-03-09 00:00:00'),(791,806,'Thompson-Okanagan',NULL,NULL,NULL,NULL,'I',NULL,NULL,NULL,NULL,NULL,'2017-03-09 00:00:00'),(792,807,'Thompson-Okanagan',NULL,NULL,NULL,NULL,'I',NULL,NULL,NULL,NULL,NULL,'2017-03-09 00:00:00'),(793,808,'Thompson-Okanagan',NULL,NULL,NULL,NULL,'I',NULL,NULL,NULL,NULL,NULL,'2017-03-09 00:00:00'),(794,809,'Thompson-Okanagan',NULL,NULL,NULL,NULL,'I',NULL,NULL,NULL,NULL,NULL,'2017-03-09 00:00:00'),(795,810,'Thompson-Okanagan',NULL,NULL,NULL,NULL,'I',NULL,NULL,NULL,NULL,NULL,'2017-03-09 00:00:00'),(796,811,'Thompson-Okanagan',NULL,NULL,NULL,NULL,'I',NULL,NULL,NULL,NULL,NULL,'2017-03-09 00:00:00'),(797,812,'Thompson-Okanagan',NULL,NULL,NULL,NULL,'I',NULL,NULL,NULL,NULL,NULL,'2017-03-09 00:00:00'),(798,813,'Thompson-Okanagan',NULL,NULL,NULL,NULL,'I',NULL,NULL,NULL,NULL,NULL,'2017-03-09 00:00:00'),(799,814,'Thompson-Okanagan',NULL,NULL,NULL,NULL,'I',NULL,NULL,NULL,NULL,NULL,'2017-03-09 00:00:00'),(800,815,'Thompson-Okanagan',NULL,NULL,NULL,NULL,'I',NULL,NULL,NULL,NULL,NULL,'2017-03-09 00:00:00'),(801,816,'Toronto',NULL,NULL,NULL,NULL,'I',NULL,NULL,NULL,NULL,NULL,'2017-03-03 00:00:00'),(802,817,'Toronto',NULL,NULL,NULL,NULL,'I',NULL,NULL,NULL,NULL,NULL,'2017-01-03 00:00:00'),(803,818,'Toronto',NULL,NULL,NULL,NULL,'I',NULL,NULL,NULL,NULL,NULL,'2017-03-03 00:00:00'),(804,819,'Toronto',NULL,NULL,NULL,NULL,'I',NULL,NULL,NULL,NULL,NULL,'2017-01-03 00:00:00'),(805,820,'Toronto',NULL,NULL,NULL,NULL,'I',NULL,NULL,NULL,NULL,NULL,'2017-01-03 00:00:00'),(806,821,'Toronto',NULL,NULL,NULL,NULL,'I',NULL,NULL,NULL,NULL,NULL,'2017-01-18 00:00:00'),(807,822,'Toronto',NULL,NULL,NULL,NULL,'I',NULL,NULL,NULL,NULL,NULL,'2017-01-18 00:00:00'),(808,823,'Toronto',NULL,NULL,NULL,NULL,'I',NULL,NULL,NULL,NULL,NULL,'2017-01-03 00:00:00'),(809,824,'Toronto',NULL,NULL,NULL,NULL,'I',NULL,NULL,NULL,NULL,NULL,'2017-04-25 00:00:00'),(810,825,'Toronto',NULL,NULL,NULL,NULL,'I',NULL,NULL,NULL,NULL,NULL,'2017-03-03 00:00:00'),(811,826,'Toronto',NULL,NULL,NULL,NULL,'I',NULL,NULL,NULL,NULL,NULL,'2017-01-18 00:00:00'),(812,827,'Toronto',NULL,NULL,NULL,NULL,'I',NULL,NULL,NULL,NULL,NULL,'2017-01-03 00:00:00'),(813,828,'Toronto',NULL,NULL,NULL,NULL,'I',NULL,NULL,NULL,NULL,NULL,'2017-01-03 00:00:00'),(814,829,'Toronto',NULL,NULL,NULL,NULL,'I',NULL,NULL,NULL,NULL,NULL,'2017-01-03 00:00:00'),(815,830,'Toronto',NULL,NULL,NULL,NULL,'I',NULL,NULL,NULL,NULL,NULL,'2017-09-12 00:00:00'),(816,831,'Toronto',NULL,NULL,NULL,NULL,'I',NULL,NULL,NULL,NULL,NULL,'2017-01-18 00:00:00'),(817,832,'Toronto',NULL,NULL,NULL,NULL,'I',NULL,NULL,NULL,NULL,NULL,'2017-01-03 00:00:00'),(818,833,'Toronto',NULL,NULL,NULL,NULL,'I',NULL,NULL,NULL,NULL,NULL,'2017-01-03 00:00:00'),(819,834,'Toronto',NULL,NULL,NULL,NULL,'I',NULL,NULL,NULL,NULL,NULL,'2017-01-18 00:00:00'),(820,835,'Toronto',NULL,NULL,NULL,NULL,'I',NULL,NULL,NULL,NULL,NULL,'2017-01-18 00:00:00'),(821,836,'Toronto',NULL,NULL,NULL,NULL,'I',NULL,NULL,NULL,NULL,NULL,'2017-01-03 00:00:00'),(822,837,'Toronto',NULL,NULL,NULL,NULL,'I',NULL,NULL,NULL,NULL,NULL,'2017-01-18 00:00:00'),(823,838,'Toronto',NULL,NULL,NULL,NULL,'I',NULL,NULL,NULL,NULL,NULL,'2017-01-03 00:00:00'),(824,839,'Toronto',NULL,NULL,NULL,NULL,'I',NULL,NULL,NULL,NULL,NULL,'2017-01-18 00:00:00'),(825,840,'Toronto',NULL,NULL,NULL,NULL,'I',NULL,NULL,NULL,NULL,NULL,'2017-03-03 00:00:00'),(826,841,'Toronto',NULL,NULL,NULL,NULL,'I',NULL,NULL,NULL,NULL,NULL,'2017-01-03 00:00:00'),(827,842,'Toronto',NULL,NULL,NULL,NULL,'I',NULL,NULL,NULL,NULL,NULL,'2017-09-01 00:00:00'),(828,843,'Toronto',NULL,NULL,NULL,NULL,'I',NULL,NULL,NULL,NULL,NULL,'2017-01-18 00:00:00'),(829,844,'Toronto',NULL,NULL,NULL,NULL,'I',NULL,NULL,NULL,NULL,NULL,'2017-01-03 00:00:00'),(830,845,'Toronto',NULL,NULL,NULL,NULL,'I',NULL,NULL,NULL,NULL,NULL,'2017-03-03 00:00:00'),(831,846,'Toronto',NULL,NULL,NULL,NULL,'I',NULL,NULL,NULL,NULL,NULL,'2017-04-19 00:00:00'),(832,847,'Toronto',NULL,NULL,NULL,NULL,'I',NULL,NULL,NULL,NULL,NULL,'2017-03-03 00:00:00'),(833,848,'Toronto',NULL,NULL,NULL,NULL,'I',NULL,NULL,NULL,NULL,NULL,'2017-01-03 00:00:00'),(834,849,'Toronto',NULL,NULL,NULL,NULL,'I',NULL,NULL,NULL,NULL,NULL,'2017-03-03 00:00:00'),(835,850,'Toronto',NULL,NULL,NULL,NULL,'I',NULL,NULL,NULL,NULL,NULL,'2017-04-19 00:00:00'),(836,851,'Toronto',NULL,NULL,NULL,NULL,'I',NULL,NULL,NULL,NULL,NULL,'2017-01-03 00:00:00'),(837,852,'Toronto',NULL,NULL,NULL,NULL,'I',NULL,NULL,NULL,NULL,NULL,'2017-01-18 00:00:00'),(838,853,'Toronto',NULL,NULL,NULL,NULL,'I',NULL,NULL,NULL,NULL,NULL,'2017-01-18 00:00:00'),(839,854,'Toronto',NULL,NULL,NULL,NULL,'I',NULL,NULL,NULL,NULL,NULL,'2017-04-19 00:00:00'),(840,855,'Toronto',NULL,NULL,NULL,NULL,'I',NULL,NULL,NULL,NULL,NULL,'2017-01-03 00:00:00'),(841,856,'Toronto',NULL,NULL,NULL,NULL,'I',NULL,NULL,NULL,NULL,NULL,'2017-01-18 00:00:00'),(842,857,'Toronto',NULL,NULL,NULL,NULL,'I',NULL,NULL,NULL,NULL,NULL,'2017-01-03 00:00:00'),(843,858,'Toronto',NULL,NULL,NULL,NULL,'I',NULL,NULL,NULL,NULL,NULL,'2017-01-03 00:00:00'),(844,859,'Toronto',NULL,NULL,NULL,NULL,'I',NULL,NULL,NULL,NULL,NULL,'2017-01-18 00:00:00'),(845,860,'Toronto',NULL,NULL,NULL,NULL,'I',NULL,NULL,NULL,NULL,NULL,'2017-01-18 00:00:00'),(846,861,'Toronto',NULL,NULL,NULL,NULL,'I',NULL,NULL,NULL,NULL,NULL,'2017-01-18 00:00:00'),(847,862,'Toronto',NULL,NULL,NULL,NULL,'I',NULL,NULL,NULL,NULL,NULL,'2017-01-18 00:00:00'),(848,863,'Toronto',NULL,NULL,NULL,NULL,'I',NULL,NULL,NULL,NULL,NULL,'2017-01-18 00:00:00'),(849,864,'Toronto',NULL,NULL,NULL,NULL,'I',NULL,NULL,NULL,NULL,NULL,'2017-01-18 00:00:00'),(850,865,'Toronto',NULL,NULL,NULL,NULL,'I',NULL,NULL,NULL,NULL,NULL,'2017-01-18 00:00:00'),(851,866,'Toronto',NULL,NULL,NULL,NULL,'I',NULL,NULL,NULL,NULL,NULL,'2017-01-03 00:00:00'),(852,867,'Toronto',NULL,NULL,NULL,NULL,'I',NULL,NULL,NULL,NULL,NULL,'2017-02-22 00:00:00'),(853,868,'Toronto',NULL,NULL,NULL,NULL,'I',NULL,NULL,NULL,NULL,NULL,'2017-06-12 00:00:00'),(854,869,'Toronto',NULL,NULL,NULL,NULL,'I',NULL,NULL,NULL,NULL,NULL,'2017-01-18 00:00:00'),(855,870,'Toronto',NULL,NULL,NULL,NULL,'I',NULL,NULL,NULL,NULL,NULL,'2017-01-18 00:00:00'),(856,871,'Toronto',NULL,NULL,NULL,NULL,'I',NULL,NULL,NULL,NULL,NULL,'2017-01-03 00:00:00'),(857,872,'Toronto',NULL,NULL,NULL,NULL,'I',NULL,NULL,NULL,NULL,NULL,'2017-01-03 00:00:00'),(858,873,'Toronto',NULL,NULL,NULL,NULL,'I',NULL,NULL,NULL,NULL,NULL,'2017-01-03 00:00:00'),(859,874,'Toronto',NULL,NULL,NULL,NULL,'I',NULL,NULL,NULL,NULL,NULL,'2017-01-03 00:00:00'),(860,875,'Toronto',NULL,NULL,NULL,NULL,'I',NULL,NULL,NULL,NULL,NULL,'2017-04-19 00:00:00'),(861,876,'Toronto',NULL,NULL,NULL,NULL,'I',NULL,NULL,NULL,NULL,NULL,'2017-01-03 00:00:00'),(862,877,'Toronto',NULL,NULL,NULL,NULL,'I',NULL,NULL,NULL,NULL,NULL,'2017-01-03 00:00:00'),(863,878,'Toronto',NULL,NULL,NULL,NULL,'I',NULL,NULL,NULL,NULL,NULL,'2017-01-03 00:00:00'),(864,879,'Toronto',NULL,NULL,NULL,NULL,'I',NULL,NULL,NULL,NULL,NULL,'2017-01-18 00:00:00'),(865,880,'Toronto',NULL,NULL,NULL,NULL,'I',NULL,NULL,NULL,NULL,NULL,'2017-01-03 00:00:00'),(866,881,'Toronto',NULL,NULL,NULL,NULL,'I',NULL,NULL,NULL,NULL,NULL,'2017-04-19 00:00:00'),(867,882,'Toronto',NULL,NULL,NULL,NULL,'I',NULL,NULL,NULL,NULL,NULL,'2017-01-03 00:00:00'),(868,883,'Toronto',NULL,NULL,NULL,NULL,'I',NULL,NULL,NULL,NULL,NULL,'2017-01-03 00:00:00'),(869,884,'Toronto',NULL,NULL,NULL,NULL,'I',NULL,NULL,NULL,NULL,NULL,'2017-01-18 00:00:00'),(870,885,'Toronto',NULL,NULL,NULL,NULL,'I',NULL,NULL,NULL,NULL,NULL,'2017-04-19 00:00:00'),(871,886,'Toronto',NULL,NULL,NULL,NULL,'I',NULL,NULL,NULL,NULL,NULL,'2017-01-03 00:00:00'),(872,887,'Toronto',NULL,NULL,NULL,NULL,'I',NULL,NULL,NULL,NULL,NULL,'2017-01-18 00:00:00'),(873,888,'Toronto',NULL,NULL,NULL,NULL,'I',NULL,NULL,NULL,NULL,NULL,'2017-03-03 00:00:00'),(874,889,'Toronto',NULL,NULL,NULL,NULL,'I',NULL,NULL,NULL,NULL,NULL,'2017-06-12 00:00:00'),(875,890,'Toronto',NULL,NULL,NULL,NULL,'I',NULL,NULL,NULL,NULL,NULL,'2017-01-03 00:00:00'),(876,891,'Toronto',NULL,NULL,NULL,NULL,'I',NULL,NULL,NULL,NULL,NULL,'2017-01-03 00:00:00'),(877,892,'Toronto',NULL,NULL,NULL,NULL,'I',NULL,NULL,NULL,NULL,NULL,'2017-06-12 00:00:00'),(878,893,'Toronto',NULL,NULL,NULL,NULL,'I',NULL,NULL,NULL,NULL,NULL,'2017-04-19 00:00:00'),(879,894,'Toronto',NULL,NULL,NULL,NULL,'I',NULL,NULL,NULL,NULL,NULL,'2017-01-03 00:00:00'),(880,895,'Toronto',NULL,NULL,NULL,NULL,'I',NULL,NULL,NULL,NULL,NULL,'2017-03-03 00:00:00'),(881,896,'Toronto',NULL,NULL,NULL,NULL,'I',NULL,NULL,NULL,NULL,NULL,'2017-01-18 00:00:00'),(882,897,'Toronto',NULL,NULL,NULL,NULL,'I',NULL,NULL,NULL,NULL,NULL,'2017-01-03 00:00:00'),(883,898,'Toronto',NULL,NULL,NULL,NULL,'I',NULL,NULL,NULL,NULL,NULL,'2017-01-18 00:00:00'),(884,899,'Toronto',NULL,NULL,NULL,NULL,'I',NULL,NULL,NULL,NULL,NULL,'2017-01-18 00:00:00'),(885,900,'Vancouver',NULL,NULL,NULL,NULL,'I',NULL,NULL,NULL,NULL,NULL,'2016-11-23 00:00:00'),(886,901,'Vancouver',NULL,NULL,NULL,NULL,'I',NULL,NULL,NULL,NULL,NULL,'2016-11-23 00:00:00'),(887,902,'Vancouver',NULL,NULL,NULL,NULL,'I',NULL,NULL,NULL,NULL,NULL,'2017-01-12 00:00:00'),(888,903,'Vancouver',NULL,NULL,NULL,NULL,'I',NULL,NULL,NULL,NULL,NULL,'2016-11-23 00:00:00'),(889,904,'Vancouver',NULL,NULL,NULL,NULL,'I',NULL,NULL,NULL,NULL,NULL,'2016-11-23 00:00:00'),(890,905,'Vancouver',NULL,NULL,NULL,NULL,'I',NULL,NULL,NULL,NULL,NULL,'2016-11-23 00:00:00'),(891,906,'Vancouver',NULL,NULL,NULL,NULL,'I',NULL,NULL,NULL,NULL,NULL,'2017-01-12 00:00:00'),(892,907,'Vancouver',NULL,NULL,NULL,NULL,'I',NULL,NULL,NULL,NULL,NULL,'2017-03-30 00:00:00'),(893,908,'Vancouver',NULL,NULL,NULL,NULL,'I',NULL,NULL,NULL,NULL,NULL,'2017-01-12 00:00:00'),(894,909,'Vancouver',NULL,NULL,NULL,NULL,'I',NULL,NULL,NULL,NULL,NULL,'2017-03-13 00:00:00'),(895,910,'Vancouver',NULL,NULL,NULL,NULL,'I',NULL,NULL,NULL,NULL,NULL,'2016-11-23 00:00:00'),(896,911,'Vancouver',NULL,NULL,NULL,NULL,'I',NULL,NULL,NULL,NULL,NULL,'2016-11-23 00:00:00'),(897,912,'Vancouver',NULL,NULL,NULL,NULL,'I',NULL,NULL,NULL,NULL,NULL,'2017-01-12 00:00:00'),(898,913,'Vancouver',NULL,NULL,NULL,NULL,'I',NULL,NULL,NULL,NULL,NULL,'2017-03-13 00:00:00'),(899,914,'Vancouver',NULL,NULL,NULL,NULL,'I',NULL,NULL,NULL,NULL,NULL,'2017-03-13 00:00:00'),(900,915,'Vancouver',NULL,NULL,NULL,NULL,'I',NULL,NULL,NULL,NULL,NULL,'2017-03-13 00:00:00'),(901,916,'Vancouver',NULL,NULL,NULL,NULL,'I',NULL,NULL,NULL,NULL,NULL,'2017-03-13 00:00:00'),(902,917,'Vancouver',NULL,NULL,NULL,NULL,'I',NULL,NULL,NULL,NULL,NULL,'2017-01-12 00:00:00'),(903,918,'Vancouver',NULL,NULL,NULL,NULL,'I',NULL,NULL,NULL,NULL,NULL,'2016-11-23 00:00:00'),(904,919,'Vancouver',NULL,NULL,NULL,NULL,'I',NULL,NULL,NULL,NULL,NULL,'2016-11-23 00:00:00'),(905,920,'Vancouver',NULL,NULL,NULL,NULL,'I',NULL,NULL,NULL,NULL,NULL,'2016-11-23 00:00:00'),(906,921,'Vancouver',NULL,NULL,NULL,NULL,'I',NULL,NULL,NULL,NULL,NULL,'2017-01-12 00:00:00'),(907,922,'Vancouver',NULL,NULL,NULL,NULL,'I',NULL,NULL,NULL,NULL,NULL,'2016-11-23 00:00:00'),(908,923,'Vancouver',NULL,NULL,NULL,NULL,'I',NULL,NULL,NULL,NULL,NULL,'2017-03-13 00:00:00'),(909,924,'Vancouver',NULL,NULL,NULL,NULL,'I',NULL,NULL,NULL,NULL,NULL,'2016-11-23 00:00:00'),(910,925,'Vancouver',NULL,NULL,NULL,NULL,'I',NULL,NULL,NULL,NULL,NULL,'2017-03-13 00:00:00'),(911,926,'Vancouver',NULL,NULL,NULL,NULL,'I',NULL,NULL,NULL,NULL,NULL,'2017-03-13 00:00:00'),(912,927,'Vancouver',NULL,NULL,NULL,NULL,'I',NULL,NULL,NULL,NULL,NULL,'2016-11-23 00:00:00'),(913,928,'Vancouver',NULL,NULL,NULL,NULL,'I',NULL,NULL,NULL,NULL,NULL,'2017-03-13 00:00:00'),(914,929,'Vancouver',NULL,NULL,NULL,NULL,'I',NULL,NULL,NULL,NULL,NULL,'2016-11-23 00:00:00'),(915,930,'Vancouver',NULL,NULL,NULL,NULL,'I',NULL,NULL,NULL,NULL,NULL,'2017-03-13 00:00:00'),(916,931,'Vancouver',NULL,NULL,NULL,NULL,'I',NULL,NULL,NULL,NULL,NULL,'2017-01-12 00:00:00'),(917,932,'Vancouver',NULL,NULL,NULL,NULL,'I',NULL,NULL,NULL,NULL,NULL,'2016-11-23 00:00:00'),(918,933,'Vancouver',NULL,NULL,NULL,NULL,'I',NULL,NULL,NULL,NULL,NULL,'2017-03-13 00:00:00'),(919,934,'Vancouver',NULL,NULL,NULL,NULL,'I',NULL,NULL,NULL,NULL,NULL,'2017-03-13 00:00:00'),(920,935,'Victoria',NULL,NULL,NULL,NULL,'I',NULL,NULL,NULL,NULL,NULL,'2017-03-20 00:00:00'),(921,936,'Victoria',NULL,NULL,NULL,NULL,'I',NULL,NULL,NULL,NULL,NULL,'2016-12-06 00:00:00'),(922,937,'Victoria',NULL,NULL,NULL,NULL,'I',NULL,NULL,NULL,NULL,NULL,'2016-12-06 00:00:00'),(923,938,'Victoria',NULL,NULL,NULL,NULL,'I',NULL,NULL,NULL,NULL,NULL,'2017-02-23 00:00:00'),(924,939,'Victoria',NULL,NULL,NULL,NULL,'I',NULL,NULL,NULL,NULL,NULL,'2017-02-23 00:00:00'),(925,940,'Victoria',NULL,NULL,NULL,NULL,'I',NULL,NULL,NULL,NULL,NULL,'2017-02-23 00:00:00'),(926,941,'Victoria',NULL,NULL,NULL,NULL,'I',NULL,NULL,NULL,NULL,NULL,'2016-12-06 00:00:00'),(927,942,'Victoria',NULL,NULL,NULL,NULL,'I',NULL,NULL,NULL,NULL,NULL,'2017-07-25 00:00:00'),(928,943,'Victoria',NULL,NULL,NULL,NULL,'I',NULL,NULL,NULL,NULL,NULL,'2017-02-23 00:00:00'),(929,944,'Victoria',NULL,NULL,NULL,NULL,'I',NULL,NULL,NULL,NULL,NULL,'2017-02-23 00:00:00'),(930,945,'Victoria',NULL,NULL,NULL,NULL,'I',NULL,NULL,NULL,NULL,NULL,'2016-12-06 00:00:00'),(931,946,'Victoria',NULL,NULL,NULL,NULL,'I',NULL,NULL,NULL,NULL,NULL,'2017-02-23 00:00:00'),(932,947,'Victoria',NULL,NULL,NULL,NULL,'I',NULL,NULL,NULL,NULL,NULL,'2017-02-23 00:00:00'),(933,948,'Victoria',NULL,NULL,NULL,NULL,'I',NULL,NULL,NULL,NULL,NULL,'2016-12-06 00:00:00'),(934,949,'Victoria',NULL,NULL,NULL,NULL,'I',NULL,NULL,NULL,NULL,NULL,'2016-12-06 00:00:00'),(935,950,'Victoria',NULL,NULL,NULL,NULL,'I',NULL,NULL,NULL,NULL,NULL,'2016-12-06 00:00:00'),(936,951,'Victoria',NULL,NULL,NULL,NULL,'I',NULL,NULL,NULL,NULL,NULL,'2016-12-06 00:00:00'),(937,952,'Victoria',NULL,NULL,NULL,NULL,'I',NULL,NULL,NULL,NULL,NULL,'2017-02-23 00:00:00'),(938,953,'Victoria',NULL,NULL,NULL,NULL,'I',NULL,NULL,NULL,NULL,NULL,'2016-12-06 00:00:00'),(939,954,'Victoria',NULL,NULL,NULL,NULL,'I',NULL,NULL,NULL,NULL,NULL,'2017-03-20 00:00:00'),(940,955,'Victoria',NULL,NULL,NULL,NULL,'I',NULL,NULL,NULL,NULL,NULL,'2017-02-23 00:00:00'),(941,956,'Victoria',NULL,NULL,NULL,NULL,'I',NULL,NULL,NULL,NULL,NULL,'2017-02-23 00:00:00'),(942,957,'Victoria',NULL,NULL,NULL,NULL,'I',NULL,NULL,NULL,NULL,NULL,'2017-02-23 00:00:00'),(943,958,'Victoria',NULL,NULL,NULL,NULL,'I',NULL,NULL,NULL,NULL,NULL,'2017-02-23 00:00:00'),(944,959,'Victoria',NULL,NULL,NULL,NULL,'I',NULL,NULL,NULL,NULL,NULL,'2017-02-23 00:00:00'),(945,960,'Victoria',NULL,NULL,NULL,NULL,'I',NULL,NULL,NULL,NULL,NULL,'2017-02-23 00:00:00'),(946,961,'Victoria',NULL,NULL,NULL,NULL,'I',NULL,NULL,NULL,NULL,NULL,'2016-12-06 00:00:00'),(947,962,'Victoria',NULL,NULL,NULL,NULL,'I',NULL,NULL,NULL,NULL,NULL,'2016-12-06 00:00:00'),(948,963,'Victoria',NULL,NULL,NULL,NULL,'I',NULL,NULL,NULL,NULL,NULL,'2017-07-25 00:00:00'),(949,964,'Victoria',NULL,NULL,NULL,NULL,'I',NULL,NULL,NULL,NULL,NULL,'2016-12-06 00:00:00'),(950,965,'Victoria',NULL,NULL,NULL,NULL,'I',NULL,NULL,NULL,NULL,NULL,'2017-04-18 00:00:00'),(951,966,'Victoria',NULL,NULL,NULL,NULL,'I',NULL,NULL,NULL,NULL,NULL,'2016-12-06 00:00:00'),(952,967,'Victoria',NULL,NULL,NULL,NULL,'I',NULL,NULL,NULL,NULL,NULL,'2016-12-06 00:00:00'),(953,968,'Victoria',NULL,NULL,NULL,NULL,'I',NULL,NULL,NULL,NULL,NULL,'2017-02-23 00:00:00'),(954,969,'Victoria',NULL,NULL,NULL,NULL,'I',NULL,NULL,NULL,NULL,NULL,'2016-12-06 00:00:00'),(955,970,'Vancouver',NULL,NULL,NULL,NULL,'I',NULL,NULL,NULL,NULL,NULL,'2017-03-30 00:00:00');

--
